216.73.216.217 - - [06/Apr/2026:08:59:53 -0400] "GET /special/2971945178.shtml HTTP/2.0" 404 71387 "-" "Mozilla/5.0 AppleWebKit/537.36 (KHTML, like Gecko; compatible; ClaudeBot/1.0; +claudebot@anthropic.com)"
216.73.216.217 - - [06/Apr/2026:08:59:55 -0400] "GET /special/2553957377.shtml HTTP/2.0" 404 71387 "-" "Mozilla/5.0 AppleWebKit/537.36 (KHTML, like Gecko; compatible; ClaudeBot/1.0; +claudebot@anthropic.com)"
216.73.216.217 - - [06/Apr/2026:08:59:58 -0400] "GET /special/1857300088.shtml HTTP/2.0" 404 71387 "-" "Mozilla/5.0 AppleWebKit/537.36 (KHTML, like Gecko; compatible; ClaudeBot/1.0; +claudebot@anthropic.com)"
154.22.0.130 - - [06/Apr/2026:08:59:58 -0400] "GET /2025/05/19/jocuri-pacanele-demo/ HTTP/1.1" 200 392806 "-" "Mozilla/5.0 (compatible; Googlebot/2.1; +http://www.google.com/bot.html)"
216.73.216.217 - - [06/Apr/2026:09:00:00 -0400] "GET /special/4017058665.shtml HTTP/2.0" 404 71387 "-" "Mozilla/5.0 AppleWebKit/537.36 (KHTML, like Gecko; compatible; ClaudeBot/1.0; +claudebot@anthropic.com)"
216.73.216.217 - - [06/Apr/2026:09:00:02 -0400] "GET /special/154080642.shtml HTTP/2.0" 404 71387 "-" "Mozilla/5.0 AppleWebKit/537.36 (KHTML, like Gecko; compatible; ClaudeBot/1.0; +claudebot@anthropic.com)"
216.73.216.217 - - [06/Apr/2026:09:00:04 -0400] "GET /special/3897935316.shtml HTTP/2.0" 404 71387 "-" "Mozilla/5.0 AppleWebKit/537.36 (KHTML, like Gecko; compatible; ClaudeBot/1.0; +claudebot@anthropic.com)"
74.91.222.204 - - [06/Apr/2026:09:00:05 -0400] "POST /wp-cron.php?doing_wp_cron=1775480405.4447660446166992187500 HTTP/1.1" 200 - "-" "WordPress/6.9.4; https://dartdocs.app"
98.98.33.7 - - [06/Apr/2026:09:00:05 -0400] "POST /xmlrpc.php HTTP/1.1" 200 180 "-" "Mozilla/5.0 (Windows NT 10.0; Win64; x64) AppleWebKit/537.36 (KHTML, like Gecko) Chrome/114.0.0.0 Safari/537.36"
74.91.222.204 - - [06/Apr/2026:09:00:07 -0400] "POST /wp-cron.php?doing_wp_cron=1775480407.5557279586791992187500 HTTP/1.1" 200 - "-" "WordPress/6.9.4; https://dartdocs.app"
216.73.216.217 - - [06/Apr/2026:09:00:06 -0400] "GET /special/2182554538.shtml HTTP/2.0" 404 71387 "-" "Mozilla/5.0 AppleWebKit/537.36 (KHTML, like Gecko; compatible; ClaudeBot/1.0; +claudebot@anthropic.com)"
216.73.216.217 - - [06/Apr/2026:09:00:09 -0400] "GET /special/3452873623.shtml HTTP/2.0" 404 71387 "-" "Mozilla/5.0 AppleWebKit/537.36 (KHTML, like Gecko; compatible; ClaudeBot/1.0; +claudebot@anthropic.com)"
216.73.216.217 - - [06/Apr/2026:09:00:11 -0400] "GET /special/3276423952.shtml HTTP/2.0" 404 71387 "-" "Mozilla/5.0 AppleWebKit/537.36 (KHTML, like Gecko; compatible; ClaudeBot/1.0; +claudebot@anthropic.com)"
98.98.33.7 - - [06/Apr/2026:09:00:11 -0400] "POST /xmlrpc.php HTTP/1.1" 200 12073 "-" "Mozilla/5.0 (Windows NT 10.0; Win64; x64) AppleWebKit/537.36 (KHTML, like Gecko) Chrome/114.0.0.0 Safari/537.36"
216.73.216.217 - - [06/Apr/2026:09:00:13 -0400] "GET /special/1734422327.shtml HTTP/2.0" 404 71387 "-" "Mozilla/5.0 AppleWebKit/537.36 (KHTML, like Gecko; compatible; ClaudeBot/1.0; +claudebot@anthropic.com)"
98.98.33.7 - - [06/Apr/2026:09:00:13 -0400] "GET /2026/04/06/migliori-casa-da-gioco-online-italiani-siti-adm-sicuri-gratowin-recensioni-negative-febbraio-2026/ HTTP/1.1" 200 82999 "-" "Mozilla/5.0 (Windows NT 10.0; Win64; x64) AppleWebKit/537.36 (KHTML, like Gecko) Chrome/123.0.0.0 Safari/537.36"
216.73.216.217 - - [06/Apr/2026:09:00:15 -0400] "GET /special/3814049513.shtml HTTP/2.0" 404 71387 "-" "Mozilla/5.0 AppleWebKit/537.36 (KHTML, like Gecko; compatible; ClaudeBot/1.0; +claudebot@anthropic.com)"
216.73.216.217 - - [06/Apr/2026:09:00:17 -0400] "GET /special/1264256502.shtml HTTP/2.0" 404 71387 "-" "Mozilla/5.0 AppleWebKit/537.36 (KHTML, like Gecko; compatible; ClaudeBot/1.0; +claudebot@anthropic.com)"
216.73.216.217 - - [06/Apr/2026:09:00:19 -0400] "GET /special/1923547757.shtml HTTP/2.0" 404 71387 "-" "Mozilla/5.0 AppleWebKit/537.36 (KHTML, like Gecko; compatible; ClaudeBot/1.0; +claudebot@anthropic.com)"
216.73.216.217 - - [06/Apr/2026:09:00:22 -0400] "GET /special/922921358.shtml HTTP/2.0" 404 71387 "-" "Mozilla/5.0 AppleWebKit/537.36 (KHTML, like Gecko; compatible; ClaudeBot/1.0; +claudebot@anthropic.com)"
23.94.17.215 - - [06/Apr/2026:09:00:21 -0400] "GET /2025/05/19/jocuri-pacanele-demo/ HTTP/1.1" 200 392806 "-" "Mozilla/5.0 (compatible; Googlebot/2.1; +http://www.google.com/bot.html)"
216.73.216.217 - - [06/Apr/2026:09:00:24 -0400] "GET /special/1883343684.shtml HTTP/2.0" 404 71387 "-" "Mozilla/5.0 AppleWebKit/537.36 (KHTML, like Gecko; compatible; ClaudeBot/1.0; +claudebot@anthropic.com)"
216.73.216.217 - - [06/Apr/2026:09:00:26 -0400] "GET /special/1649375118.shtml HTTP/2.0" 404 71387 "-" "Mozilla/5.0 AppleWebKit/537.36 (KHTML, like Gecko; compatible; ClaudeBot/1.0; +claudebot@anthropic.com)"
216.73.216.217 - - [06/Apr/2026:09:00:28 -0400] "GET /special/4210799702.shtml HTTP/2.0" 404 71387 "-" "Mozilla/5.0 AppleWebKit/537.36 (KHTML, like Gecko; compatible; ClaudeBot/1.0; +claudebot@anthropic.com)"
54.39.136.14 - - [06/Apr/2026:09:00:29 -0400] "GET /2026/03/26/die-entwicklung-des-casinospiels-von-traditionell-156/feed/ HTTP/2.0" 200 880 "-" "Mozilla/5.0 (compatible; AhrefsBot/7.0; +http://ahrefs.com/robot/)"
216.73.216.217 - - [06/Apr/2026:09:00:30 -0400] "GET /special/2161659272.shtml HTTP/2.0" 404 71387 "-" "Mozilla/5.0 AppleWebKit/537.36 (KHTML, like Gecko; compatible; ClaudeBot/1.0; +claudebot@anthropic.com)"
216.73.216.217 - - [06/Apr/2026:09:00:33 -0400] "GET /special/1922335642.shtml HTTP/2.0" 404 71387 "-" "Mozilla/5.0 AppleWebKit/537.36 (KHTML, like Gecko; compatible; ClaudeBot/1.0; +claudebot@anthropic.com)"
216.73.216.217 - - [06/Apr/2026:09:00:37 -0400] "GET /special/1376717753.shtml HTTP/2.0" 404 71387 "-" "Mozilla/5.0 AppleWebKit/537.36 (KHTML, like Gecko; compatible; ClaudeBot/1.0; +claudebot@anthropic.com)"
216.73.216.217 - - [06/Apr/2026:09:00:39 -0400] "GET /special/958402122.shtml HTTP/2.0" 404 71387 "-" "Mozilla/5.0 AppleWebKit/537.36 (KHTML, like Gecko; compatible; ClaudeBot/1.0; +claudebot@anthropic.com)"
216.73.216.217 - - [06/Apr/2026:09:00:41 -0400] "GET /special/2339513631.shtml HTTP/2.0" 404 71387 "-" "Mozilla/5.0 AppleWebKit/537.36 (KHTML, like Gecko; compatible; ClaudeBot/1.0; +claudebot@anthropic.com)"
216.73.216.217 - - [06/Apr/2026:09:00:44 -0400] "GET /special/3068921256.shtml HTTP/2.0" 404 71387 "-" "Mozilla/5.0 AppleWebKit/537.36 (KHTML, like Gecko; compatible; ClaudeBot/1.0; +claudebot@anthropic.com)"
216.73.216.217 - - [06/Apr/2026:09:00:46 -0400] "GET /special/1032222259.shtml HTTP/2.0" 404 71387 "-" "Mozilla/5.0 AppleWebKit/537.36 (KHTML, like Gecko; compatible; ClaudeBot/1.0; +claudebot@anthropic.com)"
216.73.216.217 - - [06/Apr/2026:09:00:48 -0400] "GET /special/2532807989.shtml HTTP/2.0" 404 71387 "-" "Mozilla/5.0 AppleWebKit/537.36 (KHTML, like Gecko; compatible; ClaudeBot/1.0; +claudebot@anthropic.com)"
216.73.216.217 - - [06/Apr/2026:09:00:50 -0400] "GET /special/3214762107.shtml HTTP/2.0" 404 71387 "-" "Mozilla/5.0 AppleWebKit/537.36 (KHTML, like Gecko; compatible; ClaudeBot/1.0; +claudebot@anthropic.com)"
216.73.216.217 - - [06/Apr/2026:09:00:52 -0400] "GET /special/2218219770.shtml HTTP/2.0" 404 71387 "-" "Mozilla/5.0 AppleWebKit/537.36 (KHTML, like Gecko; compatible; ClaudeBot/1.0; +claudebot@anthropic.com)"
116.204.44.230 - - [06/Apr/2026:09:00:54 -0400] "GET /2026/03/05/slot-kazanc-gecmisi-raporu-bahiscom-guncel/ HTTP/2.0" 200 99679 "-" "Mozilla/5.0 (Macintosh; Intel Mac OS X 10_15_7) AppleWebKit/537.36 (KHTML, like Gecko) Chrome/141.0.0.0 Safari/537.36"
116.204.44.230 - - [06/Apr/2026:09:00:55 -0400] "GET /wp-includes/css/dist/reusable-blocks/style.min.css?ver=6.9.4 HTTP/2.0" 200 579 "https://dartdocs.app/2026/03/05/slot-kazanc-gecmisi-raporu-bahiscom-guncel/" "Mozilla/5.0 (Macintosh; Intel Mac OS X 10_15_7) AppleWebKit/537.36 (KHTML, like Gecko) Chrome/141.0.0.0 Safari/537.36"
116.204.44.230 - - [06/Apr/2026:09:00:55 -0400] "GET /wp-content/plugins/ht-knowledge-base/formatting-blocks/dist/css/ht-formatting-blocks-modules-styles.css?ver=3.16.4 HTTP/2.0" 200 8026 "https://dartdocs.app/2026/03/05/slot-kazanc-gecmisi-raporu-bahiscom-guncel/" "Mozilla/5.0 (Macintosh; Intel Mac OS X 10_15_7) AppleWebKit/537.36 (KHTML, like Gecko) Chrome/141.0.0.0 Safari/537.36"
116.204.44.230 - - [06/Apr/2026:09:00:55 -0400] "GET /wp-includes/css/dist/patterns/style.min.css?ver=6.9.4 HTTP/2.0" 200 1810 "https://dartdocs.app/2026/03/05/slot-kazanc-gecmisi-raporu-bahiscom-guncel/" "Mozilla/5.0 (Macintosh; Intel Mac OS X 10_15_7) AppleWebKit/537.36 (KHTML, like Gecko) Chrome/141.0.0.0 Safari/537.36"
116.204.44.230 - - [06/Apr/2026:09:00:55 -0400] "GET /wp-includes/js/jquery/jquery.min.js?ver=3.7.1 HTTP/2.0" 200 87553 "https://dartdocs.app/2026/03/05/slot-kazanc-gecmisi-raporu-bahiscom-guncel/" "Mozilla/5.0 (Macintosh; Intel Mac OS X 10_15_7) AppleWebKit/537.36 (KHTML, like Gecko) Chrome/141.0.0.0 Safari/537.36"
116.204.44.230 - - [06/Apr/2026:09:00:55 -0400] "GET /wp-content/themes/knowall/css/style.css?ver=2.0.7 HTTP/2.0" 200 108941 "https://dartdocs.app/2026/03/05/slot-kazanc-gecmisi-raporu-bahiscom-guncel/" "Mozilla/5.0 (Macintosh; Intel Mac OS X 10_15_7) AppleWebKit/537.36 (KHTML, like Gecko) Chrome/141.0.0.0 Safari/537.36"
116.204.44.230 - - [06/Apr/2026:09:00:55 -0400] "GET /wp-includes/css/dist/editor/style.min.css?ver=6.9.4 HTTP/2.0" 200 59559 "https://dartdocs.app/2026/03/05/slot-kazanc-gecmisi-raporu-bahiscom-guncel/" "Mozilla/5.0 (Macintosh; Intel Mac OS X 10_15_7) AppleWebKit/537.36 (KHTML, like Gecko) Chrome/141.0.0.0 Safari/537.36"
116.204.44.230 - - [06/Apr/2026:09:00:55 -0400] "GET /wp-includes/css/dist/preferences/style.min.css?ver=6.9.4 HTTP/2.0" 200 1003 "https://dartdocs.app/2026/03/05/slot-kazanc-gecmisi-raporu-bahiscom-guncel/" "Mozilla/5.0 (Macintosh; Intel Mac OS X 10_15_7) AppleWebKit/537.36 (KHTML, like Gecko) Chrome/141.0.0.0 Safari/537.36"
216.73.216.217 - - [06/Apr/2026:09:00:54 -0400] "GET /special/3022747580.shtml HTTP/2.0" 404 71387 "-" "Mozilla/5.0 AppleWebKit/537.36 (KHTML, like Gecko; compatible; ClaudeBot/1.0; +claudebot@anthropic.com)"
116.204.44.230 - - [06/Apr/2026:09:00:55 -0400] "GET /wp-content/plugins/heroic-table-of-contents/dist/script.min.js?ver=1768254467 HTTP/2.0" 200 4675 "https://dartdocs.app/2026/03/05/slot-kazanc-gecmisi-raporu-bahiscom-guncel/" "Mozilla/5.0 (Macintosh; Intel Mac OS X 10_15_7) AppleWebKit/537.36 (KHTML, like Gecko) Chrome/141.0.0.0 Safari/537.36"
116.204.44.230 - - [06/Apr/2026:09:00:55 -0400] "GET /wp-content/themes/knowall/js/js.min.js?ver=6.9.4 HTTP/2.0" 200 2249 "https://dartdocs.app/2026/03/05/slot-kazanc-gecmisi-raporu-bahiscom-guncel/" "Mozilla/5.0 (Macintosh; Intel Mac OS X 10_15_7) AppleWebKit/537.36 (KHTML, like Gecko) Chrome/141.0.0.0 Safari/537.36"
216.73.216.217 - - [06/Apr/2026:09:00:57 -0400] "GET /special/2533318356.shtml HTTP/2.0" 404 71387 "-" "Mozilla/5.0 AppleWebKit/537.36 (KHTML, like Gecko; compatible; ClaudeBot/1.0; +claudebot@anthropic.com)"
216.73.216.217 - - [06/Apr/2026:09:00:59 -0400] "GET /special/1482240476.shtml HTTP/2.0" 404 71387 "-" "Mozilla/5.0 AppleWebKit/537.36 (KHTML, like Gecko; compatible; ClaudeBot/1.0; +claudebot@anthropic.com)"
216.73.216.217 - - [06/Apr/2026:09:01:01 -0400] "GET /special/4087411574.shtml HTTP/2.0" 404 71387 "-" "Mozilla/5.0 AppleWebKit/537.36 (KHTML, like Gecko; compatible; ClaudeBot/1.0; +claudebot@anthropic.com)"
216.73.216.217 - - [06/Apr/2026:09:01:03 -0400] "GET /special/2404639724.shtml HTTP/2.0" 404 71387 "-" "Mozilla/5.0 AppleWebKit/537.36 (KHTML, like Gecko; compatible; ClaudeBot/1.0; +claudebot@anthropic.com)"
216.73.216.217 - - [06/Apr/2026:09:01:05 -0400] "GET /special/2650326306.shtml HTTP/2.0" 404 71387 "-" "Mozilla/5.0 AppleWebKit/537.36 (KHTML, like Gecko; compatible; ClaudeBot/1.0; +claudebot@anthropic.com)"
74.91.222.204 - - [06/Apr/2026:09:01:08 -0400] "POST /wp-cron.php?doing_wp_cron=1775480468.7008769512176513671875 HTTP/1.1" 200 - "-" "WordPress/6.9.4; https://dartdocs.app"
216.73.216.217 - - [06/Apr/2026:09:01:08 -0400] "GET /special/3097552589.shtml HTTP/2.0" 404 71387 "-" "Mozilla/5.0 AppleWebKit/537.36 (KHTML, like Gecko; compatible; ClaudeBot/1.0; +claudebot@anthropic.com)"
216.73.216.217 - - [06/Apr/2026:09:01:10 -0400] "GET /special/991858026.shtml HTTP/2.0" 404 71387 "-" "Mozilla/5.0 AppleWebKit/537.36 (KHTML, like Gecko; compatible; ClaudeBot/1.0; +claudebot@anthropic.com)"
216.73.216.217 - - [06/Apr/2026:09:01:12 -0400] "GET /special/1441407937.shtml HTTP/2.0" 404 71387 "-" "Mozilla/5.0 AppleWebKit/537.36 (KHTML, like Gecko; compatible; ClaudeBot/1.0; +claudebot@anthropic.com)"
216.73.216.217 - - [06/Apr/2026:09:01:14 -0400] "GET /special/2140811006.shtml HTTP/2.0" 404 71387 "-" "Mozilla/5.0 AppleWebKit/537.36 (KHTML, like Gecko; compatible; ClaudeBot/1.0; +claudebot@anthropic.com)"
216.73.216.217 - - [06/Apr/2026:09:01:16 -0400] "GET /special/297246504.shtml HTTP/2.0" 404 71387 "-" "Mozilla/5.0 AppleWebKit/537.36 (KHTML, like Gecko; compatible; ClaudeBot/1.0; +claudebot@anthropic.com)"
72.167.150.128 - - [06/Apr/2026:09:01:19 -0400] "GET /wp-login.php HTTP/2.0" 404 35683 "-" "Mozilla/5.0 (Windows NT 6.1; Win64; x64) AppleWebKit/537.36 (KHTML, like Gecko) Chrome/65.0.3325.181 Safari/537.36 OPR/52.0.2871.99"
216.73.216.217 - - [06/Apr/2026:09:01:21 -0400] "GET /special/2129801595.shtml HTTP/2.0" 404 71387 "-" "Mozilla/5.0 AppleWebKit/537.36 (KHTML, like Gecko; compatible; ClaudeBot/1.0; +claudebot@anthropic.com)"
216.73.216.217 - - [06/Apr/2026:09:01:23 -0400] "GET /special/2793075998.shtml HTTP/2.0" 404 71387 "-" "Mozilla/5.0 AppleWebKit/537.36 (KHTML, like Gecko; compatible; ClaudeBot/1.0; +claudebot@anthropic.com)"
216.73.216.217 - - [06/Apr/2026:09:01:25 -0400] "GET /special/1439553485.shtml HTTP/2.0" 404 71387 "-" "Mozilla/5.0 AppleWebKit/537.36 (KHTML, like Gecko; compatible; ClaudeBot/1.0; +claudebot@anthropic.com)"
216.73.216.217 - - [06/Apr/2026:09:01:28 -0400] "GET /special/3385027822.shtml HTTP/2.0" 404 71387 "-" "Mozilla/5.0 AppleWebKit/537.36 (KHTML, like Gecko; compatible; ClaudeBot/1.0; +claudebot@anthropic.com)"
216.73.216.217 - - [06/Apr/2026:09:01:30 -0400] "GET /special/2480614583.shtml HTTP/2.0" 404 71387 "-" "Mozilla/5.0 AppleWebKit/537.36 (KHTML, like Gecko; compatible; ClaudeBot/1.0; +claudebot@anthropic.com)"
15.235.98.56 - - [06/Apr/2026:09:01:32 -0400] "GET /2026/03/26/die-entwicklung-von-live-handler-casinos-14/feed/ HTTP/2.0" 200 842 "-" "Mozilla/5.0 (compatible; AhrefsBot/7.0; +http://ahrefs.com/robot/)"
216.73.216.217 - - [06/Apr/2026:09:01:32 -0400] "GET /special/2346319095.shtml HTTP/2.0" 404 71387 "-" "Mozilla/5.0 AppleWebKit/537.36 (KHTML, like Gecko; compatible; ClaudeBot/1.0; +claudebot@anthropic.com)"
216.73.216.217 - - [06/Apr/2026:09:01:34 -0400] "GET /special/2604105183.shtml HTTP/2.0" 404 71387 "-" "Mozilla/5.0 AppleWebKit/537.36 (KHTML, like Gecko; compatible; ClaudeBot/1.0; +claudebot@anthropic.com)"
216.73.216.217 - - [06/Apr/2026:09:01:36 -0400] "GET /special/1100282432.shtml HTTP/2.0" 404 71387 "-" "Mozilla/5.0 AppleWebKit/537.36 (KHTML, like Gecko; compatible; ClaudeBot/1.0; +claudebot@anthropic.com)"
216.73.216.217 - - [06/Apr/2026:09:01:38 -0400] "GET /special/2896894651.shtml HTTP/2.0" 404 71387 "-" "Mozilla/5.0 AppleWebKit/537.36 (KHTML, like Gecko; compatible; ClaudeBot/1.0; +claudebot@anthropic.com)"
216.73.216.217 - - [06/Apr/2026:09:01:41 -0400] "GET /special/4060544373.shtml HTTP/2.0" 404 71387 "-" "Mozilla/5.0 AppleWebKit/537.36 (KHTML, like Gecko; compatible; ClaudeBot/1.0; +claudebot@anthropic.com)"
216.73.216.217 - - [06/Apr/2026:09:01:43 -0400] "GET /special/2479402484.shtml HTTP/2.0" 404 71387 "-" "Mozilla/5.0 AppleWebKit/537.36 (KHTML, like Gecko; compatible; ClaudeBot/1.0; +claudebot@anthropic.com)"
216.73.216.217 - - [06/Apr/2026:09:01:45 -0400] "GET /special/3975513056.shtml HTTP/2.0" 404 71387 "-" "Mozilla/5.0 AppleWebKit/537.36 (KHTML, like Gecko; compatible; ClaudeBot/1.0; +claudebot@anthropic.com)"
216.73.216.217 - - [06/Apr/2026:09:01:47 -0400] "GET /special/2846164829.shtml HTTP/2.0" 404 71387 "-" "Mozilla/5.0 AppleWebKit/537.36 (KHTML, like Gecko; compatible; ClaudeBot/1.0; +claudebot@anthropic.com)"
216.73.216.217 - - [06/Apr/2026:09:01:49 -0400] "GET /special/1136448251.shtml HTTP/2.0" 404 71387 "-" "Mozilla/5.0 AppleWebKit/537.36 (KHTML, like Gecko; compatible; ClaudeBot/1.0; +claudebot@anthropic.com)"
216.73.216.217 - - [06/Apr/2026:09:01:52 -0400] "GET /special/2039043365.shtml HTTP/2.0" 404 71387 "-" "Mozilla/5.0 AppleWebKit/537.36 (KHTML, like Gecko; compatible; ClaudeBot/1.0; +claudebot@anthropic.com)"
216.73.216.217 - - [06/Apr/2026:09:01:54 -0400] "GET /special/3806558121.shtml HTTP/2.0" 404 71387 "-" "Mozilla/5.0 AppleWebKit/537.36 (KHTML, like Gecko; compatible; ClaudeBot/1.0; +claudebot@anthropic.com)"
216.73.216.217 - - [06/Apr/2026:09:01:56 -0400] "GET /special/2061223310.shtml HTTP/2.0" 404 71387 "-" "Mozilla/5.0 AppleWebKit/537.36 (KHTML, like Gecko; compatible; ClaudeBot/1.0; +claudebot@anthropic.com)"
74.91.222.204 - - [06/Apr/2026:09:01:58 -0400] "POST /wp-cron.php?doing_wp_cron=1775480518.6176640987396240234375 HTTP/1.1" 200 - "-" "WordPress/6.9.4; https://dartdocs.app"
98.98.33.7 - - [06/Apr/2026:09:01:58 -0400] "POST /xmlrpc.php HTTP/1.1" 200 180 "-" "Mozilla/5.0 (Windows NT 10.0; Win64; x64) AppleWebKit/537.36 (KHTML, like Gecko) Chrome/114.0.0.0 Safari/537.36"
216.73.216.217 - - [06/Apr/2026:09:01:58 -0400] "GET /special/1032656177.shtml HTTP/2.0" 404 71387 "-" "Mozilla/5.0 AppleWebKit/537.36 (KHTML, like Gecko; compatible; ClaudeBot/1.0; +claudebot@anthropic.com)"
216.73.216.217 - - [06/Apr/2026:09:02:00 -0400] "GET /special/3811146925.shtml HTTP/2.0" 404 71387 "-" "Mozilla/5.0 AppleWebKit/537.36 (KHTML, like Gecko; compatible; ClaudeBot/1.0; +claudebot@anthropic.com)"
216.73.216.217 - - [06/Apr/2026:09:02:02 -0400] "GET /special/3438024151.shtml HTTP/2.0" 404 71387 "-" "Mozilla/5.0 AppleWebKit/537.36 (KHTML, like Gecko; compatible; ClaudeBot/1.0; +claudebot@anthropic.com)"
216.73.216.217 - - [06/Apr/2026:09:02:05 -0400] "GET /special/3125927209.shtml HTTP/2.0" 404 71387 "-" "Mozilla/5.0 AppleWebKit/537.36 (KHTML, like Gecko; compatible; ClaudeBot/1.0; +claudebot@anthropic.com)"
98.98.33.7 - - [06/Apr/2026:09:02:05 -0400] "POST /xmlrpc.php HTTP/1.1" 200 12604 "-" "Mozilla/5.0 (Windows NT 10.0; Win64; x64) AppleWebKit/537.36 (KHTML, like Gecko) Chrome/114.0.0.0 Safari/537.36"
74.91.222.204 - - [06/Apr/2026:09:02:07 -0400] "POST /wp-cron.php?doing_wp_cron=1775480527.9244379997253417968750 HTTP/1.1" 200 - "-" "WordPress/6.9.4; https://dartdocs.app"
216.73.216.217 - - [06/Apr/2026:09:02:07 -0400] "GET /special/2919339817.shtml HTTP/2.0" 404 71387 "-" "Mozilla/5.0 AppleWebKit/537.36 (KHTML, like Gecko; compatible; ClaudeBot/1.0; +claudebot@anthropic.com)"
98.98.33.7 - - [06/Apr/2026:09:02:07 -0400] "GET /2026/04/06/migliori-bisca-online-aams-i-siti-scarica-lapplicazione-trinocasino-in-italia-casa-da-gioco-online-vertice-del-2025/ HTTP/1.1" 200 83589 "-" "Mozilla/5.0 (Windows NT 10.0; Win64; x64) AppleWebKit/537.36 (KHTML, like Gecko) Chrome/124.0.0.0 Safari/537.36 Edg/124.0.0.0"
216.73.216.217 - - [06/Apr/2026:09:02:09 -0400] "GET /special/573225238.shtml HTTP/2.0" 404 71387 "-" "Mozilla/5.0 AppleWebKit/537.36 (KHTML, like Gecko; compatible; ClaudeBot/1.0; +claudebot@anthropic.com)"
216.73.216.217 - - [06/Apr/2026:09:02:11 -0400] "GET /special/1671512942.shtml HTTP/2.0" 404 71387 "-" "Mozilla/5.0 AppleWebKit/537.36 (KHTML, like Gecko; compatible; ClaudeBot/1.0; +claudebot@anthropic.com)"
216.73.216.217 - - [06/Apr/2026:09:02:13 -0400] "GET /special/3094822955.shtml HTTP/2.0" 404 71387 "-" "Mozilla/5.0 AppleWebKit/537.36 (KHTML, like Gecko; compatible; ClaudeBot/1.0; +claudebot@anthropic.com)"
216.73.216.217 - - [06/Apr/2026:09:02:16 -0400] "GET /special/1724848111.shtml HTTP/2.0" 404 71387 "-" "Mozilla/5.0 AppleWebKit/537.36 (KHTML, like Gecko; compatible; ClaudeBot/1.0; +claudebot@anthropic.com)"
216.73.216.217 - - [06/Apr/2026:09:02:18 -0400] "GET /special/1390674491.shtml HTTP/2.0" 404 71387 "-" "Mozilla/5.0 AppleWebKit/537.36 (KHTML, like Gecko; compatible; ClaudeBot/1.0; +claudebot@anthropic.com)"
216.73.216.217 - - [06/Apr/2026:09:02:20 -0400] "GET /special/3305892409.shtml HTTP/2.0" 404 71387 "-" "Mozilla/5.0 AppleWebKit/537.36 (KHTML, like Gecko; compatible; ClaudeBot/1.0; +claudebot@anthropic.com)"
216.73.216.217 - - [06/Apr/2026:09:02:22 -0400] "GET /special/3016978507.shtml HTTP/2.0" 404 71387 "-" "Mozilla/5.0 AppleWebKit/537.36 (KHTML, like Gecko; compatible; ClaudeBot/1.0; +claudebot@anthropic.com)"
216.73.216.217 - - [06/Apr/2026:09:02:24 -0400] "GET /special/963791213.shtml HTTP/2.0" 404 71387 "-" "Mozilla/5.0 AppleWebKit/537.36 (KHTML, like Gecko; compatible; ClaudeBot/1.0; +claudebot@anthropic.com)"
216.73.216.217 - - [06/Apr/2026:09:02:26 -0400] "GET /special/2974511289.shtml HTTP/2.0" 404 71387 "-" "Mozilla/5.0 AppleWebKit/537.36 (KHTML, like Gecko; compatible; ClaudeBot/1.0; +claudebot@anthropic.com)"
216.73.216.217 - - [06/Apr/2026:09:02:29 -0400] "GET /special/1070512485.shtml HTTP/2.0" 404 71387 "-" "Mozilla/5.0 AppleWebKit/537.36 (KHTML, like Gecko; compatible; ClaudeBot/1.0; +claudebot@anthropic.com)"
216.73.216.217 - - [06/Apr/2026:09:02:31 -0400] "GET /special/1328120462.shtml HTTP/2.0" 404 71387 "-" "Mozilla/5.0 AppleWebKit/537.36 (KHTML, like Gecko; compatible; ClaudeBot/1.0; +claudebot@anthropic.com)"
216.73.216.217 - - [06/Apr/2026:09:02:34 -0400] "GET /special/1075405511.shtml HTTP/2.0" 404 71387 "-" "Mozilla/5.0 AppleWebKit/537.36 (KHTML, like Gecko; compatible; ClaudeBot/1.0; +claudebot@anthropic.com)"
167.114.139.27 - - [06/Apr/2026:09:02:35 -0400] "GET /2026/03/10/casino-bez-overeni-uctu-vyuzijte-casino-bonus-za-registraci/feed/ HTTP/2.0" 200 897 "-" "Mozilla/5.0 (compatible; AhrefsBot/7.0; +http://ahrefs.com/robot/)"
216.73.216.217 - - [06/Apr/2026:09:02:36 -0400] "GET /special/3501384538.shtml HTTP/2.0" 404 71387 "-" "Mozilla/5.0 AppleWebKit/537.36 (KHTML, like Gecko; compatible; ClaudeBot/1.0; +claudebot@anthropic.com)"
216.73.216.217 - - [06/Apr/2026:09:02:38 -0400] "GET /special/3200522562.shtml HTTP/2.0" 404 71387 "-" "Mozilla/5.0 AppleWebKit/537.36 (KHTML, like Gecko; compatible; ClaudeBot/1.0; +claudebot@anthropic.com)"
216.73.216.217 - - [06/Apr/2026:09:02:41 -0400] "GET /special/1645423938.shtml HTTP/2.0" 404 71387 "-" "Mozilla/5.0 AppleWebKit/537.36 (KHTML, like Gecko; compatible; ClaudeBot/1.0; +claudebot@anthropic.com)"
216.73.216.217 - - [06/Apr/2026:09:02:43 -0400] "GET /special/1240887004.shtml HTTP/2.0" 404 71387 "-" "Mozilla/5.0 AppleWebKit/537.36 (KHTML, like Gecko; compatible; ClaudeBot/1.0; +claudebot@anthropic.com)"
216.73.216.217 - - [06/Apr/2026:09:02:45 -0400] "GET /special/2610066681.shtml HTTP/2.0" 404 71387 "-" "Mozilla/5.0 AppleWebKit/537.36 (KHTML, like Gecko; compatible; ClaudeBot/1.0; +claudebot@anthropic.com)"
216.73.216.217 - - [06/Apr/2026:09:02:47 -0400] "GET /special/4036243851.shtml HTTP/2.0" 404 71387 "-" "Mozilla/5.0 AppleWebKit/537.36 (KHTML, like Gecko; compatible; ClaudeBot/1.0; +claudebot@anthropic.com)"
216.73.216.217 - - [06/Apr/2026:09:02:49 -0400] "GET /special/4104673486.shtml HTTP/2.0" 404 71387 "-" "Mozilla/5.0 AppleWebKit/537.36 (KHTML, like Gecko; compatible; ClaudeBot/1.0; +claudebot@anthropic.com)"
216.73.216.217 - - [06/Apr/2026:09:02:51 -0400] "GET /special/1802852442.shtml HTTP/2.0" 404 71387 "-" "Mozilla/5.0 AppleWebKit/537.36 (KHTML, like Gecko; compatible; ClaudeBot/1.0; +claudebot@anthropic.com)"
216.73.216.217 - - [06/Apr/2026:09:02:54 -0400] "GET /special/1921019763.shtml HTTP/2.0" 404 71387 "-" "Mozilla/5.0 AppleWebKit/537.36 (KHTML, like Gecko; compatible; ClaudeBot/1.0; +claudebot@anthropic.com)"
216.73.216.217 - - [06/Apr/2026:09:02:56 -0400] "GET /special/4129483574.shtml HTTP/2.0" 404 71387 "-" "Mozilla/5.0 AppleWebKit/537.36 (KHTML, like Gecko; compatible; ClaudeBot/1.0; +claudebot@anthropic.com)"
216.73.216.217 - - [06/Apr/2026:09:02:58 -0400] "GET /special/4078517681.shtml HTTP/2.0" 404 71387 "-" "Mozilla/5.0 AppleWebKit/537.36 (KHTML, like Gecko; compatible; ClaudeBot/1.0; +claudebot@anthropic.com)"
216.73.216.217 - - [06/Apr/2026:09:03:00 -0400] "GET /special/4221145410.shtml HTTP/2.0" 404 71387 "-" "Mozilla/5.0 AppleWebKit/537.36 (KHTML, like Gecko; compatible; ClaudeBot/1.0; +claudebot@anthropic.com)"
216.73.216.217 - - [06/Apr/2026:09:03:02 -0400] "GET /special/1838492947.shtml HTTP/2.0" 404 71387 "-" "Mozilla/5.0 AppleWebKit/537.36 (KHTML, like Gecko; compatible; ClaudeBot/1.0; +claudebot@anthropic.com)"
216.73.216.217 - - [06/Apr/2026:09:03:05 -0400] "GET /special/941576924.shtml HTTP/2.0" 404 71387 "-" "Mozilla/5.0 AppleWebKit/537.36 (KHTML, like Gecko; compatible; ClaudeBot/1.0; +claudebot@anthropic.com)"
74.91.222.204 - - [06/Apr/2026:09:03:07 -0400] "POST /wp-cron.php?doing_wp_cron=1775480587.8537130355834960937500 HTTP/1.1" 200 - "-" "WordPress/6.9.4; https://dartdocs.app"
216.73.216.217 - - [06/Apr/2026:09:03:07 -0400] "GET /special/3312219001.shtml HTTP/2.0" 404 71387 "-" "Mozilla/5.0 AppleWebKit/537.36 (KHTML, like Gecko; compatible; ClaudeBot/1.0; +claudebot@anthropic.com)"
216.73.216.217 - - [06/Apr/2026:09:03:12 -0400] "GET /special/507039116.shtml HTTP/2.0" 404 71387 "-" "Mozilla/5.0 AppleWebKit/537.36 (KHTML, like Gecko; compatible; ClaudeBot/1.0; +claudebot@anthropic.com)"
216.73.216.217 - - [06/Apr/2026:09:03:14 -0400] "GET /special/1555436538.shtml HTTP/2.0" 404 71387 "-" "Mozilla/5.0 AppleWebKit/537.36 (KHTML, like Gecko; compatible; ClaudeBot/1.0; +claudebot@anthropic.com)"
216.73.216.217 - - [06/Apr/2026:09:03:16 -0400] "GET /special/1700463815.shtml HTTP/2.0" 404 71387 "-" "Mozilla/5.0 AppleWebKit/537.36 (KHTML, like Gecko; compatible; ClaudeBot/1.0; +claudebot@anthropic.com)"
216.73.216.217 - - [06/Apr/2026:09:03:19 -0400] "GET /special/4172861021.shtml HTTP/2.0" 404 71387 "-" "Mozilla/5.0 AppleWebKit/537.36 (KHTML, like Gecko; compatible; ClaudeBot/1.0; +claudebot@anthropic.com)"
216.73.216.217 - - [06/Apr/2026:09:03:21 -0400] "GET /special/1628161229.shtml HTTP/2.0" 404 71387 "-" "Mozilla/5.0 AppleWebKit/537.36 (KHTML, like Gecko; compatible; ClaudeBot/1.0; +claudebot@anthropic.com)"
216.73.216.217 - - [06/Apr/2026:09:03:23 -0400] "GET /special/2924921659.shtml HTTP/2.0" 404 71387 "-" "Mozilla/5.0 AppleWebKit/537.36 (KHTML, like Gecko; compatible; ClaudeBot/1.0; +claudebot@anthropic.com)"
216.73.216.217 - - [06/Apr/2026:09:03:25 -0400] "GET /special/3005729514.shtml HTTP/2.0" 404 71387 "-" "Mozilla/5.0 AppleWebKit/537.36 (KHTML, like Gecko; compatible; ClaudeBot/1.0; +claudebot@anthropic.com)"
51.161.37.18 - - [06/Apr/2026:09:03:26 -0400] "GET /category/casino/page/2/ HTTP/2.0" 200 93701 "-" "Mozilla/5.0 (compatible; AhrefsBot/7.0; +http://ahrefs.com/robot/)"
216.73.216.217 - - [06/Apr/2026:09:03:27 -0400] "GET /special/1267337681.shtml HTTP/2.0" 404 71387 "-" "Mozilla/5.0 AppleWebKit/537.36 (KHTML, like Gecko; compatible; ClaudeBot/1.0; +claudebot@anthropic.com)"
216.73.216.217 - - [06/Apr/2026:09:03:29 -0400] "GET /special/4056291542.shtml HTTP/2.0" 404 71387 "-" "Mozilla/5.0 AppleWebKit/537.36 (KHTML, like Gecko; compatible; ClaudeBot/1.0; +claudebot@anthropic.com)"
216.73.216.217 - - [06/Apr/2026:09:03:32 -0400] "GET /special/4076234333.shtml HTTP/2.0" 404 71387 "-" "Mozilla/5.0 AppleWebKit/537.36 (KHTML, like Gecko; compatible; ClaudeBot/1.0; +claudebot@anthropic.com)"
216.73.216.217 - - [06/Apr/2026:09:03:34 -0400] "GET /special/1626605226.shtml HTTP/2.0" 404 71387 "-" "Mozilla/5.0 AppleWebKit/537.36 (KHTML, like Gecko; compatible; ClaudeBot/1.0; +claudebot@anthropic.com)"
216.73.216.217 - - [06/Apr/2026:09:03:36 -0400] "GET /special/4103717239.shtml HTTP/2.0" 404 71387 "-" "Mozilla/5.0 AppleWebKit/537.36 (KHTML, like Gecko; compatible; ClaudeBot/1.0; +claudebot@anthropic.com)"
216.73.216.217 - - [06/Apr/2026:09:03:38 -0400] "GET /special/1721359081.shtml HTTP/2.0" 404 71387 "-" "Mozilla/5.0 AppleWebKit/537.36 (KHTML, like Gecko; compatible; ClaudeBot/1.0; +claudebot@anthropic.com)"
216.73.216.217 - - [06/Apr/2026:09:03:40 -0400] "GET /special/2890210097.shtml HTTP/2.0" 404 71387 "-" "Mozilla/5.0 AppleWebKit/537.36 (KHTML, like Gecko; compatible; ClaudeBot/1.0; +claudebot@anthropic.com)"
74.91.222.204 - - [06/Apr/2026:09:03:41 -0400] "POST /wp-cron.php?doing_wp_cron=1775480621.7895870208740234375000 HTTP/1.1" 200 - "-" "WordPress/6.9.4; https://dartdocs.app"
98.98.33.7 - - [06/Apr/2026:09:03:41 -0400] "POST /xmlrpc.php HTTP/1.1" 200 180 "-" "Mozilla/5.0 (Windows NT 10.0; Win64; x64) AppleWebKit/537.36 (KHTML, like Gecko) Chrome/114.0.0.0 Safari/537.36"
216.73.216.217 - - [06/Apr/2026:09:03:43 -0400] "GET /special/1681222888.shtml HTTP/2.0" 404 71387 "-" "Mozilla/5.0 AppleWebKit/537.36 (KHTML, like Gecko; compatible; ClaudeBot/1.0; +claudebot@anthropic.com)"
216.73.216.217 - - [06/Apr/2026:09:03:45 -0400] "GET /special/1210336919.shtml HTTP/2.0" 404 71387 "-" "Mozilla/5.0 AppleWebKit/537.36 (KHTML, like Gecko; compatible; ClaudeBot/1.0; +claudebot@anthropic.com)"
216.73.216.217 - - [06/Apr/2026:09:03:47 -0400] "GET /special/1094143728.shtml HTTP/2.0" 404 71387 "-" "Mozilla/5.0 AppleWebKit/537.36 (KHTML, like Gecko; compatible; ClaudeBot/1.0; +claudebot@anthropic.com)"
98.98.33.7 - - [06/Apr/2026:09:03:48 -0400] "POST /xmlrpc.php HTTP/1.1" 200 11690 "-" "Mozilla/5.0 (Windows NT 10.0; Win64; x64) AppleWebKit/537.36 (KHTML, like Gecko) Chrome/114.0.0.0 Safari/537.36"
216.73.216.217 - - [06/Apr/2026:09:03:49 -0400] "GET /special/4273250838.shtml HTTP/2.0" 404 71387 "-" "Mozilla/5.0 AppleWebKit/537.36 (KHTML, like Gecko; compatible; ClaudeBot/1.0; +claudebot@anthropic.com)"
98.98.33.7 - - [06/Apr/2026:09:03:50 -0400] "GET /2026/04/06/online-%E1%97%98-scompiglio-stranieri-come-unlimluck-accesso-per-pc-accettano-italiani-stringa/ HTTP/1.1" 200 82634 "-" "Mozilla/5.0 (Windows NT 10.0; Win64; x64; rv:124.0) Gecko/20100101 Firefox/124.0"
216.73.216.217 - - [06/Apr/2026:09:03:51 -0400] "GET /special/967311023.shtml HTTP/2.0" 404 71387 "-" "Mozilla/5.0 AppleWebKit/537.36 (KHTML, like Gecko; compatible; ClaudeBot/1.0; +claudebot@anthropic.com)"
216.73.216.217 - - [06/Apr/2026:09:03:53 -0400] "GET /special/3932740007.shtml HTTP/2.0" 404 71387 "-" "Mozilla/5.0 AppleWebKit/537.36 (KHTML, like Gecko; compatible; ClaudeBot/1.0; +claudebot@anthropic.com)"
216.73.216.217 - - [06/Apr/2026:09:03:56 -0400] "GET /special/2658228720.shtml HTTP/2.0" 404 71387 "-" "Mozilla/5.0 AppleWebKit/537.36 (KHTML, like Gecko; compatible; ClaudeBot/1.0; +claudebot@anthropic.com)"
216.73.216.217 - - [06/Apr/2026:09:03:58 -0400] "GET /special/1553012340.shtml HTTP/2.0" 404 71387 "-" "Mozilla/5.0 AppleWebKit/537.36 (KHTML, like Gecko; compatible; ClaudeBot/1.0; +claudebot@anthropic.com)"
216.73.216.217 - - [06/Apr/2026:09:04:00 -0400] "GET /special/2608474910.shtml HTTP/2.0" 404 71387 "-" "Mozilla/5.0 AppleWebKit/537.36 (KHTML, like Gecko; compatible; ClaudeBot/1.0; +claudebot@anthropic.com)"
216.73.216.217 - - [06/Apr/2026:09:04:02 -0400] "GET /special/2035391628.shtml HTTP/2.0" 404 71387 "-" "Mozilla/5.0 AppleWebKit/537.36 (KHTML, like Gecko; compatible; ClaudeBot/1.0; +claudebot@anthropic.com)"
216.73.216.217 - - [06/Apr/2026:09:04:04 -0400] "GET /special/4208079978.shtml HTTP/2.0" 404 71387 "-" "Mozilla/5.0 AppleWebKit/537.36 (KHTML, like Gecko; compatible; ClaudeBot/1.0; +claudebot@anthropic.com)"
74.91.222.204 - - [06/Apr/2026:09:04:07 -0400] "POST /wp-cron.php?doing_wp_cron=1775480647.6736729145050048828125 HTTP/1.1" 200 - "-" "WordPress/6.9.4; https://dartdocs.app"
216.73.216.217 - - [06/Apr/2026:09:04:07 -0400] "GET /special/2962121949.shtml HTTP/2.0" 404 71387 "-" "Mozilla/5.0 AppleWebKit/537.36 (KHTML, like Gecko; compatible; ClaudeBot/1.0; +claudebot@anthropic.com)"
216.73.216.217 - - [06/Apr/2026:09:04:09 -0400] "GET /special/3482205859.shtml HTTP/2.0" 404 71387 "-" "Mozilla/5.0 AppleWebKit/537.36 (KHTML, like Gecko; compatible; ClaudeBot/1.0; +claudebot@anthropic.com)"
51.222.168.157 - - [06/Apr/2026:09:04:08 -0400] "GET /2026/03/10/casino-pro-ceske-hrace-objevte-online-casino-cz/feed/ HTTP/2.0" 200 859 "-" "Mozilla/5.0 (compatible; AhrefsBot/7.0; +http://ahrefs.com/robot/)"
216.73.216.217 - - [06/Apr/2026:09:04:11 -0400] "GET /special/2615995307.shtml HTTP/2.0" 404 71387 "-" "Mozilla/5.0 AppleWebKit/537.36 (KHTML, like Gecko; compatible; ClaudeBot/1.0; +claudebot@anthropic.com)"
216.73.216.217 - - [06/Apr/2026:09:04:13 -0400] "GET /special/563292388.shtml HTTP/2.0" 404 71387 "-" "Mozilla/5.0 AppleWebKit/537.36 (KHTML, like Gecko; compatible; ClaudeBot/1.0; +claudebot@anthropic.com)"
216.73.216.217 - - [06/Apr/2026:09:04:15 -0400] "GET /special/1205242701.shtml HTTP/2.0" 404 71387 "-" "Mozilla/5.0 AppleWebKit/537.36 (KHTML, like Gecko; compatible; ClaudeBot/1.0; +claudebot@anthropic.com)"
216.73.216.217 - - [06/Apr/2026:09:04:17 -0400] "GET /special/3331289361.shtml HTTP/2.0" 404 71387 "-" "Mozilla/5.0 AppleWebKit/537.36 (KHTML, like Gecko; compatible; ClaudeBot/1.0; +claudebot@anthropic.com)"
216.73.216.217 - - [06/Apr/2026:09:04:20 -0400] "GET /special/1738552082.shtml HTTP/2.0" 404 71387 "-" "Mozilla/5.0 AppleWebKit/537.36 (KHTML, like Gecko; compatible; ClaudeBot/1.0; +claudebot@anthropic.com)"
216.73.216.217 - - [06/Apr/2026:09:04:22 -0400] "GET /special/3666984177.shtml HTTP/2.0" 404 71387 "-" "Mozilla/5.0 AppleWebKit/537.36 (KHTML, like Gecko; compatible; ClaudeBot/1.0; +claudebot@anthropic.com)"
216.73.216.217 - - [06/Apr/2026:09:04:24 -0400] "GET /special/1732751195.shtml HTTP/2.0" 404 71387 "-" "Mozilla/5.0 AppleWebKit/537.36 (KHTML, like Gecko; compatible; ClaudeBot/1.0; +claudebot@anthropic.com)"
216.73.216.217 - - [06/Apr/2026:09:04:30 -0400] "GET /special/3899319541.shtml HTTP/2.0" 404 71387 "-" "Mozilla/5.0 AppleWebKit/537.36 (KHTML, like Gecko; compatible; ClaudeBot/1.0; +claudebot@anthropic.com)"
216.73.216.217 - - [06/Apr/2026:09:04:32 -0400] "GET /special/3435601219.shtml HTTP/2.0" 404 71387 "-" "Mozilla/5.0 AppleWebKit/537.36 (KHTML, like Gecko; compatible; ClaudeBot/1.0; +claudebot@anthropic.com)"
74.91.222.204 - - [06/Apr/2026:09:04:35 -0400] "POST /wp-cron.php?doing_wp_cron=1775480675.7811529636383056640625 HTTP/1.1" 200 - "-" "WordPress/6.9.4; https://dartdocs.app"
216.73.216.217 - - [06/Apr/2026:09:04:35 -0400] "GET /special/4117708209.shtml HTTP/2.0" 404 71387 "-" "Mozilla/5.0 AppleWebKit/537.36 (KHTML, like Gecko; compatible; ClaudeBot/1.0; +claudebot@anthropic.com)"
216.73.216.217 - - [06/Apr/2026:09:04:37 -0400] "GET /special/1205739883.shtml HTTP/2.0" 404 71387 "-" "Mozilla/5.0 AppleWebKit/537.36 (KHTML, like Gecko; compatible; ClaudeBot/1.0; +claudebot@anthropic.com)"
216.73.216.217 - - [06/Apr/2026:09:04:39 -0400] "GET /special/2315820722.shtml HTTP/2.0" 404 71387 "-" "Mozilla/5.0 AppleWebKit/537.36 (KHTML, like Gecko; compatible; ClaudeBot/1.0; +claudebot@anthropic.com)"
216.73.216.217 - - [06/Apr/2026:09:04:41 -0400] "GET /special/3810329476.shtml HTTP/2.0" 404 71387 "-" "Mozilla/5.0 AppleWebKit/537.36 (KHTML, like Gecko; compatible; ClaudeBot/1.0; +claudebot@anthropic.com)"
216.73.216.217 - - [06/Apr/2026:09:04:43 -0400] "GET /special/3787346945.shtml HTTP/2.0" 404 71387 "-" "Mozilla/5.0 AppleWebKit/537.36 (KHTML, like Gecko; compatible; ClaudeBot/1.0; +claudebot@anthropic.com)"
216.73.216.217 - - [06/Apr/2026:09:04:46 -0400] "GET /special/4131590473.shtml HTTP/2.0" 404 71387 "-" "Mozilla/5.0 AppleWebKit/537.36 (KHTML, like Gecko; compatible; ClaudeBot/1.0; +claudebot@anthropic.com)"
216.73.216.217 - - [06/Apr/2026:09:04:48 -0400] "GET /special/3140421372.shtml HTTP/2.0" 404 71387 "-" "Mozilla/5.0 AppleWebKit/537.36 (KHTML, like Gecko; compatible; ClaudeBot/1.0; +claudebot@anthropic.com)"
149.56.181.230 - - [06/Apr/2026:09:04:49 -0400] "GET /2025/05/19/jocuri-pacanele-demo/ HTTP/1.1" 200 77733 "-" "Mozilla/5.0 (X11; Fedora; Linux x86_64; rv:114.0) Gecko/20100101 Firefox/114.0"
216.73.216.217 - - [06/Apr/2026:09:04:50 -0400] "GET /special/2371060826.shtml HTTP/2.0" 404 71387 "-" "Mozilla/5.0 AppleWebKit/537.36 (KHTML, like Gecko; compatible; ClaudeBot/1.0; +claudebot@anthropic.com)"
216.73.216.217 - - [06/Apr/2026:09:04:52 -0400] "GET /special/1403839031.shtml HTTP/2.0" 404 71387 "-" "Mozilla/5.0 AppleWebKit/537.36 (KHTML, like Gecko; compatible; ClaudeBot/1.0; +claudebot@anthropic.com)"
216.73.216.217 - - [06/Apr/2026:09:04:54 -0400] "GET /special/4197919175.shtml HTTP/2.0" 404 71387 "-" "Mozilla/5.0 AppleWebKit/537.36 (KHTML, like Gecko; compatible; ClaudeBot/1.0; +claudebot@anthropic.com)"
216.73.216.217 - - [06/Apr/2026:09:04:56 -0400] "GET /special/835559799.shtml HTTP/2.0" 404 71387 "-" "Mozilla/5.0 AppleWebKit/537.36 (KHTML, like Gecko; compatible; ClaudeBot/1.0; +claudebot@anthropic.com)"
66.249.64.7 - - [06/Apr/2026:09:04:57 -0400] "GET /2023/10/26/the-challenges-of-running-a-casino-in-a/ HTTP/1.1" 200 393590 "-" "Mozilla/5.0 (Linux; Android 6.0.1; Nexus 5X Build/MMB29P) AppleWebKit/537.36 (KHTML, like Gecko) Chrome/146.0.7680.177 Mobile Safari/537.36 (compatible; GoogleOther)"
216.73.216.217 - - [06/Apr/2026:09:04:59 -0400] "GET /special/2431949151.shtml HTTP/2.0" 404 71387 "-" "Mozilla/5.0 AppleWebKit/537.36 (KHTML, like Gecko; compatible; ClaudeBot/1.0; +claudebot@anthropic.com)"
216.73.216.217 - - [06/Apr/2026:09:05:04 -0400] "GET /special/4220327961.shtml HTTP/2.0" 404 71387 "-" "Mozilla/5.0 AppleWebKit/537.36 (KHTML, like Gecko; compatible; ClaudeBot/1.0; +claudebot@anthropic.com)"
74.91.222.204 - - [06/Apr/2026:09:05:07 -0400] "POST /wp-cron.php?doing_wp_cron=1775480707.1727468967437744140625 HTTP/1.1" 200 - "-" "WordPress/6.9.4; https://dartdocs.app"
15.235.98.225 - - [06/Apr/2026:09:05:06 -0400] "GET /2026/03/26/kumarhanelerde-oyun-stratejileri-ve-baar-puclar-7/feed/ HTTP/2.0" 200 867 "-" "Mozilla/5.0 (compatible; AhrefsBot/7.0; +http://ahrefs.com/robot/)"
216.73.216.217 - - [06/Apr/2026:09:05:07 -0400] "GET /special/2624868039.shtml HTTP/2.0" 404 71387 "-" "Mozilla/5.0 AppleWebKit/537.36 (KHTML, like Gecko; compatible; ClaudeBot/1.0; +claudebot@anthropic.com)"
216.73.216.217 - - [06/Apr/2026:09:05:09 -0400] "GET /special/1088669991.shtml HTTP/2.0" 404 71387 "-" "Mozilla/5.0 AppleWebKit/537.36 (KHTML, like Gecko; compatible; ClaudeBot/1.0; +claudebot@anthropic.com)"
216.73.216.217 - - [06/Apr/2026:09:05:12 -0400] "GET /special/717043338.shtml HTTP/2.0" 404 71387 "-" "Mozilla/5.0 AppleWebKit/537.36 (KHTML, like Gecko; compatible; ClaudeBot/1.0; +claudebot@anthropic.com)"
66.249.64.6 - - [06/Apr/2026:09:05:11 -0400] "GET /2023/11/21/the-history-of-casinos-from-ancient-times-to-5/ HTTP/1.1" 200 393611 "-" "Mozilla/5.0 (Linux; Android 6.0.1; Nexus 5X Build/MMB29P) AppleWebKit/537.36 (KHTML, like Gecko) Chrome/146.0.7680.177 Mobile Safari/537.36 (compatible; GoogleOther)"
216.73.216.217 - - [06/Apr/2026:09:05:14 -0400] "GET /special/2318700999.shtml HTTP/2.0" 404 71387 "-" "Mozilla/5.0 AppleWebKit/537.36 (KHTML, like Gecko; compatible; ClaudeBot/1.0; +claudebot@anthropic.com)"
216.73.216.217 - - [06/Apr/2026:09:05:16 -0400] "GET /special/1664716065.shtml HTTP/2.0" 404 71387 "-" "Mozilla/5.0 AppleWebKit/537.36 (KHTML, like Gecko; compatible; ClaudeBot/1.0; +claudebot@anthropic.com)"
216.73.216.217 - - [06/Apr/2026:09:05:18 -0400] "GET /special/1344781452.shtml HTTP/2.0" 404 71387 "-" "Mozilla/5.0 AppleWebKit/537.36 (KHTML, like Gecko; compatible; ClaudeBot/1.0; +claudebot@anthropic.com)"
216.73.216.217 - - [06/Apr/2026:09:05:20 -0400] "GET /special/1929091088.shtml HTTP/2.0" 404 71387 "-" "Mozilla/5.0 AppleWebKit/537.36 (KHTML, like Gecko; compatible; ClaudeBot/1.0; +claudebot@anthropic.com)"
66.249.64.6 - - [06/Apr/2026:09:05:21 -0400] "GET /2023/11/21/the-history-of-casinos-from-ancient-times-to-5/ HTTP/1.1" 200 393611 "-" "Mozilla/5.0 (Linux; Android 6.0.1; Nexus 5X Build/MMB29P) AppleWebKit/537.36 (KHTML, like Gecko) Chrome/146.0.7680.177 Mobile Safari/537.36 (compatible; GoogleOther)"
216.73.216.217 - - [06/Apr/2026:09:05:23 -0400] "GET /special/1545390769.shtml HTTP/2.0" 404 71387 "-" "Mozilla/5.0 AppleWebKit/537.36 (KHTML, like Gecko; compatible; ClaudeBot/1.0; +claudebot@anthropic.com)"
74.91.222.204 - - [06/Apr/2026:09:05:25 -0400] "POST /wp-cron.php?doing_wp_cron=1775480725.4689030647277832031250 HTTP/1.1" 200 - "-" "WordPress/6.9.4; https://dartdocs.app"
98.98.33.7 - - [06/Apr/2026:09:05:25 -0400] "POST /xmlrpc.php HTTP/1.1" 200 180 "-" "Mozilla/5.0 (Windows NT 10.0; Win64; x64) AppleWebKit/537.36 (KHTML, like Gecko) Chrome/114.0.0.0 Safari/537.36"
216.73.216.217 - - [06/Apr/2026:09:05:25 -0400] "GET /special/1304947917.shtml HTTP/2.0" 404 71387 "-" "Mozilla/5.0 AppleWebKit/537.36 (KHTML, like Gecko; compatible; ClaudeBot/1.0; +claudebot@anthropic.com)"
216.73.216.217 - - [06/Apr/2026:09:05:27 -0400] "GET /special/1277182540.shtml HTTP/2.0" 404 71387 "-" "Mozilla/5.0 AppleWebKit/537.36 (KHTML, like Gecko; compatible; ClaudeBot/1.0; +claudebot@anthropic.com)"
216.73.216.217 - - [06/Apr/2026:09:05:29 -0400] "GET /special/3238000416.shtml HTTP/2.0" 404 71387 "-" "Mozilla/5.0 AppleWebKit/537.36 (KHTML, like Gecko; compatible; ClaudeBot/1.0; +claudebot@anthropic.com)"
216.73.216.217 - - [06/Apr/2026:09:05:31 -0400] "GET /special/2327874775.shtml HTTP/2.0" 404 71387 "-" "Mozilla/5.0 AppleWebKit/537.36 (KHTML, like Gecko; compatible; ClaudeBot/1.0; +claudebot@anthropic.com)"
98.98.33.7 - - [06/Apr/2026:09:05:31 -0400] "POST /xmlrpc.php HTTP/1.1" 200 12107 "-" "Mozilla/5.0 (Windows NT 10.0; Win64; x64) AppleWebKit/537.36 (KHTML, like Gecko) Chrome/114.0.0.0 Safari/537.36"
216.73.216.217 - - [06/Apr/2026:09:05:33 -0400] "GET /special/1222151000.shtml HTTP/2.0" 404 71387 "-" "Mozilla/5.0 AppleWebKit/537.36 (KHTML, like Gecko; compatible; ClaudeBot/1.0; +claudebot@anthropic.com)"
98.98.33.7 - - [06/Apr/2026:09:05:34 -0400] "GET /2026/04/06/guida-esperta-ai-migliori-casino-non-aams-scegli-bonus-sportivo-24-casino-sopra-decisione-di-nuovo-gara/ HTTP/1.1" 200 83077 "-" "Mozilla/5.0 (Windows NT 10.0; Win64; x64) AppleWebKit/537.36 (KHTML, like Gecko) Chrome/123.0.0.0 Safari/537.36 OPR/109.0.0.0"
216.73.216.217 - - [06/Apr/2026:09:05:36 -0400] "GET /special/1958196957.shtml HTTP/2.0" 404 71387 "-" "Mozilla/5.0 AppleWebKit/537.36 (KHTML, like Gecko; compatible; ClaudeBot/1.0; +claudebot@anthropic.com)"
216.73.216.217 - - [06/Apr/2026:09:05:38 -0400] "GET /special/1868040462.shtml HTTP/2.0" 404 71387 "-" "Mozilla/5.0 AppleWebKit/537.36 (KHTML, like Gecko; compatible; ClaudeBot/1.0; +claudebot@anthropic.com)"
216.73.216.217 - - [06/Apr/2026:09:05:40 -0400] "GET /special/2346877284.shtml HTTP/2.0" 404 71387 "-" "Mozilla/5.0 AppleWebKit/537.36 (KHTML, like Gecko; compatible; ClaudeBot/1.0; +claudebot@anthropic.com)"
216.73.216.217 - - [06/Apr/2026:09:05:42 -0400] "GET /special/2663035725.shtml HTTP/2.0" 404 71387 "-" "Mozilla/5.0 AppleWebKit/537.36 (KHTML, like Gecko; compatible; ClaudeBot/1.0; +claudebot@anthropic.com)"
216.73.216.217 - - [06/Apr/2026:09:05:44 -0400] "GET /special/2645517148.shtml HTTP/2.0" 404 71387 "-" "Mozilla/5.0 AppleWebKit/537.36 (KHTML, like Gecko; compatible; ClaudeBot/1.0; +claudebot@anthropic.com)"
216.73.216.217 - - [06/Apr/2026:09:05:47 -0400] "GET /special/2435547942.shtml HTTP/2.0" 404 71387 "-" "Mozilla/5.0 AppleWebKit/537.36 (KHTML, like Gecko; compatible; ClaudeBot/1.0; +claudebot@anthropic.com)"
216.73.216.217 - - [06/Apr/2026:09:05:49 -0400] "GET /special/4054146148.shtml HTTP/2.0" 404 71387 "-" "Mozilla/5.0 AppleWebKit/537.36 (KHTML, like Gecko; compatible; ClaudeBot/1.0; +claudebot@anthropic.com)"
216.73.216.217 - - [06/Apr/2026:09:05:51 -0400] "GET /special/1500389254.shtml HTTP/2.0" 404 71387 "-" "Mozilla/5.0 AppleWebKit/537.36 (KHTML, like Gecko; compatible; ClaudeBot/1.0; +claudebot@anthropic.com)"
216.73.216.217 - - [06/Apr/2026:09:05:53 -0400] "GET /special/944172808.shtml HTTP/2.0" 404 71387 "-" "Mozilla/5.0 AppleWebKit/537.36 (KHTML, like Gecko; compatible; ClaudeBot/1.0; +claudebot@anthropic.com)"
216.73.216.217 - - [06/Apr/2026:09:05:55 -0400] "GET /special/3332666233.shtml HTTP/2.0" 404 71387 "-" "Mozilla/5.0 AppleWebKit/537.36 (KHTML, like Gecko; compatible; ClaudeBot/1.0; +claudebot@anthropic.com)"
216.73.216.217 - - [06/Apr/2026:09:05:57 -0400] "GET /special/1325087587.shtml HTTP/2.0" 404 71387 "-" "Mozilla/5.0 AppleWebKit/537.36 (KHTML, like Gecko; compatible; ClaudeBot/1.0; +claudebot@anthropic.com)"
216.73.216.217 - - [06/Apr/2026:09:06:00 -0400] "GET /special/2556157405.shtml HTTP/2.0" 404 71387 "-" "Mozilla/5.0 AppleWebKit/537.36 (KHTML, like Gecko; compatible; ClaudeBot/1.0; +claudebot@anthropic.com)"
216.73.216.217 - - [06/Apr/2026:09:06:02 -0400] "GET /special/2388415880.shtml HTTP/2.0" 404 71387 "-" "Mozilla/5.0 AppleWebKit/537.36 (KHTML, like Gecko; compatible; ClaudeBot/1.0; +claudebot@anthropic.com)"
216.73.216.217 - - [06/Apr/2026:09:06:04 -0400] "GET /special/3978598423.shtml HTTP/2.0" 404 71387 "-" "Mozilla/5.0 AppleWebKit/537.36 (KHTML, like Gecko; compatible; ClaudeBot/1.0; +claudebot@anthropic.com)"
148.113.130.184 - - [06/Apr/2026:09:06:04 -0400] "GET /2026/03/10/ceske-online-casino-bonus-jak-ziskat-nejvyhodnejsi-nabidky/feed/ HTTP/2.0" 200 896 "-" "Mozilla/5.0 (compatible; AhrefsBot/7.0; +http://ahrefs.com/robot/)"
74.91.222.204 - - [06/Apr/2026:09:06:07 -0400] "POST /wp-cron.php?doing_wp_cron=1775480767.3642408847808837890625 HTTP/1.1" 200 - "-" "WordPress/6.9.4; https://dartdocs.app"
216.73.216.217 - - [06/Apr/2026:09:06:06 -0400] "GET /special/3321868070.shtml HTTP/2.0" 404 71387 "-" "Mozilla/5.0 AppleWebKit/537.36 (KHTML, like Gecko; compatible; ClaudeBot/1.0; +claudebot@anthropic.com)"
216.73.216.217 - - [06/Apr/2026:09:06:08 -0400] "GET /special/2433279644.shtml HTTP/2.0" 404 71387 "-" "Mozilla/5.0 AppleWebKit/537.36 (KHTML, like Gecko; compatible; ClaudeBot/1.0; +claudebot@anthropic.com)"
216.73.216.217 - - [06/Apr/2026:09:06:11 -0400] "GET /special/1354767480.shtml HTTP/2.0" 404 71387 "-" "Mozilla/5.0 AppleWebKit/537.36 (KHTML, like Gecko; compatible; ClaudeBot/1.0; +claudebot@anthropic.com)"
216.73.216.217 - - [06/Apr/2026:09:06:13 -0400] "GET /special/2517626318.shtml HTTP/2.0" 404 71387 "-" "Mozilla/5.0 AppleWebKit/537.36 (KHTML, like Gecko; compatible; ClaudeBot/1.0; +claudebot@anthropic.com)"
216.73.216.217 - - [06/Apr/2026:09:06:15 -0400] "GET /special/2729634805.shtml HTTP/2.0" 404 71387 "-" "Mozilla/5.0 AppleWebKit/537.36 (KHTML, like Gecko; compatible; ClaudeBot/1.0; +claudebot@anthropic.com)"
50.3.167.20 - - [06/Apr/2026:09:06:17 -0400] "GET /2026/02/17/casino-non-aams-sicuri/ HTTP/1.1" 200 78158 "https://dartdocs.app/" "Mozilla/5.0 (Macintosh; Intel Mac OS X 12_5) AppleWebKit/537.36 (KHTML, like Gecko) Chrome/114.0.0.0 Safari/537.36 Vivaldi/5.3.2679.68"
216.73.216.217 - - [06/Apr/2026:09:06:17 -0400] "GET /special/255794883.shtml HTTP/2.0" 404 71387 "-" "Mozilla/5.0 AppleWebKit/537.36 (KHTML, like Gecko; compatible; ClaudeBot/1.0; +claudebot@anthropic.com)"
50.3.167.20 - - [06/Apr/2026:09:06:19 -0400] "GET /wp-login.php?action=register HTTP/1.1" 404 35683 "https://dartdocs.app/2026/02/17/casino-non-aams-sicuri/" "Mozilla/5.0 (Windows NT 6.3; Win64; x64) AppleWebKit/537.36 (KHTML, like Gecko) Chrome/103.0.0.0 Safari/537.36"
216.73.216.217 - - [06/Apr/2026:09:06:19 -0400] "GET /special/4043789861.shtml HTTP/2.0" 404 71387 "-" "Mozilla/5.0 AppleWebKit/537.36 (KHTML, like Gecko; compatible; ClaudeBot/1.0; +claudebot@anthropic.com)"
50.3.167.20 - - [06/Apr/2026:09:06:21 -0400] "GET /wp-login.php?action=register HTTP/1.1" 404 35683 "https://dartdocs.app/wp-login.php?action=register" "Mozilla/5.0 (Windows NT 6.3; Win64; x64) AppleWebKit/537.36 (KHTML, like Gecko) Chrome/103.0.0.0 Safari/537.36"
216.73.216.217 - - [06/Apr/2026:09:06:21 -0400] "GET /special/835514146.shtml HTTP/2.0" 404 71387 "-" "Mozilla/5.0 AppleWebKit/537.36 (KHTML, like Gecko; compatible; ClaudeBot/1.0; +claudebot@anthropic.com)"
50.3.167.20 - - [06/Apr/2026:09:06:23 -0400] "GET /2026/02/17/casino-non-aams-sicuri/ HTTP/1.1" 200 78158 "https://dartdocs.app/2026/02/17/casino-non-aams-sicuri/" "Mozilla/5.0 (Windows NT 6.3; Win64; x64) AppleWebKit/537.36 (KHTML, like Gecko) Chrome/103.0.0.0 Safari/537.36"
216.73.216.217 - - [06/Apr/2026:09:06:24 -0400] "GET /special/3338818241.shtml HTTP/2.0" 404 71387 "-" "Mozilla/5.0 AppleWebKit/537.36 (KHTML, like Gecko; compatible; ClaudeBot/1.0; +claudebot@anthropic.com)"
50.3.167.20 - - [06/Apr/2026:09:06:25 -0400] "GET /wp-content/plugins/heroic-table-of-contents/dist/blocks.style.build.css?ver=1768254467 HTTP/1.1" 200 9461 "https://dartdocs.app/2026/02/17/casino-non-aams-sicuri/" "Mozilla/5.0 (Windows NT 10.0; Win64; x64) AppleWebKit/537.36 (KHTML, like Gecko) Chrome/143.0.0.0 Safari/537.36"
50.3.167.20 - - [06/Apr/2026:09:06:26 -0400] "GET /wp-includes/css/dist/components/style.min.css?ver=6.9.4 HTTP/1.1" 200 100222 "https://dartdocs.app/2026/02/17/casino-non-aams-sicuri/" "Mozilla/5.0 (Windows NT 10.0; Win64; x64) AppleWebKit/537.36 (KHTML, like Gecko) Chrome/143.0.0.0 Safari/537.36"
216.73.216.217 - - [06/Apr/2026:09:06:26 -0400] "GET /special/3930061209.shtml HTTP/2.0" 404 71387 "-" "Mozilla/5.0 AppleWebKit/537.36 (KHTML, like Gecko; compatible; ClaudeBot/1.0; +claudebot@anthropic.com)"
178.159.37.83 - - [06/Apr/2026:09:06:27 -0400] "GET /2026/04/06/laki-world-sloty-luchshie-igrovye-avtomaty-s-40/ HTTP/1.1" 200 98171 "-" "Screaming Frog SEO Spider/19.8"
50.3.167.20 - - [06/Apr/2026:09:06:28 -0400] "GET /wp-includes/css/dist/preferences/style.min.css?ver=6.9.4 HTTP/1.1" 200 1003 "https://dartdocs.app/2026/02/17/casino-non-aams-sicuri/" "Mozilla/5.0 (Windows NT 10.0; Win64; x64) AppleWebKit/537.36 (KHTML, like Gecko) Chrome/143.0.0.0 Safari/537.36"
216.73.216.217 - - [06/Apr/2026:09:06:28 -0400] "GET /special/351578871.shtml HTTP/2.0" 404 71387 "-" "Mozilla/5.0 AppleWebKit/537.36 (KHTML, like Gecko; compatible; ClaudeBot/1.0; +claudebot@anthropic.com)"
