216.73.216.217 - - [06/Apr/2026:08:43:38 -0400] "GET /special/3784157838.shtml HTTP/2.0" 404 71387 "-" "Mozilla/5.0 AppleWebKit/537.36 (KHTML, like Gecko; compatible; ClaudeBot/1.0; +claudebot@anthropic.com)"
216.73.216.217 - - [06/Apr/2026:08:43:40 -0400] "GET /special/3700269236.shtml HTTP/2.0" 404 71387 "-" "Mozilla/5.0 AppleWebKit/537.36 (KHTML, like Gecko; compatible; ClaudeBot/1.0; +claudebot@anthropic.com)"
167.114.139.6 - - [06/Apr/2026:08:44:05 -0400] "GET /2026/02/16/gambling-beliefs-how-cultural-perspectives-shape/ HTTP/2.0" 200 81508 "-" "Mozilla/5.0 (compatible; AhrefsBot/7.0; +http://ahrefs.com/robot/)"
74.91.222.204 - - [06/Apr/2026:08:44:08 -0400] "POST /wp-cron.php?doing_wp_cron=1775479448.8276460170745849609375 HTTP/1.1" 200 - "-" "WordPress/6.9.4; https://dartdocs.app"
98.83.8.142 - - [06/Apr/2026:08:44:08 -0400] "GET /2026/03/04/unlock-winning-strategies-at-the-casino-with-unknown/ HTTP/1.1" 200 79213 "-" "Mozilla/5.0 AppleWebKit/537.36 (KHTML, like Gecko; compatible; Amazonbot/0.1; +https://developer.amazon.com/support/amazonbot) Chrome/119.0.6045.214 Safari/537.36"
18.210.58.238 - - [06/Apr/2026:08:44:11 -0400] "GET /2023/03/02/fix-issues-with-find-hub-android-help/ HTTP/1.1" 200 85634 "-" "Mozilla/5.0 AppleWebKit/537.36 (KHTML, like Gecko; compatible; Amazonbot/0.1; +https://developer.amazon.com/support/amazonbot) Chrome/119.0.6045.214 Safari/537.36"
54.80.73.122 - - [06/Apr/2026:08:44:20 -0400] "GET /2026/02/27/future-gaming-trends-what-to-expect-from-the-2/ HTTP/1.1" 200 80676 "-" "Mozilla/5.0 AppleWebKit/537.36 (KHTML, like Gecko; compatible; Amazonbot/0.1; +https://developer.amazon.com/support/amazonbot) Chrome/119.0.6045.214 Safari/537.36"
74.91.222.204 - - [06/Apr/2026:08:44:53 -0400] "POST /wp-cron.php?doing_wp_cron=1775479493.8138260841369628906250 HTTP/1.1" 200 - "-" "WordPress/6.9.4; https://dartdocs.app"
98.98.33.7 - - [06/Apr/2026:08:44:53 -0400] "POST /xmlrpc.php HTTP/1.1" 200 180 "-" "Mozilla/5.0 (Windows NT 10.0; Win64; x64) AppleWebKit/537.36 (KHTML, like Gecko) Chrome/114.0.0.0 Safari/537.36"
15.235.98.253 - - [06/Apr/2026:08:44:57 -0400] "GET /2026/03/14/desata-las-arenas-del-desierto-experiencia-de-slot/ HTTP/2.0" 200 79288 "-" "Mozilla/5.0 (compatible; AhrefsBot/7.0; +http://ahrefs.com/robot/)"
98.98.33.7 - - [06/Apr/2026:08:45:00 -0400] "POST /xmlrpc.php HTTP/1.1" 200 11657 "-" "Mozilla/5.0 (Windows NT 10.0; Win64; x64) AppleWebKit/537.36 (KHTML, like Gecko) Chrome/114.0.0.0 Safari/537.36"
98.98.33.7 - - [06/Apr/2026:08:45:02 -0400] "GET /2026/04/06/migliori-casino-online-mastercard-casino-da-20-dollari-aams-2026-classificazione-aggiornata-anche-sicura/ HTTP/1.1" 200 82690 "-" "Mozilla/5.0 (Windows NT 10.0; Win64; x64) AppleWebKit/537.36 (KHTML, like Gecko) Chrome/123.0.0.0 Safari/537.36"
74.91.222.204 - - [06/Apr/2026:08:46:00 -0400] "POST /wp-cron.php?doing_wp_cron=1775479560.9704570770263671875000 HTTP/1.1" 200 - "-" "WordPress/6.9.4; https://dartdocs.app"
142.44.228.66 - - [06/Apr/2026:08:45:59 -0400] "GET /tag/casino-game-online-slots/feed/ HTTP/2.0" 200 5269 "-" "Mozilla/5.0 (compatible; AhrefsBot/7.0; +http://ahrefs.com/robot/)"
144.217.67.195 - - [06/Apr/2026:08:46:32 -0400] "GET /2025/06/04/mobile-pokies-australia-instant-withdrawal/ HTTP/1.1" 200 392872 "-" "Mozilla/5.0 (compatible; Googlebot/2.1; +http://www.google.com/bot.html)"
74.91.222.204 - - [06/Apr/2026:08:46:53 -0400] "POST /wp-cron.php?doing_wp_cron=1775479613.2288160324096679687500 HTTP/1.1" 200 - "-" "WordPress/6.9.4; https://dartdocs.app"
98.98.33.7 - - [06/Apr/2026:08:46:52 -0400] "POST /xmlrpc.php HTTP/1.1" 200 180 "-" "Mozilla/5.0 (Windows NT 10.0; Win64; x64) AppleWebKit/537.36 (KHTML, like Gecko) Chrome/114.0.0.0 Safari/537.36"
51.161.37.214 - - [06/Apr/2026:08:46:56 -0400] "GET /2026/03/20/100-freispiele-ohne-einzahlung-tagesordnungspunkt-angebote-2026/feed/ HTTP/2.0" 200 903 "-" "Mozilla/5.0 (compatible; AhrefsBot/7.0; +http://ahrefs.com/robot/)"
98.98.33.7 - - [06/Apr/2026:08:46:59 -0400] "POST /xmlrpc.php HTTP/1.1" 200 12242 "-" "Mozilla/5.0 (Windows NT 10.0; Win64; x64) AppleWebKit/537.36 (KHTML, like Gecko) Chrome/114.0.0.0 Safari/537.36"
98.98.33.7 - - [06/Apr/2026:08:47:01 -0400] "GET /2026/04/06/verde-mucchio-%E1%90%88-bonus-di-500-cellulare-applicativo-beonbet-220-giri-a-scrocco/ HTTP/1.1" 200 82967 "-" "Mozilla/5.0 (Windows NT 10.0; Win64; x64) AppleWebKit/537.36 (KHTML, like Gecko) Chrome/124.0.0.0 Safari/537.36"
74.91.222.204 - - [06/Apr/2026:08:48:06 -0400] "POST /wp-cron.php?doing_wp_cron=1775479686.7140119075775146484375 HTTP/1.1" 200 - "-" "WordPress/6.9.4; https://dartdocs.app"
152.42.232.149 - - [06/Apr/2026:08:48:06 -0400] "GET /wp-login.php HTTP/2.0" 404 35683 "-" "Mozilla/5.0 (Macintosh; Intel Mac OS X 10_12) AppleWebKit/602.1.50 (KHTML, like Gecko) Version/10.0 Safari/602.1.50"
74.91.222.204 - - [06/Apr/2026:08:48:10 -0400] "POST /wp-cron.php?doing_wp_cron=1775479690.4019489288330078125000 HTTP/1.1" 200 - "-" "WordPress/6.9.4; https://dartdocs.app"
15.235.27.66 - - [06/Apr/2026:08:48:09 -0400] "GET /2026/03/03/kumar-oyunlarnn-gelecei-sanal-gerceklik-ve-artrlm-2/ HTTP/2.0" 200 78542 "-" "Mozilla/5.0 (compatible; AhrefsBot/7.0; +http://ahrefs.com/robot/)"
74.91.222.204 - - [06/Apr/2026:08:48:49 -0400] "POST /wp-cron.php?doing_wp_cron=1775479729.4574120044708251953125 HTTP/1.1" 200 - "-" "WordPress/6.9.4; https://dartdocs.app"
98.98.33.7 - - [06/Apr/2026:08:48:49 -0400] "POST /xmlrpc.php HTTP/1.1" 200 180 "-" "Mozilla/5.0 (Windows NT 10.0; Win64; x64) AppleWebKit/537.36 (KHTML, like Gecko) Chrome/114.0.0.0 Safari/537.36"
98.98.33.7 - - [06/Apr/2026:08:48:55 -0400] "POST /xmlrpc.php HTTP/1.1" 200 12148 "-" "Mozilla/5.0 (Windows NT 10.0; Win64; x64) AppleWebKit/537.36 (KHTML, like Gecko) Chrome/114.0.0.0 Safari/537.36"
98.98.33.7 - - [06/Apr/2026:08:48:58 -0400] "GET /2026/04/06/wonaco-casino-recensione-analisi-rise-of-ra-soldi-veri-online-compiuto-gratifica-addirittura-pagamenti-veloci-per-giocatori-italiani/ HTTP/1.1" 200 83319 "-" "Mozilla/5.0 (Windows NT 10.0; Win64; x64) AppleWebKit/537.36 (KHTML, like Gecko) Chrome/109.0.0.0 Safari/537.36"
74.91.222.204 - - [06/Apr/2026:08:49:09 -0400] "POST /wp-cron.php?doing_wp_cron=1775479749.6201930046081542968750 HTTP/1.1" 200 - "-" "WordPress/6.9.4; https://dartdocs.app"
51.161.37.51 - - [06/Apr/2026:08:49:08 -0400] "GET /2026/03/20/choy-sunrays-doa-slot-machine-enjoy-pokie-because-of-the-aristocrat/feed/ HTTP/2.0" 200 915 "-" "Mozilla/5.0 (compatible; AhrefsBot/7.0; +http://ahrefs.com/robot/)"
194.165.16.5 - - [06/Apr/2026:08:50:02 -0400] "GET /login/ HTTP/2.0" 200 12188 "-" "Mozilla/5.0 (Macintosh; Intel Mac OS X 13_5) AppleWebKit/605.1.15 (KHTML, like Gecko) Version/17.5 Safari/605.1.15"
74.91.222.204 - - [06/Apr/2026:08:50:10 -0400] "POST /wp-cron.php?doing_wp_cron=1775479810.6840960979461669921875 HTTP/1.1" 200 - "-" "WordPress/6.9.4; https://dartdocs.app"
15.235.96.217 - - [06/Apr/2026:08:50:09 -0400] "GET /2026/03/20/coin-learn-100-percent-free-spins-contemporary-every-day-links-march-2026/feed/ HTTP/2.0" 200 932 "-" "Mozilla/5.0 (compatible; AhrefsBot/7.0; +http://ahrefs.com/robot/)"
74.91.222.204 - - [06/Apr/2026:08:50:47 -0400] "POST /wp-cron.php?doing_wp_cron=1775479847.5318629741668701171875 HTTP/1.1" 200 - "-" "WordPress/6.9.4; https://dartdocs.app"
98.98.33.7 - - [06/Apr/2026:08:50:47 -0400] "POST /xmlrpc.php HTTP/1.1" 200 180 "-" "Mozilla/5.0 (Windows NT 10.0; Win64; x64) AppleWebKit/537.36 (KHTML, like Gecko) Chrome/114.0.0.0 Safari/537.36"
98.98.33.7 - - [06/Apr/2026:08:50:53 -0400] "POST /xmlrpc.php HTTP/1.1" 200 11644 "-" "Mozilla/5.0 (Windows NT 10.0; Win64; x64) AppleWebKit/537.36 (KHTML, like Gecko) Chrome/114.0.0.0 Safari/537.36"
98.98.33.7 - - [06/Apr/2026:08:50:55 -0400] "GET /2026/04/06/iscriviti-oggi-di-nuovo-ottieni-il-penalty-duel-casino-tuo-compenso-per-italia-sopra-billionaire-spin-casino/ HTTP/1.1" 200 82877 "-" "Mozilla/5.0 (Windows NT 10.0; Win64; x64) AppleWebKit/537.36 (KHTML, like Gecko) Chrome/124.0.0.0 Safari/537.36"
74.91.222.204 - - [06/Apr/2026:08:51:16 -0400] "POST /wp-cron.php?doing_wp_cron=1775479876.7257020473480224609375 HTTP/1.1" 200 - "-" "WordPress/6.9.4; https://dartdocs.app"
15.235.96.194 - - [06/Apr/2026:08:51:15 -0400] "GET /2026/03/20/eye-of-horus-gebuhrenfrei-vortragen-exklusive-eintragung-rtp-94-81/feed/ HTTP/2.0" 200 914 "-" "Mozilla/5.0 (compatible; AhrefsBot/7.0; +http://ahrefs.com/robot/)"
185.71.214.180 - - [06/Apr/2026:08:51:49 -0400] "POST /xmlrpc.php HTTP/1.1" 200 4111 "-" "Python-xmlrpc/3.10"
74.91.222.204 - - [06/Apr/2026:08:51:50 -0400] "POST /wp-cron.php?doing_wp_cron=1775479910.9700160026550292968750 HTTP/1.1" 200 - "-" "WordPress/6.9.4; https://dartdocs.app"
185.71.214.180 - - [06/Apr/2026:08:51:50 -0400] "POST /xmlrpc.php HTTP/1.1" 200 180 "-" "Python-xmlrpc/3.10"
185.71.214.180 - - [06/Apr/2026:08:51:51 -0400] "POST /xmlrpc.php HTTP/1.1" 200 24347 "-" "Python-xmlrpc/3.10"
222.127.190.23 - - [06/Apr/2026:08:51:57 -0400] "GET /article-categories/rope-rescue/ HTTP/1.1" 200 75553 "-" "Mozilla/5.0 (Macintosh; U; Intel Mac OS X 10_8_7; rv:1.9.4.20) Gecko/3703-03-10 09:38:05.329361 Firefox/3.8"
74.91.222.204 - - [06/Apr/2026:08:52:13 -0400] "POST /wp-cron.php?doing_wp_cron=1775479933.3633630275726318359375 HTTP/1.1" 200 - "-" "WordPress/6.9.4; https://dartdocs.app"
51.222.168.43 - - [06/Apr/2026:08:52:12 -0400] "GET /2026/03/20/freispiel-spielsaal-boni-spins-ohne-einzahlung-2026/feed/ HTTP/2.0" 200 866 "-" "Mozilla/5.0 (compatible; AhrefsBot/7.0; +http://ahrefs.com/robot/)"
23.105.157.18 - - [06/Apr/2026:08:52:41 -0400] "GET /2025/05/19/jocuri-pacanele-demo/ HTTP/1.1" 200 392806 "-" "Mozilla/5.0 (compatible; Googlebot/2.1; +http://www.google.com/bot.html)"
74.91.222.204 - - [06/Apr/2026:08:52:45 -0400] "POST /wp-cron.php?doing_wp_cron=1775479965.7724699974060058593750 HTTP/1.1" 200 - "-" "WordPress/6.9.4; https://dartdocs.app"
98.98.33.7 - - [06/Apr/2026:08:52:45 -0400] "POST /xmlrpc.php HTTP/1.1" 200 180 "-" "Mozilla/5.0 (Windows NT 10.0; Win64; x64) AppleWebKit/537.36 (KHTML, like Gecko) Chrome/114.0.0.0 Safari/537.36"
155.94.150.97 - - [06/Apr/2026:08:52:49 -0400] "GET /2025/05/19/jocuri-pacanele-demo/ HTTP/1.1" 200 392806 "-" "Mozilla/5.0 (compatible; Googlebot/2.1; +http://www.google.com/bot.html)"
98.98.33.7 - - [06/Apr/2026:08:52:52 -0400] "POST /xmlrpc.php HTTP/1.1" 200 12552 "-" "Mozilla/5.0 (Windows NT 10.0; Win64; x64) AppleWebKit/537.36 (KHTML, like Gecko) Chrome/114.0.0.0 Safari/537.36"
98.98.33.7 - - [06/Apr/2026:08:52:54 -0400] "GET /2026/04/06/888-premio-anche-scarica-lapplicazione-del-pacchetto-beonbet-codici-promozionali-verso-giocare-gratis-nel-2026/ HTTP/1.1" 200 83611 "-" "Mozilla/5.0 (Windows NT 10.0; Win64; x64) AppleWebKit/537.36 (KHTML, like Gecko) Chrome/124.0.0.0 Safari/537.36"
74.91.222.204 - - [06/Apr/2026:08:53:09 -0400] "POST /wp-cron.php?doing_wp_cron=1775479989.9245200157165527343750 HTTP/1.1" 200 - "-" "WordPress/6.9.4; https://dartdocs.app"
142.44.233.101 - - [06/Apr/2026:08:53:08 -0400] "GET /2026/03/20/gryphons-gold-tragaperras/feed/ HTTP/2.0" 200 788 "-" "Mozilla/5.0 (compatible; AhrefsBot/7.0; +http://ahrefs.com/robot/)"
74.91.222.204 - - [06/Apr/2026:08:54:13 -0400] "POST /wp-cron.php?doing_wp_cron=1775480053.9518349170684814453125 HTTP/1.1" 200 - "-" "WordPress/6.9.4; https://dartdocs.app"
216.73.216.217 - - [06/Apr/2026:08:54:13 -0400] "GET /special/2500794497.shtml HTTP/2.0" 404 71387 "-" "Mozilla/5.0 AppleWebKit/537.36 (KHTML, like Gecko; compatible; ClaudeBot/1.0; +claudebot@anthropic.com)"
216.73.216.217 - - [06/Apr/2026:08:54:15 -0400] "GET /special/488790570.shtml HTTP/2.0" 404 71387 "-" "Mozilla/5.0 AppleWebKit/537.36 (KHTML, like Gecko; compatible; ClaudeBot/1.0; +claudebot@anthropic.com)"
54.39.136.84 - - [06/Apr/2026:08:54:14 -0400] "GET /2026/03/25/the-impact-of-gamification-on-casino-engagement-5/feed/ HTTP/2.0" 200 858 "-" "Mozilla/5.0 (compatible; AhrefsBot/7.0; +http://ahrefs.com/robot/)"
216.73.216.217 - - [06/Apr/2026:08:54:17 -0400] "GET /special/4201595307.shtml HTTP/2.0" 404 71387 "-" "Mozilla/5.0 AppleWebKit/537.36 (KHTML, like Gecko; compatible; ClaudeBot/1.0; +claudebot@anthropic.com)"
216.73.216.217 - - [06/Apr/2026:08:54:19 -0400] "GET /special/1508329464.shtml HTTP/2.0" 404 71387 "-" "Mozilla/5.0 AppleWebKit/537.36 (KHTML, like Gecko; compatible; ClaudeBot/1.0; +claudebot@anthropic.com)"
216.73.216.217 - - [06/Apr/2026:08:54:21 -0400] "GET /special/26614093.shtml HTTP/2.0" 404 71387 "-" "Mozilla/5.0 AppleWebKit/537.36 (KHTML, like Gecko; compatible; ClaudeBot/1.0; +claudebot@anthropic.com)"
216.73.216.217 - - [06/Apr/2026:08:54:23 -0400] "GET /special/1106159768.shtml HTTP/2.0" 404 71387 "-" "Mozilla/5.0 AppleWebKit/537.36 (KHTML, like Gecko; compatible; ClaudeBot/1.0; +claudebot@anthropic.com)"
216.73.216.217 - - [06/Apr/2026:08:54:25 -0400] "GET /special/3352103243.shtml HTTP/2.0" 404 71387 "-" "Mozilla/5.0 AppleWebKit/537.36 (KHTML, like Gecko; compatible; ClaudeBot/1.0; +claudebot@anthropic.com)"
216.73.216.217 - - [06/Apr/2026:08:54:28 -0400] "GET /special/738735604.shtml HTTP/2.0" 404 71387 "-" "Mozilla/5.0 AppleWebKit/537.36 (KHTML, like Gecko; compatible; ClaudeBot/1.0; +claudebot@anthropic.com)"
162.241.253.177 - - [06/Apr/2026:08:54:28 -0400] "GET /wp-login.php HTTP/2.0" 404 35683 "-" "Mozilla/5.0 (compatible; MSIE 9.0; Windows NT 6.1; WOW64; Trident/7.0)"
216.73.216.217 - - [06/Apr/2026:08:54:30 -0400] "GET /special/77416479.shtml HTTP/2.0" 404 71387 "-" "Mozilla/5.0 AppleWebKit/537.36 (KHTML, like Gecko; compatible; ClaudeBot/1.0; +claudebot@anthropic.com)"
216.73.216.217 - - [06/Apr/2026:08:54:32 -0400] "GET /special/3542604263.shtml HTTP/2.0" 404 71387 "-" "Mozilla/5.0 AppleWebKit/537.36 (KHTML, like Gecko; compatible; ClaudeBot/1.0; +claudebot@anthropic.com)"
74.91.222.204 - - [06/Apr/2026:08:54:33 -0400] "POST /wp-cron.php?doing_wp_cron=1775480073.3732910156250000000000 HTTP/1.1" 200 - "-" "WordPress/6.9.4; https://dartdocs.app"
98.98.33.7 - - [06/Apr/2026:08:54:33 -0400] "POST /xmlrpc.php HTTP/1.1" 200 180 "-" "Mozilla/5.0 (Windows NT 10.0; Win64; x64) AppleWebKit/537.36 (KHTML, like Gecko) Chrome/114.0.0.0 Safari/537.36"
216.73.216.217 - - [06/Apr/2026:08:54:34 -0400] "GET /special/459932026.shtml HTTP/2.0" 404 71387 "-" "Mozilla/5.0 AppleWebKit/537.36 (KHTML, like Gecko; compatible; ClaudeBot/1.0; +claudebot@anthropic.com)"
216.73.216.217 - - [06/Apr/2026:08:54:36 -0400] "GET /special/733801490.shtml HTTP/2.0" 404 71387 "-" "Mozilla/5.0 AppleWebKit/537.36 (KHTML, like Gecko; compatible; ClaudeBot/1.0; +claudebot@anthropic.com)"
216.73.216.217 - - [06/Apr/2026:08:54:39 -0400] "GET /special/893366568.shtml HTTP/2.0" 404 71387 "-" "Mozilla/5.0 AppleWebKit/537.36 (KHTML, like Gecko; compatible; ClaudeBot/1.0; +claudebot@anthropic.com)"
98.98.33.7 - - [06/Apr/2026:08:54:39 -0400] "POST /xmlrpc.php HTTP/1.1" 200 11500 "-" "Mozilla/5.0 (Windows NT 10.0; Win64; x64) AppleWebKit/537.36 (KHTML, like Gecko) Chrome/114.0.0.0 Safari/537.36"
216.73.216.217 - - [06/Apr/2026:08:54:41 -0400] "GET /special/322593886.shtml HTTP/2.0" 404 71387 "-" "Mozilla/5.0 AppleWebKit/537.36 (KHTML, like Gecko; compatible; ClaudeBot/1.0; +claudebot@anthropic.com)"
98.98.33.7 - - [06/Apr/2026:08:54:41 -0400] "GET /2026/04/06/casa-da-gioco-annotazione-spid-i-migliori-spybet-casino-it-del-2026-sopra-italia/ HTTP/1.1" 200 82529 "-" "Mozilla/5.0 (Windows NT 10.0; Win64; x64) AppleWebKit/537.36 (KHTML, like Gecko) Chrome/124.0.0.0 Safari/537.36 Edg/124.0.0.0"
216.73.216.217 - - [06/Apr/2026:08:54:43 -0400] "GET /special/350076792.shtml HTTP/2.0" 404 71387 "-" "Mozilla/5.0 AppleWebKit/537.36 (KHTML, like Gecko; compatible; ClaudeBot/1.0; +claudebot@anthropic.com)"
216.73.216.217 - - [06/Apr/2026:08:54:45 -0400] "GET /special/4254118657.shtml HTTP/2.0" 404 71387 "-" "Mozilla/5.0 AppleWebKit/537.36 (KHTML, like Gecko; compatible; ClaudeBot/1.0; +claudebot@anthropic.com)"
216.73.216.217 - - [06/Apr/2026:08:54:47 -0400] "GET /special/3944919602.shtml HTTP/2.0" 404 71387 "-" "Mozilla/5.0 AppleWebKit/537.36 (KHTML, like Gecko; compatible; ClaudeBot/1.0; +claudebot@anthropic.com)"
216.73.216.217 - - [06/Apr/2026:08:54:49 -0400] "GET /special/545842767.shtml HTTP/2.0" 404 71387 "-" "Mozilla/5.0 AppleWebKit/537.36 (KHTML, like Gecko; compatible; ClaudeBot/1.0; +claudebot@anthropic.com)"
216.73.216.217 - - [06/Apr/2026:08:54:52 -0400] "GET /special/3640950477.shtml HTTP/2.0" 404 71387 "-" "Mozilla/5.0 AppleWebKit/537.36 (KHTML, like Gecko; compatible; ClaudeBot/1.0; +claudebot@anthropic.com)"
216.73.216.217 - - [06/Apr/2026:08:54:54 -0400] "GET /special/391260191.shtml HTTP/2.0" 404 71387 "-" "Mozilla/5.0 AppleWebKit/537.36 (KHTML, like Gecko; compatible; ClaudeBot/1.0; +claudebot@anthropic.com)"
216.73.216.217 - - [06/Apr/2026:08:54:56 -0400] "GET /special/543814865.shtml HTTP/2.0" 404 71387 "-" "Mozilla/5.0 AppleWebKit/537.36 (KHTML, like Gecko; compatible; ClaudeBot/1.0; +claudebot@anthropic.com)"
216.73.216.217 - - [06/Apr/2026:08:54:58 -0400] "GET /special/294658799.shtml HTTP/2.0" 404 71387 "-" "Mozilla/5.0 AppleWebKit/537.36 (KHTML, like Gecko; compatible; ClaudeBot/1.0; +claudebot@anthropic.com)"
216.73.216.217 - - [06/Apr/2026:08:55:00 -0400] "GET /special/528598347.shtml HTTP/2.0" 404 71387 "-" "Mozilla/5.0 AppleWebKit/537.36 (KHTML, like Gecko; compatible; ClaudeBot/1.0; +claudebot@anthropic.com)"
216.73.216.217 - - [06/Apr/2026:08:55:03 -0400] "GET /special/29777629.shtml HTTP/2.0" 404 71387 "-" "Mozilla/5.0 AppleWebKit/537.36 (KHTML, like Gecko; compatible; ClaudeBot/1.0; +claudebot@anthropic.com)"
216.73.216.217 - - [06/Apr/2026:08:55:05 -0400] "GET /special/124400749.shtml HTTP/2.0" 404 71387 "-" "Mozilla/5.0 AppleWebKit/537.36 (KHTML, like Gecko; compatible; ClaudeBot/1.0; +claudebot@anthropic.com)"
74.91.222.204 - - [06/Apr/2026:08:55:08 -0400] "POST /wp-cron.php?doing_wp_cron=1775480108.0773398876190185546875 HTTP/1.1" 200 - "-" "WordPress/6.9.4; https://dartdocs.app"
216.73.216.217 - - [06/Apr/2026:08:55:07 -0400] "GET /special/960593563.shtml HTTP/2.0" 404 71387 "-" "Mozilla/5.0 AppleWebKit/537.36 (KHTML, like Gecko; compatible; ClaudeBot/1.0; +claudebot@anthropic.com)"
216.73.216.217 - - [06/Apr/2026:08:55:09 -0400] "GET /special/663754017.shtml HTTP/2.0" 404 71387 "-" "Mozilla/5.0 AppleWebKit/537.36 (KHTML, like Gecko; compatible; ClaudeBot/1.0; +claudebot@anthropic.com)"
216.73.216.217 - - [06/Apr/2026:08:55:11 -0400] "GET /special/78628578.shtml HTTP/2.0" 404 71387 "-" "Mozilla/5.0 AppleWebKit/537.36 (KHTML, like Gecko; compatible; ClaudeBot/1.0; +claudebot@anthropic.com)"
216.73.216.217 - - [06/Apr/2026:08:55:13 -0400] "GET /special/1039909151.shtml HTTP/2.0" 404 71387 "-" "Mozilla/5.0 AppleWebKit/537.36 (KHTML, like Gecko; compatible; ClaudeBot/1.0; +claudebot@anthropic.com)"
109.228.221.127 - - [06/Apr/2026:08:55:13 -0400] "GET /article-categories/introduction/ HTTP/1.1" 200 77129 "-" "Mozilla/5.0 (Macintosh; U; PPC Mac OS X 10_12_4) AppleWebKit/532.2 (KHTML, like Gecko) Chrome/45.0.816.0 Safari/532.2"
216.73.216.217 - - [06/Apr/2026:08:55:16 -0400] "GET /special/443047433.shtml HTTP/2.0" 404 71387 "-" "Mozilla/5.0 AppleWebKit/537.36 (KHTML, like Gecko; compatible; ClaudeBot/1.0; +claudebot@anthropic.com)"
216.73.216.217 - - [06/Apr/2026:08:55:18 -0400] "GET /special/2284537033.shtml HTTP/2.0" 404 71387 "-" "Mozilla/5.0 AppleWebKit/537.36 (KHTML, like Gecko; compatible; ClaudeBot/1.0; +claudebot@anthropic.com)"
142.44.228.155 - - [06/Apr/2026:08:55:18 -0400] "GET /2026/03/20/juegos-sobre-casino-en-internet-excepcionales-en-gaming-gym/feed/ HTTP/2.0" 200 890 "-" "Mozilla/5.0 (compatible; AhrefsBot/7.0; +http://ahrefs.com/robot/)"
216.73.216.217 - - [06/Apr/2026:08:55:20 -0400] "GET /special/73229212.shtml HTTP/2.0" 404 71387 "-" "Mozilla/5.0 AppleWebKit/537.36 (KHTML, like Gecko; compatible; ClaudeBot/1.0; +claudebot@anthropic.com)"
216.73.216.217 - - [06/Apr/2026:08:55:22 -0400] "GET /special/559752192.shtml HTTP/2.0" 404 71387 "-" "Mozilla/5.0 AppleWebKit/537.36 (KHTML, like Gecko; compatible; ClaudeBot/1.0; +claudebot@anthropic.com)"
216.73.216.217 - - [06/Apr/2026:08:55:24 -0400] "GET /special/3839769366.shtml HTTP/2.0" 404 71387 "-" "Mozilla/5.0 AppleWebKit/537.36 (KHTML, like Gecko; compatible; ClaudeBot/1.0; +claudebot@anthropic.com)"
216.73.216.217 - - [06/Apr/2026:08:55:27 -0400] "GET /special/490404206.shtml HTTP/2.0" 404 71387 "-" "Mozilla/5.0 AppleWebKit/537.36 (KHTML, like Gecko; compatible; ClaudeBot/1.0; +claudebot@anthropic.com)"
216.73.216.217 - - [06/Apr/2026:08:55:29 -0400] "GET /special/379080596.shtml HTTP/2.0" 404 71387 "-" "Mozilla/5.0 AppleWebKit/537.36 (KHTML, like Gecko; compatible; ClaudeBot/1.0; +claudebot@anthropic.com)"
216.73.216.217 - - [06/Apr/2026:08:55:31 -0400] "GET /special/1162646510.shtml HTTP/2.0" 404 71387 "-" "Mozilla/5.0 AppleWebKit/537.36 (KHTML, like Gecko; compatible; ClaudeBot/1.0; +claudebot@anthropic.com)"
216.73.216.217 - - [06/Apr/2026:08:55:33 -0400] "GET /special/4292163333.shtml HTTP/2.0" 404 71387 "-" "Mozilla/5.0 AppleWebKit/537.36 (KHTML, like Gecko; compatible; ClaudeBot/1.0; +claudebot@anthropic.com)"
216.73.216.217 - - [06/Apr/2026:08:55:35 -0400] "GET /special/950838166.shtml HTTP/2.0" 404 71387 "-" "Mozilla/5.0 AppleWebKit/537.36 (KHTML, like Gecko; compatible; ClaudeBot/1.0; +claudebot@anthropic.com)"
216.73.216.217 - - [06/Apr/2026:08:55:37 -0400] "GET /special/408760489.shtml HTTP/2.0" 404 71387 "-" "Mozilla/5.0 AppleWebKit/537.36 (KHTML, like Gecko; compatible; ClaudeBot/1.0; +claudebot@anthropic.com)"
216.73.216.217 - - [06/Apr/2026:08:55:40 -0400] "GET /special/484603303.shtml HTTP/2.0" 404 71387 "-" "Mozilla/5.0 AppleWebKit/537.36 (KHTML, like Gecko; compatible; ClaudeBot/1.0; +claudebot@anthropic.com)"
216.73.216.217 - - [06/Apr/2026:08:55:52 -0400] "GET /special/3402841909.shtml HTTP/2.0" 404 71387 "-" "Mozilla/5.0 AppleWebKit/537.36 (KHTML, like Gecko; compatible; ClaudeBot/1.0; +claudebot@anthropic.com)"
216.73.216.217 - - [06/Apr/2026:08:55:54 -0400] "GET /special/102927352.shtml HTTP/2.0" 404 71387 "-" "Mozilla/5.0 AppleWebKit/537.36 (KHTML, like Gecko; compatible; ClaudeBot/1.0; +claudebot@anthropic.com)"
216.73.216.217 - - [06/Apr/2026:08:55:56 -0400] "GET /special/1663331840.shtml HTTP/2.0" 404 71387 "-" "Mozilla/5.0 AppleWebKit/537.36 (KHTML, like Gecko; compatible; ClaudeBot/1.0; +claudebot@anthropic.com)"
216.73.216.217 - - [06/Apr/2026:08:55:59 -0400] "GET /special/768064625.shtml HTTP/2.0" 404 71387 "-" "Mozilla/5.0 AppleWebKit/537.36 (KHTML, like Gecko; compatible; ClaudeBot/1.0; +claudebot@anthropic.com)"
216.73.216.217 - - [06/Apr/2026:08:56:01 -0400] "GET /special/386644552.shtml HTTP/2.0" 404 71387 "-" "Mozilla/5.0 AppleWebKit/537.36 (KHTML, like Gecko; compatible; ClaudeBot/1.0; +claudebot@anthropic.com)"
216.73.216.217 - - [06/Apr/2026:08:56:03 -0400] "GET /special/1707699355.shtml HTTP/2.0" 404 71387 "-" "Mozilla/5.0 AppleWebKit/537.36 (KHTML, like Gecko; compatible; ClaudeBot/1.0; +claudebot@anthropic.com)"
216.73.216.217 - - [06/Apr/2026:08:56:05 -0400] "GET /special/1838569412.shtml HTTP/2.0" 404 71387 "-" "Mozilla/5.0 AppleWebKit/537.36 (KHTML, like Gecko; compatible; ClaudeBot/1.0; +claudebot@anthropic.com)"
74.91.222.204 - - [06/Apr/2026:08:56:08 -0400] "POST /wp-cron.php?doing_wp_cron=1775480168.4905810356140136718750 HTTP/1.1" 200 - "-" "WordPress/6.9.4; https://dartdocs.app"
216.73.216.217 - - [06/Apr/2026:08:56:07 -0400] "GET /special/2986669736.shtml HTTP/2.0" 404 71387 "-" "Mozilla/5.0 AppleWebKit/537.36 (KHTML, like Gecko; compatible; ClaudeBot/1.0; +claudebot@anthropic.com)"
216.73.216.217 - - [06/Apr/2026:08:56:10 -0400] "GET /special/1690814746.shtml HTTP/2.0" 404 71387 "-" "Mozilla/5.0 AppleWebKit/537.36 (KHTML, like Gecko; compatible; ClaudeBot/1.0; +claudebot@anthropic.com)"
216.73.216.217 - - [06/Apr/2026:08:56:12 -0400] "GET /special/2920628397.shtml HTTP/2.0" 404 71387 "-" "Mozilla/5.0 AppleWebKit/537.36 (KHTML, like Gecko; compatible; ClaudeBot/1.0; +claudebot@anthropic.com)"
216.73.216.217 - - [06/Apr/2026:08:56:14 -0400] "GET /special/892154469.shtml HTTP/2.0" 404 71387 "-" "Mozilla/5.0 AppleWebKit/537.36 (KHTML, like Gecko; compatible; ClaudeBot/1.0; +claudebot@anthropic.com)"
216.73.216.217 - - [06/Apr/2026:08:56:16 -0400] "GET /special/208286536.shtml HTTP/2.0" 404 71387 "-" "Mozilla/5.0 AppleWebKit/537.36 (KHTML, like Gecko; compatible; ClaudeBot/1.0; +claudebot@anthropic.com)"
216.73.216.217 - - [06/Apr/2026:08:56:18 -0400] "GET /special/351288907.shtml HTTP/2.0" 404 71387 "-" "Mozilla/5.0 AppleWebKit/537.36 (KHTML, like Gecko; compatible; ClaudeBot/1.0; +claudebot@anthropic.com)"
74.91.222.204 - - [06/Apr/2026:08:56:22 -0400] "POST /wp-cron.php?doing_wp_cron=1775480182.5681979656219482421875 HTTP/1.1" 200 - "-" "WordPress/6.9.4; https://dartdocs.app"
98.98.33.7 - - [06/Apr/2026:08:56:22 -0400] "POST /xmlrpc.php HTTP/1.1" 200 180 "-" "Mozilla/5.0 (Windows NT 10.0; Win64; x64) AppleWebKit/537.36 (KHTML, like Gecko) Chrome/114.0.0.0 Safari/537.36"
216.73.216.217 - - [06/Apr/2026:08:56:23 -0400] "GET /special/2101003245.shtml HTTP/2.0" 404 71387 "-" "Mozilla/5.0 AppleWebKit/537.36 (KHTML, like Gecko; compatible; ClaudeBot/1.0; +claudebot@anthropic.com)"
216.73.216.217 - - [06/Apr/2026:08:56:25 -0400] "GET /special/389232289.shtml HTTP/2.0" 404 71387 "-" "Mozilla/5.0 AppleWebKit/537.36 (KHTML, like Gecko; compatible; ClaudeBot/1.0; +claudebot@anthropic.com)"
216.73.216.217 - - [06/Apr/2026:08:56:27 -0400] "GET /special/638438465.shtml HTTP/2.0" 404 71387 "-" "Mozilla/5.0 AppleWebKit/537.36 (KHTML, like Gecko; compatible; ClaudeBot/1.0; +claudebot@anthropic.com)"
98.98.33.7 - - [06/Apr/2026:08:56:29 -0400] "POST /xmlrpc.php HTTP/1.1" 200 11671 "-" "Mozilla/5.0 (Windows NT 10.0; Win64; x64) AppleWebKit/537.36 (KHTML, like Gecko) Chrome/114.0.0.0 Safari/537.36"
216.73.216.217 - - [06/Apr/2026:08:56:29 -0400] "GET /special/4236048424.shtml HTTP/2.0" 404 71387 "-" "Mozilla/5.0 AppleWebKit/537.36 (KHTML, like Gecko; compatible; ClaudeBot/1.0; +claudebot@anthropic.com)"
98.98.33.7 - - [06/Apr/2026:08:56:31 -0400] "GET /2026/04/06/gratifica-casino-con-italia-tabella-aggiornata-di-february-applicativo-24-casino-2025-2026/ HTTP/1.1" 200 82705 "-" "Mozilla/5.0 (Windows NT 10.0; rv:125.0) Gecko/20100101 Firefox/125.0"
216.73.216.217 - - [06/Apr/2026:08:56:32 -0400] "GET /special/1994431946.shtml HTTP/2.0" 404 71387 "-" "Mozilla/5.0 AppleWebKit/537.36 (KHTML, like Gecko; compatible; ClaudeBot/1.0; +claudebot@anthropic.com)"
216.73.216.217 - - [06/Apr/2026:08:56:34 -0400] "GET /special/3205721203.shtml HTTP/2.0" 404 71387 "-" "Mozilla/5.0 AppleWebKit/537.36 (KHTML, like Gecko; compatible; ClaudeBot/1.0; +claudebot@anthropic.com)"
216.73.216.217 - - [06/Apr/2026:08:56:36 -0400] "GET /special/4137512228.shtml HTTP/2.0" 404 71387 "-" "Mozilla/5.0 AppleWebKit/537.36 (KHTML, like Gecko; compatible; ClaudeBot/1.0; +claudebot@anthropic.com)"
142.44.220.252 - - [06/Apr/2026:08:56:36 -0400] "GET /2026/03/20/slot-makinelerinde-kazanci-maksimize-eden-alev-casino/feed/ HTTP/2.0" 200 873 "-" "Mozilla/5.0 (compatible; AhrefsBot/7.0; +http://ahrefs.com/robot/)"
216.73.216.217 - - [06/Apr/2026:08:56:38 -0400] "GET /special/176051303.shtml HTTP/2.0" 404 71387 "-" "Mozilla/5.0 AppleWebKit/537.36 (KHTML, like Gecko; compatible; ClaudeBot/1.0; +claudebot@anthropic.com)"
216.73.216.217 - - [06/Apr/2026:08:56:40 -0400] "GET /special/1345675772.shtml HTTP/2.0" 404 71387 "-" "Mozilla/5.0 AppleWebKit/537.36 (KHTML, like Gecko; compatible; ClaudeBot/1.0; +claudebot@anthropic.com)"
216.73.216.217 - - [06/Apr/2026:08:56:43 -0400] "GET /special/80656480.shtml HTTP/2.0" 404 71387 "-" "Mozilla/5.0 AppleWebKit/537.36 (KHTML, like Gecko; compatible; ClaudeBot/1.0; +claudebot@anthropic.com)"
216.73.216.217 - - [06/Apr/2026:08:56:45 -0400] "GET /special/861035266.shtml HTTP/2.0" 404 71387 "-" "Mozilla/5.0 AppleWebKit/537.36 (KHTML, like Gecko; compatible; ClaudeBot/1.0; +claudebot@anthropic.com)"
216.73.216.217 - - [06/Apr/2026:08:56:47 -0400] "GET /special/2114722002.shtml HTTP/2.0" 404 71387 "-" "Mozilla/5.0 AppleWebKit/537.36 (KHTML, like Gecko; compatible; ClaudeBot/1.0; +claudebot@anthropic.com)"
216.73.216.217 - - [06/Apr/2026:08:56:49 -0400] "GET /special/1337701593.shtml HTTP/2.0" 404 71387 "-" "Mozilla/5.0 AppleWebKit/537.36 (KHTML, like Gecko; compatible; ClaudeBot/1.0; +claudebot@anthropic.com)"
66.249.64.5 - - [06/Apr/2026:08:56:49 -0400] "GET /article-categories/height-rescue/ HTTP/1.1" 200 394752 "-" "Mozilla/5.0 (Linux; Android 6.0.1; Nexus 5X Build/MMB29P) AppleWebKit/537.36 (KHTML, like Gecko) Chrome/146.0.7680.177 Mobile Safari/537.36 (compatible; Googlebot/2.1; +http://www.google.com/bot.html)"
216.73.216.217 - - [06/Apr/2026:08:56:51 -0400] "GET /special/4083469857.shtml HTTP/2.0" 404 71387 "-" "Mozilla/5.0 AppleWebKit/537.36 (KHTML, like Gecko; compatible; ClaudeBot/1.0; +claudebot@anthropic.com)"
216.73.216.217 - - [06/Apr/2026:08:56:53 -0400] "GET /special/3849921043.shtml HTTP/2.0" 404 71387 "-" "Mozilla/5.0 AppleWebKit/537.36 (KHTML, like Gecko; compatible; ClaudeBot/1.0; +claudebot@anthropic.com)"
216.73.216.217 - - [06/Apr/2026:08:56:56 -0400] "GET /special/1071681825.shtml HTTP/2.0" 404 71387 "-" "Mozilla/5.0 AppleWebKit/537.36 (KHTML, like Gecko; compatible; ClaudeBot/1.0; +claudebot@anthropic.com)"
216.73.216.217 - - [06/Apr/2026:08:56:58 -0400] "GET /special/2754539335.shtml HTTP/2.0" 404 71387 "-" "Mozilla/5.0 AppleWebKit/537.36 (KHTML, like Gecko; compatible; ClaudeBot/1.0; +claudebot@anthropic.com)"
216.73.216.217 - - [06/Apr/2026:08:57:00 -0400] "GET /special/268408889.shtml HTTP/2.0" 404 71387 "-" "Mozilla/5.0 AppleWebKit/537.36 (KHTML, like Gecko; compatible; ClaudeBot/1.0; +claudebot@anthropic.com)"
216.73.216.217 - - [06/Apr/2026:08:57:02 -0400] "GET /special/851624557.shtml HTTP/2.0" 404 71387 "-" "Mozilla/5.0 AppleWebKit/537.36 (KHTML, like Gecko; compatible; ClaudeBot/1.0; +claudebot@anthropic.com)"
216.73.216.217 - - [06/Apr/2026:08:57:04 -0400] "GET /special/1418157397.shtml HTTP/2.0" 404 71387 "-" "Mozilla/5.0 AppleWebKit/537.36 (KHTML, like Gecko; compatible; ClaudeBot/1.0; +claudebot@anthropic.com)"
74.91.222.204 - - [06/Apr/2026:08:57:07 -0400] "POST /wp-cron.php?doing_wp_cron=1775480227.6660590171813964843750 HTTP/1.1" 200 - "-" "WordPress/6.9.4; https://dartdocs.app"
216.73.216.217 - - [06/Apr/2026:08:57:06 -0400] "GET /special/469136437.shtml HTTP/2.0" 404 71387 "-" "Mozilla/5.0 AppleWebKit/537.36 (KHTML, like Gecko; compatible; ClaudeBot/1.0; +claudebot@anthropic.com)"
216.73.216.217 - - [06/Apr/2026:08:57:09 -0400] "GET /special/3361658542.shtml HTTP/2.0" 404 71387 "-" "Mozilla/5.0 AppleWebKit/537.36 (KHTML, like Gecko; compatible; ClaudeBot/1.0; +claudebot@anthropic.com)"
216.73.216.217 - - [06/Apr/2026:08:57:11 -0400] "GET /special/3920414514.shtml HTTP/2.0" 404 71387 "-" "Mozilla/5.0 AppleWebKit/537.36 (KHTML, like Gecko; compatible; ClaudeBot/1.0; +claudebot@anthropic.com)"
216.73.216.217 - - [06/Apr/2026:08:57:13 -0400] "GET /special/2247755089.shtml HTTP/2.0" 404 71387 "-" "Mozilla/5.0 AppleWebKit/537.36 (KHTML, like Gecko; compatible; ClaudeBot/1.0; +claudebot@anthropic.com)"
216.73.216.217 - - [06/Apr/2026:08:57:15 -0400] "GET /special/1994638244.shtml HTTP/2.0" 404 71387 "-" "Mozilla/5.0 AppleWebKit/537.36 (KHTML, like Gecko; compatible; ClaudeBot/1.0; +claudebot@anthropic.com)"
216.73.216.217 - - [06/Apr/2026:08:57:17 -0400] "GET /special/2511374530.shtml HTTP/2.0" 404 71387 "-" "Mozilla/5.0 AppleWebKit/537.36 (KHTML, like Gecko; compatible; ClaudeBot/1.0; +claudebot@anthropic.com)"
216.73.216.217 - - [06/Apr/2026:08:57:20 -0400] "GET /special/3996934071.shtml HTTP/2.0" 404 71387 "-" "Mozilla/5.0 AppleWebKit/537.36 (KHTML, like Gecko; compatible; ClaudeBot/1.0; +claudebot@anthropic.com)"
216.73.216.217 - - [06/Apr/2026:08:57:22 -0400] "GET /special/3389891004.shtml HTTP/2.0" 404 71387 "-" "Mozilla/5.0 AppleWebKit/537.36 (KHTML, like Gecko; compatible; ClaudeBot/1.0; +claudebot@anthropic.com)"
74.91.222.204 - - [06/Apr/2026:08:57:25 -0400] "POST /wp-cron.php?doing_wp_cron=1775480245.1404070854187011718750 HTTP/1.1" 200 - "-" "WordPress/6.9.4; https://dartdocs.app"
216.73.216.217 - - [06/Apr/2026:08:57:24 -0400] "GET /special/1147714968.shtml HTTP/2.0" 404 71387 "-" "Mozilla/5.0 AppleWebKit/537.36 (KHTML, like Gecko; compatible; ClaudeBot/1.0; +claudebot@anthropic.com)"
216.73.216.217 - - [06/Apr/2026:08:57:26 -0400] "GET /special/235306899.shtml HTTP/2.0" 404 71387 "-" "Mozilla/5.0 AppleWebKit/537.36 (KHTML, like Gecko; compatible; ClaudeBot/1.0; +claudebot@anthropic.com)"
216.73.216.217 - - [06/Apr/2026:08:57:28 -0400] "GET /special/2232379970.shtml HTTP/2.0" 404 71387 "-" "Mozilla/5.0 AppleWebKit/537.36 (KHTML, like Gecko; compatible; ClaudeBot/1.0; +claudebot@anthropic.com)"
74.91.222.204 - - [06/Apr/2026:08:57:29 -0400] "GET / HTTP/1.1" 200 80851 "-" "WordPress/6.9.4; https://dartdocs.app"
74.91.222.204 - - [06/Apr/2026:08:57:30 -0400] "GET / HTTP/1.1" 200 80851 "-" "WordPress/6.9.4; https://dartdocs.app"
216.73.216.217 - - [06/Apr/2026:08:57:30 -0400] "GET /special/2280946160.shtml HTTP/2.0" 404 71387 "-" "Mozilla/5.0 AppleWebKit/537.36 (KHTML, like Gecko; compatible; ClaudeBot/1.0; +claudebot@anthropic.com)"
74.91.222.204 - - [06/Apr/2026:08:57:31 -0400] "GET / HTTP/1.1" 200 80851 "-" "WordPress/6.9.4; https://dartdocs.app"
74.91.222.204 - - [06/Apr/2026:08:57:31 -0400] "GET / HTTP/1.1" 200 80851 "-" "WordPress/6.9.4; https://dartdocs.app"
74.91.222.204 - - [06/Apr/2026:08:57:34 -0400] "POST /wp-cron.php?doing_wp_cron=1775480254.9420790672302246093750 HTTP/1.1" 200 - "-" "WordPress/6.9.4; https://dartdocs.app"
216.73.216.217 - - [06/Apr/2026:08:57:34 -0400] "GET /special/2735097103.shtml HTTP/2.0" 404 71387 "-" "Mozilla/5.0 AppleWebKit/537.36 (KHTML, like Gecko; compatible; ClaudeBot/1.0; +claudebot@anthropic.com)"
54.39.210.203 - - [06/Apr/2026:08:57:35 -0400] "GET /2026/03/20/thunderstruck-dos-slot-opinion-totally-free-trial-2026/feed/ HTTP/2.0" 200 875 "-" "Mozilla/5.0 (compatible; AhrefsBot/7.0; +http://ahrefs.com/robot/)"
216.73.216.217 - - [06/Apr/2026:08:57:36 -0400] "GET /special/268733302.shtml HTTP/2.0" 404 71387 "-" "Mozilla/5.0 AppleWebKit/537.36 (KHTML, like Gecko; compatible; ClaudeBot/1.0; +claudebot@anthropic.com)"
216.73.216.217 - - [06/Apr/2026:08:57:38 -0400] "GET /special/2468240641.shtml HTTP/2.0" 404 71387 "-" "Mozilla/5.0 AppleWebKit/537.36 (KHTML, like Gecko; compatible; ClaudeBot/1.0; +claudebot@anthropic.com)"
216.73.216.217 - - [06/Apr/2026:08:57:41 -0400] "GET /special/325675033.shtml HTTP/2.0" 404 71387 "-" "Mozilla/5.0 AppleWebKit/537.36 (KHTML, like Gecko; compatible; ClaudeBot/1.0; +claudebot@anthropic.com)"
74.91.222.204 - - [06/Apr/2026:08:57:44 -0400] "POST /wp-cron.php?doing_wp_cron=1775480264.0353190898895263671875 HTTP/1.1" 200 - "-" "WordPress/6.9.4; https://dartdocs.app"
216.73.216.217 - - [06/Apr/2026:08:57:43 -0400] "GET /special/3277636035.shtml HTTP/2.0" 404 71387 "-" "Mozilla/5.0 AppleWebKit/537.36 (KHTML, like Gecko; compatible; ClaudeBot/1.0; +claudebot@anthropic.com)"
216.73.216.217 - - [06/Apr/2026:08:57:45 -0400] "GET /special/4186268155.shtml HTTP/2.0" 404 71387 "-" "Mozilla/5.0 AppleWebKit/537.36 (KHTML, like Gecko; compatible; ClaudeBot/1.0; +claudebot@anthropic.com)"
216.73.216.217 - - [06/Apr/2026:08:57:47 -0400] "GET /special/1785914075.shtml HTTP/2.0" 404 71387 "-" "Mozilla/5.0 AppleWebKit/537.36 (KHTML, like Gecko; compatible; ClaudeBot/1.0; +claudebot@anthropic.com)"
216.73.216.217 - - [06/Apr/2026:08:57:49 -0400] "GET /special/3650154872.shtml HTTP/2.0" 404 71387 "-" "Mozilla/5.0 AppleWebKit/537.36 (KHTML, like Gecko; compatible; ClaudeBot/1.0; +claudebot@anthropic.com)"
45.134.253.245 - - [06/Apr/2026:08:57:50 -0400] "GET /2026/03/17/noviembre-2025/ HTTP/1.1" 200 86653 "https://dartdocs.app/" "Mozilla/5.0 (X11; Linux i686) AppleWebKit/537.36 (KHTML, like Gecko) Chrome/114.0.0.0 Safari/537.36 Vivaldi/5.3.2679.68"
216.73.216.217 - - [06/Apr/2026:08:57:52 -0400] "GET /special/3611048046.shtml HTTP/2.0" 404 71387 "-" "Mozilla/5.0 AppleWebKit/537.36 (KHTML, like Gecko; compatible; ClaudeBot/1.0; +claudebot@anthropic.com)"
216.73.216.217 - - [06/Apr/2026:08:57:54 -0400] "GET /special/889434745.shtml HTTP/2.0" 404 71387 "-" "Mozilla/5.0 AppleWebKit/537.36 (KHTML, like Gecko; compatible; ClaudeBot/1.0; +claudebot@anthropic.com)"
216.73.216.217 - - [06/Apr/2026:08:57:56 -0400] "GET /special/4033838835.shtml HTTP/2.0" 404 71387 "-" "Mozilla/5.0 AppleWebKit/537.36 (KHTML, like Gecko; compatible; ClaudeBot/1.0; +claudebot@anthropic.com)"
216.73.216.217 - - [06/Apr/2026:08:57:58 -0400] "GET /special/3024775466.shtml HTTP/2.0" 404 71387 "-" "Mozilla/5.0 AppleWebKit/537.36 (KHTML, like Gecko; compatible; ClaudeBot/1.0; +claudebot@anthropic.com)"
216.73.216.217 - - [06/Apr/2026:08:58:00 -0400] "GET /special/3227093141.shtml HTTP/2.0" 404 71387 "-" "Mozilla/5.0 AppleWebKit/537.36 (KHTML, like Gecko; compatible; ClaudeBot/1.0; +claudebot@anthropic.com)"
216.73.216.217 - - [06/Apr/2026:08:58:03 -0400] "GET /special/2428655402.shtml HTTP/2.0" 404 71387 "-" "Mozilla/5.0 AppleWebKit/537.36 (KHTML, like Gecko; compatible; ClaudeBot/1.0; +claudebot@anthropic.com)"
216.73.216.217 - - [06/Apr/2026:08:58:05 -0400] "GET /special/711252682.shtml HTTP/2.0" 404 71387 "-" "Mozilla/5.0 AppleWebKit/537.36 (KHTML, like Gecko; compatible; ClaudeBot/1.0; +claudebot@anthropic.com)"
74.91.222.204 - - [06/Apr/2026:08:58:08 -0400] "POST /wp-cron.php?doing_wp_cron=1775480287.9980800151824951171875 HTTP/1.1" 200 - "-" "WordPress/6.9.4; https://dartdocs.app"
216.73.216.217 - - [06/Apr/2026:08:58:07 -0400] "GET /special/3699449649.shtml HTTP/2.0" 404 71387 "-" "Mozilla/5.0 AppleWebKit/537.36 (KHTML, like Gecko; compatible; ClaudeBot/1.0; +claudebot@anthropic.com)"
216.73.216.217 - - [06/Apr/2026:08:58:09 -0400] "GET /special/2826614710.shtml HTTP/2.0" 404 71387 "-" "Mozilla/5.0 AppleWebKit/537.36 (KHTML, like Gecko; compatible; ClaudeBot/1.0; +claudebot@anthropic.com)"
216.73.216.217 - - [06/Apr/2026:08:58:11 -0400] "GET /special/2430873302.shtml HTTP/2.0" 404 71387 "-" "Mozilla/5.0 AppleWebKit/537.36 (KHTML, like Gecko; compatible; ClaudeBot/1.0; +claudebot@anthropic.com)"
74.91.222.204 - - [06/Apr/2026:08:58:14 -0400] "POST /wp-cron.php?doing_wp_cron=1775480294.5408849716186523437500 HTTP/1.1" 200 - "-" "WordPress/6.9.4; https://dartdocs.app"
98.98.33.7 - - [06/Apr/2026:08:58:14 -0400] "POST /xmlrpc.php HTTP/1.1" 200 180 "-" "Mozilla/5.0 (Windows NT 10.0; Win64; x64) AppleWebKit/537.36 (KHTML, like Gecko) Chrome/114.0.0.0 Safari/537.36"
216.73.216.217 - - [06/Apr/2026:08:58:13 -0400] "GET /special/1011100407.shtml HTTP/2.0" 404 71387 "-" "Mozilla/5.0 AppleWebKit/537.36 (KHTML, like Gecko; compatible; ClaudeBot/1.0; +claudebot@anthropic.com)"
216.73.216.217 - - [06/Apr/2026:08:58:16 -0400] "GET /special/2822978429.shtml HTTP/2.0" 404 71387 "-" "Mozilla/5.0 AppleWebKit/537.36 (KHTML, like Gecko; compatible; ClaudeBot/1.0; +claudebot@anthropic.com)"
103.239.53.17 - - [06/Apr/2026:08:58:17 -0400] "GET /2025/05/19/jocuri-pacanele-demo/ HTTP/1.1" 200 77733 "-" "Mozilla/5.0 (X11; Fedora; Linux x86_64; rv:114.0) Gecko/20100101 Firefox/114.0"
216.73.216.217 - - [06/Apr/2026:08:58:18 -0400] "GET /special/963017761.shtml HTTP/2.0" 404 71387 "-" "Mozilla/5.0 AppleWebKit/537.36 (KHTML, like Gecko; compatible; ClaudeBot/1.0; +claudebot@anthropic.com)"
216.73.216.217 - - [06/Apr/2026:08:58:20 -0400] "GET /special/247278510.shtml HTTP/2.0" 404 71387 "-" "Mozilla/5.0 AppleWebKit/537.36 (KHTML, like Gecko; compatible; ClaudeBot/1.0; +claudebot@anthropic.com)"
98.98.33.7 - - [06/Apr/2026:08:58:20 -0400] "POST /xmlrpc.php HTTP/1.1" 200 12880 "-" "Mozilla/5.0 (Windows NT 10.0; Win64; x64) AppleWebKit/537.36 (KHTML, like Gecko) Chrome/114.0.0.0 Safari/537.36"
74.91.222.204 - - [06/Apr/2026:08:58:23 -0400] "POST /wp-cron.php?doing_wp_cron=1775480303.3158829212188720703125 HTTP/1.1" 200 - "-" "WordPress/6.9.4; https://dartdocs.app"
216.73.216.217 - - [06/Apr/2026:08:58:22 -0400] "GET /special/456073191.shtml HTTP/2.0" 404 71387 "-" "Mozilla/5.0 AppleWebKit/537.36 (KHTML, like Gecko; compatible; ClaudeBot/1.0; +claudebot@anthropic.com)"
46.8.154.190 - - [06/Apr/2026:08:58:23 -0400] "GET /2026/03/17/noviembre-2025/ HTTP/1.1" 200 86653 "https://dartdocs.app/" "Mozilla/5.0 (X11; Linux i686) AppleWebKit/537.36 (KHTML, like Gecko) Chrome/114.0.0.0 Safari/537.36 Vivaldi/5.3.2679.68"
98.98.33.7 - - [06/Apr/2026:08:58:23 -0400] "GET /2026/04/06/boomerang-mucchio-bet-online-sopra-italia-%EF%B8%8F-beonbet-codice-promozionale-gratifica-scommesse-login-app-arredo-slot/ HTTP/1.1" 200 83973 "-" "Mozilla/5.0 (Windows NT 10.0; Win64; x64) AppleWebKit/537.36 (KHTML, like Gecko) Chrome/122.0.0.0 Safari/537.36"
216.73.216.217 - - [06/Apr/2026:08:58:24 -0400] "GET /special/3849714745.shtml HTTP/2.0" 404 71387 "-" "Mozilla/5.0 AppleWebKit/537.36 (KHTML, like Gecko; compatible; ClaudeBot/1.0; +claudebot@anthropic.com)"
216.73.216.217 - - [06/Apr/2026:08:58:26 -0400] "GET /special/3673015287.shtml HTTP/2.0" 404 71387 "-" "Mozilla/5.0 AppleWebKit/537.36 (KHTML, like Gecko; compatible; ClaudeBot/1.0; +claudebot@anthropic.com)"
216.73.216.217 - - [06/Apr/2026:08:58:29 -0400] "GET /special/2220158460.shtml HTTP/2.0" 404 71387 "-" "Mozilla/5.0 AppleWebKit/537.36 (KHTML, like Gecko; compatible; ClaudeBot/1.0; +claudebot@anthropic.com)"
15.235.98.53 - - [06/Apr/2026:08:58:29 -0400] "GET /2026/03/20/zaistai-minedrop-pasizymejo-skaidrumu-ir-maziaisiais-priekabos-prizais/feed/ HTTP/2.0" 200 927 "-" "Mozilla/5.0 (compatible; AhrefsBot/7.0; +http://ahrefs.com/robot/)"
216.73.216.217 - - [06/Apr/2026:08:58:31 -0400] "GET /special/387650369.shtml HTTP/2.0" 404 71387 "-" "Mozilla/5.0 AppleWebKit/537.36 (KHTML, like Gecko; compatible; ClaudeBot/1.0; +claudebot@anthropic.com)"
216.73.216.217 - - [06/Apr/2026:08:58:33 -0400] "GET /special/2045336223.shtml HTTP/2.0" 404 71387 "-" "Mozilla/5.0 AppleWebKit/537.36 (KHTML, like Gecko; compatible; ClaudeBot/1.0; +claudebot@anthropic.com)"
216.73.216.217 - - [06/Apr/2026:08:58:35 -0400] "GET /special/42550750.shtml HTTP/2.0" 404 71387 "-" "Mozilla/5.0 AppleWebKit/537.36 (KHTML, like Gecko; compatible; ClaudeBot/1.0; +claudebot@anthropic.com)"
216.73.216.217 - - [06/Apr/2026:08:58:37 -0400] "GET /special/3858844714.shtml HTTP/2.0" 404 71387 "-" "Mozilla/5.0 AppleWebKit/537.36 (KHTML, like Gecko; compatible; ClaudeBot/1.0; +claudebot@anthropic.com)"
216.73.216.217 - - [06/Apr/2026:08:58:40 -0400] "GET /special/2142229403.shtml HTTP/2.0" 404 71387 "-" "Mozilla/5.0 AppleWebKit/537.36 (KHTML, like Gecko; compatible; ClaudeBot/1.0; +claudebot@anthropic.com)"
216.73.216.217 - - [06/Apr/2026:08:58:42 -0400] "GET /special/2443365174.shtml HTTP/2.0" 404 71387 "-" "Mozilla/5.0 AppleWebKit/537.36 (KHTML, like Gecko; compatible; ClaudeBot/1.0; +claudebot@anthropic.com)"
216.73.216.217 - - [06/Apr/2026:08:58:44 -0400] "GET /special/529440625.shtml HTTP/2.0" 404 71387 "-" "Mozilla/5.0 AppleWebKit/537.36 (KHTML, like Gecko; compatible; ClaudeBot/1.0; +claudebot@anthropic.com)"
216.73.216.217 - - [06/Apr/2026:08:58:46 -0400] "GET /special/2039535320.shtml HTTP/2.0" 404 71387 "-" "Mozilla/5.0 AppleWebKit/537.36 (KHTML, like Gecko; compatible; ClaudeBot/1.0; +claudebot@anthropic.com)"
216.73.216.217 - - [06/Apr/2026:08:58:48 -0400] "GET /special/674684922.shtml HTTP/2.0" 404 71387 "-" "Mozilla/5.0 AppleWebKit/537.36 (KHTML, like Gecko; compatible; ClaudeBot/1.0; +claudebot@anthropic.com)"
216.73.216.217 - - [06/Apr/2026:08:58:50 -0400] "GET /special/654713113.shtml HTTP/2.0" 404 71387 "-" "Mozilla/5.0 AppleWebKit/537.36 (KHTML, like Gecko; compatible; ClaudeBot/1.0; +claudebot@anthropic.com)"
216.73.216.217 - - [06/Apr/2026:08:58:53 -0400] "GET /special/931962230.shtml HTTP/2.0" 404 71387 "-" "Mozilla/5.0 AppleWebKit/537.36 (KHTML, like Gecko; compatible; ClaudeBot/1.0; +claudebot@anthropic.com)"
216.73.216.217 - - [06/Apr/2026:08:58:55 -0400] "GET /special/1761678022.shtml HTTP/2.0" 404 71387 "-" "Mozilla/5.0 AppleWebKit/537.36 (KHTML, like Gecko; compatible; ClaudeBot/1.0; +claudebot@anthropic.com)"
45.134.181.48 - - [06/Apr/2026:08:58:56 -0400] "GET /2026/03/17/noviembre-2025/ HTTP/1.1" 200 86653 "https://dartdocs.app/" "Mozilla/5.0 (X11; Linux i686) AppleWebKit/537.36 (KHTML, like Gecko) Chrome/114.0.0.0 Safari/537.36 Vivaldi/5.3.2679.68"
216.73.216.217 - - [06/Apr/2026:08:58:57 -0400] "GET /special/1121254147.shtml HTTP/2.0" 404 71387 "-" "Mozilla/5.0 AppleWebKit/537.36 (KHTML, like Gecko; compatible; ClaudeBot/1.0; +claudebot@anthropic.com)"
216.73.216.217 - - [06/Apr/2026:08:58:59 -0400] "GET /special/3946131685.shtml HTTP/2.0" 404 71387 "-" "Mozilla/5.0 AppleWebKit/537.36 (KHTML, like Gecko; compatible; ClaudeBot/1.0; +claudebot@anthropic.com)"
216.73.216.217 - - [06/Apr/2026:08:59:01 -0400] "GET /special/199257060.shtml HTTP/2.0" 404 71387 "-" "Mozilla/5.0 AppleWebKit/537.36 (KHTML, like Gecko; compatible; ClaudeBot/1.0; +claudebot@anthropic.com)"
216.73.216.217 - - [06/Apr/2026:08:59:04 -0400] "GET /special/2002467033.shtml HTTP/2.0" 404 71387 "-" "Mozilla/5.0 AppleWebKit/537.36 (KHTML, like Gecko; compatible; ClaudeBot/1.0; +claudebot@anthropic.com)"
74.91.222.204 - - [06/Apr/2026:08:59:07 -0400] "POST /wp-cron.php?doing_wp_cron=1775480347.4731678962707519531250 HTTP/1.1" 200 - "-" "WordPress/6.9.4; https://dartdocs.app"
216.73.216.217 - - [06/Apr/2026:08:59:06 -0400] "GET /special/1356715979.shtml HTTP/2.0" 404 71387 "-" "Mozilla/5.0 AppleWebKit/537.36 (KHTML, like Gecko; compatible; ClaudeBot/1.0; +claudebot@anthropic.com)"
216.73.216.217 - - [06/Apr/2026:08:59:08 -0400] "GET /special/582351496.shtml HTTP/2.0" 404 71387 "-" "Mozilla/5.0 AppleWebKit/537.36 (KHTML, like Gecko; compatible; ClaudeBot/1.0; +claudebot@anthropic.com)"
216.73.216.217 - - [06/Apr/2026:08:59:11 -0400] "GET /special/2467028542.shtml HTTP/2.0" 404 71387 "-" "Mozilla/5.0 AppleWebKit/537.36 (KHTML, like Gecko; compatible; ClaudeBot/1.0; +claudebot@anthropic.com)"
216.73.216.217 - - [06/Apr/2026:08:59:13 -0400] "GET /special/221475817.shtml HTTP/2.0" 404 71387 "-" "Mozilla/5.0 AppleWebKit/537.36 (KHTML, like Gecko; compatible; ClaudeBot/1.0; +claudebot@anthropic.com)"
161.142.148.210 - - [06/Apr/2026:08:59:15 -0400] "GET /2026/02/17/casino-non-aams-sicuri/ HTTP/1.1" 200 78158 "-" "Mozilla/5.0 (X11; Fedora; Linux x86_64; rv:114.0) Gecko/20100101 Firefox/114.0"
216.73.216.217 - - [06/Apr/2026:08:59:15 -0400] "GET /special/3318308254.shtml HTTP/2.0" 404 71387 "-" "Mozilla/5.0 AppleWebKit/537.36 (KHTML, like Gecko; compatible; ClaudeBot/1.0; +claudebot@anthropic.com)"
216.73.216.217 - - [06/Apr/2026:08:59:17 -0400] "GET /special/3410066796.shtml HTTP/2.0" 404 71387 "-" "Mozilla/5.0 AppleWebKit/537.36 (KHTML, like Gecko; compatible; ClaudeBot/1.0; +claudebot@anthropic.com)"
54.39.6.239 - - [06/Apr/2026:08:59:19 -0400] "GET /2026/03/26/der-aufstieg-mobiler-spiele-in-der-casino-branche-51/feed/ HTTP/2.0" 200 867 "-" "Mozilla/5.0 (compatible; AhrefsBot/7.0; +http://ahrefs.com/robot/)"
216.73.216.217 - - [06/Apr/2026:08:59:19 -0400] "GET /special/3781775015.shtml HTTP/2.0" 404 71387 "-" "Mozilla/5.0 AppleWebKit/537.36 (KHTML, like Gecko; compatible; ClaudeBot/1.0; +claudebot@anthropic.com)"
216.73.216.217 - - [06/Apr/2026:08:59:22 -0400] "GET /special/3905160203.shtml HTTP/2.0" 404 71387 "-" "Mozilla/5.0 AppleWebKit/537.36 (KHTML, like Gecko; compatible; ClaudeBot/1.0; +claudebot@anthropic.com)"
216.73.216.217 - - [06/Apr/2026:08:59:24 -0400] "GET /special/1891273259.shtml HTTP/2.0" 404 71387 "-" "Mozilla/5.0 AppleWebKit/537.36 (KHTML, like Gecko; compatible; ClaudeBot/1.0; +claudebot@anthropic.com)"
216.73.216.217 - - [06/Apr/2026:08:59:26 -0400] "GET /special/3945672652.shtml HTTP/2.0" 404 71387 "-" "Mozilla/5.0 AppleWebKit/537.36 (KHTML, like Gecko; compatible; ClaudeBot/1.0; +claudebot@anthropic.com)"
216.73.216.217 - - [06/Apr/2026:08:59:28 -0400] "GET /special/3788083329.shtml HTTP/2.0" 404 71387 "-" "Mozilla/5.0 AppleWebKit/537.36 (KHTML, like Gecko; compatible; ClaudeBot/1.0; +claudebot@anthropic.com)"
216.73.216.217 - - [06/Apr/2026:08:59:30 -0400] "GET /special/557312522.shtml HTTP/2.0" 404 71387 "-" "Mozilla/5.0 AppleWebKit/537.36 (KHTML, like Gecko; compatible; ClaudeBot/1.0; +claudebot@anthropic.com)"
216.73.216.217 - - [06/Apr/2026:08:59:32 -0400] "GET /special/3510329765.shtml HTTP/2.0" 404 71387 "-" "Mozilla/5.0 AppleWebKit/537.36 (KHTML, like Gecko; compatible; ClaudeBot/1.0; +claudebot@anthropic.com)"
216.73.216.217 - - [06/Apr/2026:08:59:38 -0400] "GET /special/2259445928.shtml HTTP/2.0" 404 71387 "-" "Mozilla/5.0 AppleWebKit/537.36 (KHTML, like Gecko; compatible; ClaudeBot/1.0; +claudebot@anthropic.com)"
216.73.216.217 - - [06/Apr/2026:08:59:40 -0400] "GET /special/1366539208.shtml HTTP/2.0" 404 71387 "-" "Mozilla/5.0 AppleWebKit/537.36 (KHTML, like Gecko; compatible; ClaudeBot/1.0; +claudebot@anthropic.com)"
216.73.216.217 - - [06/Apr/2026:08:59:42 -0400] "GET /special/3547056379.shtml HTTP/2.0" 404 71387 "-" "Mozilla/5.0 AppleWebKit/537.36 (KHTML, like Gecko; compatible; ClaudeBot/1.0; +claudebot@anthropic.com)"
216.73.216.217 - - [06/Apr/2026:08:59:45 -0400] "GET /special/2292529361.shtml HTTP/2.0" 404 71387 "-" "Mozilla/5.0 AppleWebKit/537.36 (KHTML, like Gecko; compatible; ClaudeBot/1.0; +claudebot@anthropic.com)"
216.73.216.217 - - [06/Apr/2026:08:59:47 -0400] "GET /special/3506036503.shtml HTTP/2.0" 404 71387 "-" "Mozilla/5.0 AppleWebKit/537.36 (KHTML, like Gecko; compatible; ClaudeBot/1.0; +claudebot@anthropic.com)"
216.73.216.217 - - [06/Apr/2026:08:59:49 -0400] "GET /special/4097704467.shtml HTTP/2.0" 404 71387 "-" "Mozilla/5.0 AppleWebKit/537.36 (KHTML, like Gecko; compatible; ClaudeBot/1.0; +claudebot@anthropic.com)"
216.73.216.217 - - [06/Apr/2026:08:59:51 -0400] "GET /special/2359004241.shtml HTTP/2.0" 404 71387 "-" "Mozilla/5.0 AppleWebKit/537.36 (KHTML, like Gecko; compatible; ClaudeBot/1.0; +claudebot@anthropic.com)"
