216.73.216.217 - - [06/Apr/2026:08:33:00 -0400] "GET /special/214299324.shtml HTTP/2.0" 404 71387 "-" "Mozilla/5.0 AppleWebKit/537.36 (KHTML, like Gecko; compatible; ClaudeBot/1.0; +claudebot@anthropic.com)"
216.73.216.217 - - [06/Apr/2026:08:33:01 -0400] "GET /special/1065605090.shtml HTTP/2.0" 404 71387 "-" "Mozilla/5.0 AppleWebKit/537.36 (KHTML, like Gecko; compatible; ClaudeBot/1.0; +claudebot@anthropic.com)"
178.213.105.120 - - [06/Apr/2026:08:33:01 -0400] "GET /?kbembed=script HTTP/1.1" 302 - "-" "Opera/9.54.(X11; Linux i686; ug-CN) Presto/2.9.168 Version/10.00"
216.73.216.217 - - [06/Apr/2026:08:33:02 -0400] "GET /special/3730519733.shtml HTTP/2.0" 404 71387 "-" "Mozilla/5.0 AppleWebKit/537.36 (KHTML, like Gecko; compatible; ClaudeBot/1.0; +claudebot@anthropic.com)"
216.73.216.217 - - [06/Apr/2026:08:33:03 -0400] "GET /special/2713464187.shtml HTTP/2.0" 404 71387 "-" "Mozilla/5.0 AppleWebKit/537.36 (KHTML, like Gecko; compatible; ClaudeBot/1.0; +claudebot@anthropic.com)"
216.73.216.217 - - [06/Apr/2026:08:33:04 -0400] "GET /special/3840133614.shtml HTTP/2.0" 404 71387 "-" "Mozilla/5.0 AppleWebKit/537.36 (KHTML, like Gecko; compatible; ClaudeBot/1.0; +claudebot@anthropic.com)"
216.73.216.217 - - [06/Apr/2026:08:33:04 -0400] "GET /special/4267614876.shtml HTTP/2.0" 404 71387 "-" "Mozilla/5.0 AppleWebKit/537.36 (KHTML, like Gecko; compatible; ClaudeBot/1.0; +claudebot@anthropic.com)"
216.73.216.217 - - [06/Apr/2026:08:33:04 -0400] "GET /special/1769377358.shtml HTTP/2.0" 404 71387 "-" "Mozilla/5.0 AppleWebKit/537.36 (KHTML, like Gecko; compatible; ClaudeBot/1.0; +claudebot@anthropic.com)"
216.73.216.217 - - [06/Apr/2026:08:33:04 -0400] "GET /special/3247217735.shtml HTTP/2.0" 404 71387 "-" "Mozilla/5.0 AppleWebKit/537.36 (KHTML, like Gecko; compatible; ClaudeBot/1.0; +claudebot@anthropic.com)"
216.73.216.217 - - [06/Apr/2026:08:33:05 -0400] "GET /special/169576542.shtml HTTP/2.0" 404 71387 "-" "Mozilla/5.0 AppleWebKit/537.36 (KHTML, like Gecko; compatible; ClaudeBot/1.0; +claudebot@anthropic.com)"
45.179.28.79 - - [06/Apr/2026:08:33:05 -0400] "GET /wp-content/plugins/ht-knowledge-base/embed/inc/snippet-script.min.js HTTP/1.1" 200 525 "-" "Mozilla/5.0 (Macintosh; Intel Mac OS X 10_12_0) AppleWebKit/536.1 (KHTML, like Gecko) Chrome/27.0.810.0 Safari/536.1"
216.73.216.217 - - [06/Apr/2026:08:33:05 -0400] "GET /special/1448931971.shtml HTTP/2.0" 404 71387 "-" "Mozilla/5.0 AppleWebKit/537.36 (KHTML, like Gecko; compatible; ClaudeBot/1.0; +claudebot@anthropic.com)"
216.73.216.217 - - [06/Apr/2026:08:33:05 -0400] "GET /special/2327334036.shtml HTTP/2.0" 404 71387 "-" "Mozilla/5.0 AppleWebKit/537.36 (KHTML, like Gecko; compatible; ClaudeBot/1.0; +claudebot@anthropic.com)"
216.73.216.217 - - [06/Apr/2026:08:33:05 -0400] "GET /special/3444726211.shtml HTTP/2.0" 404 71387 "-" "Mozilla/5.0 AppleWebKit/537.36 (KHTML, like Gecko; compatible; ClaudeBot/1.0; +claudebot@anthropic.com)"
216.73.216.217 - - [06/Apr/2026:08:33:05 -0400] "GET /special/1776336536.shtml HTTP/2.0" 404 71387 "-" "Mozilla/5.0 AppleWebKit/537.36 (KHTML, like Gecko; compatible; ClaudeBot/1.0; +claudebot@anthropic.com)"
216.73.216.217 - - [06/Apr/2026:08:33:06 -0400] "GET /special/333616087.shtml HTTP/2.0" 404 71387 "-" "Mozilla/5.0 AppleWebKit/537.36 (KHTML, like Gecko; compatible; ClaudeBot/1.0; +claudebot@anthropic.com)"
74.91.222.204 - - [06/Apr/2026:08:33:07 -0400] "POST /wp-cron.php?doing_wp_cron=1775478787.8343830108642578125000 HTTP/1.1" 200 - "-" "WordPress/6.9.4; https://dartdocs.app"
216.73.216.217 - - [06/Apr/2026:08:33:07 -0400] "GET /special/4257896851.shtml HTTP/2.0" 404 71387 "-" "Mozilla/5.0 AppleWebKit/537.36 (KHTML, like Gecko; compatible; ClaudeBot/1.0; +claudebot@anthropic.com)"
216.73.216.217 - - [06/Apr/2026:08:33:08 -0400] "GET /special/582223789.shtml HTTP/2.0" 404 71387 "-" "Mozilla/5.0 AppleWebKit/537.36 (KHTML, like Gecko; compatible; ClaudeBot/1.0; +claudebot@anthropic.com)"
216.73.216.217 - - [06/Apr/2026:08:33:09 -0400] "GET /special/2089355846.shtml HTTP/2.0" 404 71387 "-" "Mozilla/5.0 AppleWebKit/537.36 (KHTML, like Gecko; compatible; ClaudeBot/1.0; +claudebot@anthropic.com)"
216.73.216.217 - - [06/Apr/2026:08:33:10 -0400] "GET /special/3221522509.shtml HTTP/2.0" 404 71387 "-" "Mozilla/5.0 AppleWebKit/537.36 (KHTML, like Gecko; compatible; ClaudeBot/1.0; +claudebot@anthropic.com)"
216.73.216.217 - - [06/Apr/2026:08:33:11 -0400] "GET /special/1635337722.shtml HTTP/2.0" 404 71387 "-" "Mozilla/5.0 AppleWebKit/537.36 (KHTML, like Gecko; compatible; ClaudeBot/1.0; +claudebot@anthropic.com)"
216.73.216.217 - - [06/Apr/2026:08:33:12 -0400] "GET /special/3184737569.shtml HTTP/2.0" 404 71387 "-" "Mozilla/5.0 AppleWebKit/537.36 (KHTML, like Gecko; compatible; ClaudeBot/1.0; +claudebot@anthropic.com)"
216.73.216.217 - - [06/Apr/2026:08:33:13 -0400] "GET /special/1913888019.shtml HTTP/2.0" 404 71387 "-" "Mozilla/5.0 AppleWebKit/537.36 (KHTML, like Gecko; compatible; ClaudeBot/1.0; +claudebot@anthropic.com)"
216.73.216.217 - - [06/Apr/2026:08:33:14 -0400] "GET /special/4241133564.shtml HTTP/2.0" 404 71387 "-" "Mozilla/5.0 AppleWebKit/537.36 (KHTML, like Gecko; compatible; ClaudeBot/1.0; +claudebot@anthropic.com)"
216.73.216.217 - - [06/Apr/2026:08:33:15 -0400] "GET /special/3495558504.shtml HTTP/2.0" 404 71387 "-" "Mozilla/5.0 AppleWebKit/537.36 (KHTML, like Gecko; compatible; ClaudeBot/1.0; +claudebot@anthropic.com)"
216.73.216.217 - - [06/Apr/2026:08:33:16 -0400] "GET /special/2755689945.shtml HTTP/2.0" 404 71387 "-" "Mozilla/5.0 AppleWebKit/537.36 (KHTML, like Gecko; compatible; ClaudeBot/1.0; +claudebot@anthropic.com)"
216.73.216.217 - - [06/Apr/2026:08:33:17 -0400] "GET /special/2938406466.shtml HTTP/2.0" 404 71387 "-" "Mozilla/5.0 AppleWebKit/537.36 (KHTML, like Gecko; compatible; ClaudeBot/1.0; +claudebot@anthropic.com)"
216.73.216.217 - - [06/Apr/2026:08:33:18 -0400] "GET /special/3804646941.shtml HTTP/2.0" 404 71387 "-" "Mozilla/5.0 AppleWebKit/537.36 (KHTML, like Gecko; compatible; ClaudeBot/1.0; +claudebot@anthropic.com)"
216.73.216.217 - - [06/Apr/2026:08:33:19 -0400] "GET /special/2916299101.shtml HTTP/2.0" 404 71387 "-" "Mozilla/5.0 AppleWebKit/537.36 (KHTML, like Gecko; compatible; ClaudeBot/1.0; +claudebot@anthropic.com)"
216.73.216.217 - - [06/Apr/2026:08:33:20 -0400] "GET /special/2749910657.shtml HTTP/2.0" 404 71387 "-" "Mozilla/5.0 AppleWebKit/537.36 (KHTML, like Gecko; compatible; ClaudeBot/1.0; +claudebot@anthropic.com)"
216.73.216.217 - - [06/Apr/2026:08:33:21 -0400] "GET /special/2113495117.shtml HTTP/2.0" 404 71387 "-" "Mozilla/5.0 AppleWebKit/537.36 (KHTML, like Gecko; compatible; ClaudeBot/1.0; +claudebot@anthropic.com)"
216.73.216.217 - - [06/Apr/2026:08:33:22 -0400] "GET /special/3655660233.shtml HTTP/2.0" 404 71387 "-" "Mozilla/5.0 AppleWebKit/537.36 (KHTML, like Gecko; compatible; ClaudeBot/1.0; +claudebot@anthropic.com)"
216.73.216.217 - - [06/Apr/2026:08:33:23 -0400] "GET /special/1644339984.shtml HTTP/2.0" 404 71387 "-" "Mozilla/5.0 AppleWebKit/537.36 (KHTML, like Gecko; compatible; ClaudeBot/1.0; +claudebot@anthropic.com)"
216.73.216.217 - - [06/Apr/2026:08:33:24 -0400] "GET /special/2997978894.shtml HTTP/2.0" 404 71387 "-" "Mozilla/5.0 AppleWebKit/537.36 (KHTML, like Gecko; compatible; ClaudeBot/1.0; +claudebot@anthropic.com)"
142.44.233.132 - - [06/Apr/2026:08:33:23 -0400] "GET /2026/02/15/4935/feed/ HTTP/2.0" 200 721 "-" "Mozilla/5.0 (compatible; AhrefsBot/7.0; +http://ahrefs.com/robot/)"
216.73.216.217 - - [06/Apr/2026:08:33:24 -0400] "GET /special/3316588728.shtml HTTP/2.0" 404 71387 "-" "Mozilla/5.0 AppleWebKit/537.36 (KHTML, like Gecko; compatible; ClaudeBot/1.0; +claudebot@anthropic.com)"
216.73.216.217 - - [06/Apr/2026:08:33:25 -0400] "GET /special/2531580508.shtml HTTP/2.0" 404 71387 "-" "Mozilla/5.0 AppleWebKit/537.36 (KHTML, like Gecko; compatible; ClaudeBot/1.0; +claudebot@anthropic.com)"
216.73.216.217 - - [06/Apr/2026:08:33:24 -0400] "GET /special/2960565946.shtml HTTP/2.0" 404 71387 "-" "Mozilla/5.0 AppleWebKit/537.36 (KHTML, like Gecko; compatible; ClaudeBot/1.0; +claudebot@anthropic.com)"
216.73.216.217 - - [06/Apr/2026:08:33:24 -0400] "GET /special/2513080055.shtml HTTP/2.0" 404 71387 "-" "Mozilla/5.0 AppleWebKit/537.36 (KHTML, like Gecko; compatible; ClaudeBot/1.0; +claudebot@anthropic.com)"
216.73.216.217 - - [06/Apr/2026:08:33:24 -0400] "GET /special/2107530691.shtml HTTP/2.0" 404 71387 "-" "Mozilla/5.0 AppleWebKit/537.36 (KHTML, like Gecko; compatible; ClaudeBot/1.0; +claudebot@anthropic.com)"
216.73.216.217 - - [06/Apr/2026:08:33:24 -0400] "GET /special/1338428168.shtml HTTP/2.0" 404 71387 "-" "Mozilla/5.0 AppleWebKit/537.36 (KHTML, like Gecko; compatible; ClaudeBot/1.0; +claudebot@anthropic.com)"
216.73.216.217 - - [06/Apr/2026:08:33:26 -0400] "GET /special/4044018850.shtml HTTP/2.0" 404 71387 "-" "Mozilla/5.0 AppleWebKit/537.36 (KHTML, like Gecko; compatible; ClaudeBot/1.0; +claudebot@anthropic.com)"
216.73.216.217 - - [06/Apr/2026:08:33:26 -0400] "GET /special/3194341971.shtml HTTP/2.0" 404 71387 "-" "Mozilla/5.0 AppleWebKit/537.36 (KHTML, like Gecko; compatible; ClaudeBot/1.0; +claudebot@anthropic.com)"
216.73.216.217 - - [06/Apr/2026:08:33:26 -0400] "GET /special/50453818.shtml HTTP/2.0" 404 71387 "-" "Mozilla/5.0 AppleWebKit/537.36 (KHTML, like Gecko; compatible; ClaudeBot/1.0; +claudebot@anthropic.com)"
216.73.216.217 - - [06/Apr/2026:08:33:26 -0400] "GET /special/2081441687.shtml HTTP/2.0" 404 71387 "-" "Mozilla/5.0 AppleWebKit/537.36 (KHTML, like Gecko; compatible; ClaudeBot/1.0; +claudebot@anthropic.com)"
216.73.216.217 - - [06/Apr/2026:08:33:27 -0400] "GET /special/3256003816.shtml HTTP/2.0" 404 71387 "-" "Mozilla/5.0 AppleWebKit/537.36 (KHTML, like Gecko; compatible; ClaudeBot/1.0; +claudebot@anthropic.com)"
216.73.216.217 - - [06/Apr/2026:08:33:27 -0400] "GET /special/1727323491.shtml HTTP/2.0" 404 71387 "-" "Mozilla/5.0 AppleWebKit/537.36 (KHTML, like Gecko; compatible; ClaudeBot/1.0; +claudebot@anthropic.com)"
216.73.216.217 - - [06/Apr/2026:08:33:27 -0400] "GET /special/3431241420.shtml HTTP/2.0" 404 71387 "-" "Mozilla/5.0 AppleWebKit/537.36 (KHTML, like Gecko; compatible; ClaudeBot/1.0; +claudebot@anthropic.com)"
216.73.216.217 - - [06/Apr/2026:08:33:28 -0400] "GET /special/3316752267.shtml HTTP/2.0" 404 71387 "-" "Mozilla/5.0 AppleWebKit/537.36 (KHTML, like Gecko; compatible; ClaudeBot/1.0; +claudebot@anthropic.com)"
216.73.216.217 - - [06/Apr/2026:08:33:28 -0400] "GET /special/93845761.shtml HTTP/2.0" 404 71387 "-" "Mozilla/5.0 AppleWebKit/537.36 (KHTML, like Gecko; compatible; ClaudeBot/1.0; +claudebot@anthropic.com)"
216.73.216.217 - - [06/Apr/2026:08:33:29 -0400] "GET /special/3578996070.shtml HTTP/2.0" 404 71387 "-" "Mozilla/5.0 AppleWebKit/537.36 (KHTML, like Gecko; compatible; ClaudeBot/1.0; +claudebot@anthropic.com)"
216.73.216.217 - - [06/Apr/2026:08:33:29 -0400] "GET /special/2077623571.shtml HTTP/2.0" 404 71387 "-" "Mozilla/5.0 AppleWebKit/537.36 (KHTML, like Gecko; compatible; ClaudeBot/1.0; +claudebot@anthropic.com)"
216.73.216.217 - - [06/Apr/2026:08:33:30 -0400] "GET /special/4271155088.shtml HTTP/2.0" 404 71387 "-" "Mozilla/5.0 AppleWebKit/537.36 (KHTML, like Gecko; compatible; ClaudeBot/1.0; +claudebot@anthropic.com)"
216.73.216.217 - - [06/Apr/2026:08:33:30 -0400] "GET /special/1620640832.shtml HTTP/2.0" 404 71387 "-" "Mozilla/5.0 AppleWebKit/537.36 (KHTML, like Gecko; compatible; ClaudeBot/1.0; +claudebot@anthropic.com)"
216.73.216.217 - - [06/Apr/2026:08:33:31 -0400] "GET /special/2244871842.shtml HTTP/2.0" 404 71387 "-" "Mozilla/5.0 AppleWebKit/537.36 (KHTML, like Gecko; compatible; ClaudeBot/1.0; +claudebot@anthropic.com)"
216.73.216.217 - - [06/Apr/2026:08:33:31 -0400] "GET /special/2926133758.shtml HTTP/2.0" 404 71387 "-" "Mozilla/5.0 AppleWebKit/537.36 (KHTML, like Gecko; compatible; ClaudeBot/1.0; +claudebot@anthropic.com)"
216.73.216.217 - - [06/Apr/2026:08:33:32 -0400] "GET /special/2733377577.shtml HTTP/2.0" 404 71387 "-" "Mozilla/5.0 AppleWebKit/537.36 (KHTML, like Gecko; compatible; ClaudeBot/1.0; +claudebot@anthropic.com)"
216.73.216.217 - - [06/Apr/2026:08:33:32 -0400] "GET /special/3805601906.shtml HTTP/2.0" 404 71387 "-" "Mozilla/5.0 AppleWebKit/537.36 (KHTML, like Gecko; compatible; ClaudeBot/1.0; +claudebot@anthropic.com)"
216.73.216.217 - - [06/Apr/2026:08:33:33 -0400] "GET /special/3003305316.shtml HTTP/2.0" 404 71387 "-" "Mozilla/5.0 AppleWebKit/537.36 (KHTML, like Gecko; compatible; ClaudeBot/1.0; +claudebot@anthropic.com)"
216.73.216.217 - - [06/Apr/2026:08:33:33 -0400] "GET /special/2768544419.shtml HTTP/2.0" 404 71387 "-" "Mozilla/5.0 AppleWebKit/537.36 (KHTML, like Gecko; compatible; ClaudeBot/1.0; +claudebot@anthropic.com)"
216.73.216.217 - - [06/Apr/2026:08:33:34 -0400] "GET /special/2857974864.shtml HTTP/2.0" 404 71387 "-" "Mozilla/5.0 AppleWebKit/537.36 (KHTML, like Gecko; compatible; ClaudeBot/1.0; +claudebot@anthropic.com)"
216.73.216.217 - - [06/Apr/2026:08:33:35 -0400] "GET /special/4191773516.shtml HTTP/2.0" 404 71387 "-" "Mozilla/5.0 AppleWebKit/537.36 (KHTML, like Gecko; compatible; ClaudeBot/1.0; +claudebot@anthropic.com)"
216.73.216.217 - - [06/Apr/2026:08:33:36 -0400] "GET /special/827076754.shtml HTTP/2.0" 404 71387 "-" "Mozilla/5.0 AppleWebKit/537.36 (KHTML, like Gecko; compatible; ClaudeBot/1.0; +claudebot@anthropic.com)"
216.73.216.217 - - [06/Apr/2026:08:33:37 -0400] "GET /special/1723783295.shtml HTTP/2.0" 404 71387 "-" "Mozilla/5.0 AppleWebKit/537.36 (KHTML, like Gecko; compatible; ClaudeBot/1.0; +claudebot@anthropic.com)"
216.73.216.217 - - [06/Apr/2026:08:33:39 -0400] "GET /special/655606605.shtml HTTP/2.0" 404 71387 "-" "Mozilla/5.0 AppleWebKit/537.36 (KHTML, like Gecko; compatible; ClaudeBot/1.0; +claudebot@anthropic.com)"
216.73.216.217 - - [06/Apr/2026:08:33:40 -0400] "GET /special/3334107305.shtml HTTP/2.0" 404 71387 "-" "Mozilla/5.0 AppleWebKit/537.36 (KHTML, like Gecko; compatible; ClaudeBot/1.0; +claudebot@anthropic.com)"
216.73.216.217 - - [06/Apr/2026:08:33:40 -0400] "GET /special/3679323601.shtml HTTP/2.0" 404 71387 "-" "Mozilla/5.0 AppleWebKit/537.36 (KHTML, like Gecko; compatible; ClaudeBot/1.0; +claudebot@anthropic.com)"
216.73.216.217 - - [06/Apr/2026:08:33:42 -0400] "GET /special/1536757993.shtml HTTP/2.0" 404 71387 "-" "Mozilla/5.0 AppleWebKit/537.36 (KHTML, like Gecko; compatible; ClaudeBot/1.0; +claudebot@anthropic.com)"
216.73.216.217 - - [06/Apr/2026:08:33:43 -0400] "GET /special/2711270212.shtml HTTP/2.0" 404 71387 "-" "Mozilla/5.0 AppleWebKit/537.36 (KHTML, like Gecko; compatible; ClaudeBot/1.0; +claudebot@anthropic.com)"
144.76.32.187 - - [06/Apr/2026:08:33:44 -0400] "GET /robots.txt HTTP/1.1" 200 77 "-" "Mozilla/5.0 (compatible; SERankingBacklinksBot/1.0; +https://seranking.com/backlinks-crawler)"
216.73.216.217 - - [06/Apr/2026:08:33:44 -0400] "GET /special/1982046929.shtml HTTP/2.0" 404 71387 "-" "Mozilla/5.0 AppleWebKit/537.36 (KHTML, like Gecko; compatible; ClaudeBot/1.0; +claudebot@anthropic.com)"
144.76.32.187 - - [06/Apr/2026:08:33:45 -0400] "GET /2026/03/18/70-freispiele-ohne-einzahlung-bitkingz-login-app-download--70-free-spins-no-anzahlung/ HTTP/1.1" 404 71387 "-" "Mozilla/5.0 (compatible; SERankingBacklinksBot/1.0; +https://seranking.com/backlinks-crawler)"
216.73.216.217 - - [06/Apr/2026:08:33:45 -0400] "GET /special/2390020491.shtml HTTP/2.0" 404 71387 "-" "Mozilla/5.0 AppleWebKit/537.36 (KHTML, like Gecko; compatible; ClaudeBot/1.0; +claudebot@anthropic.com)"
216.73.216.217 - - [06/Apr/2026:08:33:46 -0400] "GET /special/2841668386.shtml HTTP/2.0" 404 71387 "-" "Mozilla/5.0 AppleWebKit/537.36 (KHTML, like Gecko; compatible; ClaudeBot/1.0; +claudebot@anthropic.com)"
216.73.216.217 - - [06/Apr/2026:08:33:47 -0400] "GET /special/2123837185.shtml HTTP/2.0" 404 71387 "-" "Mozilla/5.0 AppleWebKit/537.36 (KHTML, like Gecko; compatible; ClaudeBot/1.0; +claudebot@anthropic.com)"
216.73.216.217 - - [06/Apr/2026:08:33:48 -0400] "GET /special/3825219089.shtml HTTP/2.0" 404 71387 "-" "Mozilla/5.0 AppleWebKit/537.36 (KHTML, like Gecko; compatible; ClaudeBot/1.0; +claudebot@anthropic.com)"
216.73.216.217 - - [06/Apr/2026:08:33:49 -0400] "GET /special/1268549764.shtml HTTP/2.0" 404 71387 "-" "Mozilla/5.0 AppleWebKit/537.36 (KHTML, like Gecko; compatible; ClaudeBot/1.0; +claudebot@anthropic.com)"
216.73.216.217 - - [06/Apr/2026:08:33:50 -0400] "GET /special/573619000.shtml HTTP/2.0" 404 71387 "-" "Mozilla/5.0 AppleWebKit/537.36 (KHTML, like Gecko; compatible; ClaudeBot/1.0; +claudebot@anthropic.com)"
216.73.216.217 - - [06/Apr/2026:08:33:51 -0400] "GET /special/3741681592.shtml HTTP/2.0" 404 71387 "-" "Mozilla/5.0 AppleWebKit/537.36 (KHTML, like Gecko; compatible; ClaudeBot/1.0; +claudebot@anthropic.com)"
216.73.216.217 - - [06/Apr/2026:08:33:52 -0400] "GET /special/627027419.shtml HTTP/2.0" 404 71387 "-" "Mozilla/5.0 AppleWebKit/537.36 (KHTML, like Gecko; compatible; ClaudeBot/1.0; +claudebot@anthropic.com)"
216.73.216.217 - - [06/Apr/2026:08:34:02 -0400] "GET /special/3172589511.shtml HTTP/2.0" 404 71387 "-" "Mozilla/5.0 AppleWebKit/537.36 (KHTML, like Gecko; compatible; ClaudeBot/1.0; +claudebot@anthropic.com)"
216.73.216.217 - - [06/Apr/2026:08:34:02 -0400] "GET /special/1980803612.shtml HTTP/2.0" 404 71387 "-" "Mozilla/5.0 AppleWebKit/537.36 (KHTML, like Gecko; compatible; ClaudeBot/1.0; +claudebot@anthropic.com)"
216.73.216.217 - - [06/Apr/2026:08:34:02 -0400] "GET /special/282230991.shtml HTTP/2.0" 404 71387 "-" "Mozilla/5.0 AppleWebKit/537.36 (KHTML, like Gecko; compatible; ClaudeBot/1.0; +claudebot@anthropic.com)"
216.73.216.217 - - [06/Apr/2026:08:34:02 -0400] "GET /special/1541315579.shtml HTTP/2.0" 404 71387 "-" "Mozilla/5.0 AppleWebKit/537.36 (KHTML, like Gecko; compatible; ClaudeBot/1.0; +claudebot@anthropic.com)"
216.73.216.217 - - [06/Apr/2026:08:34:02 -0400] "GET /special/3158418310.shtml HTTP/2.0" 404 71387 "-" "Mozilla/5.0 AppleWebKit/537.36 (KHTML, like Gecko; compatible; ClaudeBot/1.0; +claudebot@anthropic.com)"
216.73.216.217 - - [06/Apr/2026:08:34:02 -0400] "GET /special/3146721549.shtml HTTP/2.0" 404 71387 "-" "Mozilla/5.0 AppleWebKit/537.36 (KHTML, like Gecko; compatible; ClaudeBot/1.0; +claudebot@anthropic.com)"
216.73.216.217 - - [06/Apr/2026:08:34:02 -0400] "GET /special/250222969.shtml HTTP/2.0" 404 71387 "-" "Mozilla/5.0 AppleWebKit/537.36 (KHTML, like Gecko; compatible; ClaudeBot/1.0; +claudebot@anthropic.com)"
216.73.216.217 - - [06/Apr/2026:08:34:02 -0400] "GET /special/2602510484.shtml HTTP/2.0" 404 71387 "-" "Mozilla/5.0 AppleWebKit/537.36 (KHTML, like Gecko; compatible; ClaudeBot/1.0; +claudebot@anthropic.com)"
216.73.216.217 - - [06/Apr/2026:08:34:02 -0400] "GET /special/2652619215.shtml HTTP/2.0" 404 71387 "-" "Mozilla/5.0 AppleWebKit/537.36 (KHTML, like Gecko; compatible; ClaudeBot/1.0; +claudebot@anthropic.com)"
216.73.216.217 - - [06/Apr/2026:08:34:02 -0400] "GET /special/2624959480.shtml HTTP/2.0" 404 71387 "-" "Mozilla/5.0 AppleWebKit/537.36 (KHTML, like Gecko; compatible; ClaudeBot/1.0; +claudebot@anthropic.com)"
216.73.216.217 - - [06/Apr/2026:08:34:02 -0400] "GET /special/3315345411.shtml HTTP/2.0" 404 71387 "-" "Mozilla/5.0 AppleWebKit/537.36 (KHTML, like Gecko; compatible; ClaudeBot/1.0; +claudebot@anthropic.com)"
216.73.216.217 - - [06/Apr/2026:08:34:03 -0400] "GET /special/650854278.shtml HTTP/2.0" 404 71387 "-" "Mozilla/5.0 AppleWebKit/537.36 (KHTML, like Gecko; compatible; ClaudeBot/1.0; +claudebot@anthropic.com)"
216.73.216.217 - - [06/Apr/2026:08:34:03 -0400] "GET /special/572243394.shtml HTTP/2.0" 404 71387 "-" "Mozilla/5.0 AppleWebKit/537.36 (KHTML, like Gecko; compatible; ClaudeBot/1.0; +claudebot@anthropic.com)"
216.73.216.217 - - [06/Apr/2026:08:34:05 -0400] "GET /special/2816740788.shtml HTTP/2.0" 404 71387 "-" "Mozilla/5.0 AppleWebKit/537.36 (KHTML, like Gecko; compatible; ClaudeBot/1.0; +claudebot@anthropic.com)"
216.73.216.217 - - [06/Apr/2026:08:34:05 -0400] "GET /special/2096302116.shtml HTTP/2.0" 404 71387 "-" "Mozilla/5.0 AppleWebKit/537.36 (KHTML, like Gecko; compatible; ClaudeBot/1.0; +claudebot@anthropic.com)"
74.91.222.204 - - [06/Apr/2026:08:34:07 -0400] "POST /wp-cron.php?doing_wp_cron=1775478847.5714368820190429687500 HTTP/1.1" 200 - "-" "WordPress/6.9.4; https://dartdocs.app"
216.73.216.217 - - [06/Apr/2026:08:34:06 -0400] "GET /special/3071300703.shtml HTTP/2.0" 404 71387 "-" "Mozilla/5.0 AppleWebKit/537.36 (KHTML, like Gecko; compatible; ClaudeBot/1.0; +claudebot@anthropic.com)"
216.73.216.217 - - [06/Apr/2026:08:34:07 -0400] "GET /special/2037815826.shtml HTTP/2.0" 404 71387 "-" "Mozilla/5.0 AppleWebKit/537.36 (KHTML, like Gecko; compatible; ClaudeBot/1.0; +claudebot@anthropic.com)"
216.73.216.217 - - [06/Apr/2026:08:34:08 -0400] "GET /special/3078984623.shtml HTTP/2.0" 404 71387 "-" "Mozilla/5.0 AppleWebKit/537.36 (KHTML, like Gecko; compatible; ClaudeBot/1.0; +claudebot@anthropic.com)"
216.73.216.217 - - [06/Apr/2026:08:34:09 -0400] "GET /special/4150701509.shtml HTTP/2.0" 404 71387 "-" "Mozilla/5.0 AppleWebKit/537.36 (KHTML, like Gecko; compatible; ClaudeBot/1.0; +claudebot@anthropic.com)"
216.73.216.217 - - [06/Apr/2026:08:34:10 -0400] "GET /special/4001853518.shtml HTTP/2.0" 404 71387 "-" "Mozilla/5.0 AppleWebKit/537.36 (KHTML, like Gecko; compatible; ClaudeBot/1.0; +claudebot@anthropic.com)"
216.73.216.217 - - [06/Apr/2026:08:34:11 -0400] "GET /special/285955308.shtml HTTP/2.0" 404 71387 "-" "Mozilla/5.0 AppleWebKit/537.36 (KHTML, like Gecko; compatible; ClaudeBot/1.0; +claudebot@anthropic.com)"
216.73.216.217 - - [06/Apr/2026:08:34:12 -0400] "GET /special/2548749114.shtml HTTP/2.0" 404 71387 "-" "Mozilla/5.0 AppleWebKit/537.36 (KHTML, like Gecko; compatible; ClaudeBot/1.0; +claudebot@anthropic.com)"
216.73.216.217 - - [06/Apr/2026:08:34:13 -0400] "GET /special/3391109536.shtml HTTP/2.0" 404 71387 "-" "Mozilla/5.0 AppleWebKit/537.36 (KHTML, like Gecko; compatible; ClaudeBot/1.0; +claudebot@anthropic.com)"
216.73.216.217 - - [06/Apr/2026:08:34:14 -0400] "GET /special/2978266342.shtml HTTP/2.0" 404 71387 "-" "Mozilla/5.0 AppleWebKit/537.36 (KHTML, like Gecko; compatible; ClaudeBot/1.0; +claudebot@anthropic.com)"
216.73.216.217 - - [06/Apr/2026:08:34:15 -0400] "GET /special/1941189138.shtml HTTP/2.0" 404 71387 "-" "Mozilla/5.0 AppleWebKit/537.36 (KHTML, like Gecko; compatible; ClaudeBot/1.0; +claudebot@anthropic.com)"
216.73.216.217 - - [06/Apr/2026:08:34:16 -0400] "GET /special/328606658.shtml HTTP/2.0" 404 71387 "-" "Mozilla/5.0 AppleWebKit/537.36 (KHTML, like Gecko; compatible; ClaudeBot/1.0; +claudebot@anthropic.com)"
216.73.216.217 - - [06/Apr/2026:08:34:17 -0400] "GET /special/955918925.shtml HTTP/2.0" 404 71387 "-" "Mozilla/5.0 AppleWebKit/537.36 (KHTML, like Gecko; compatible; ClaudeBot/1.0; +claudebot@anthropic.com)"
216.73.216.217 - - [06/Apr/2026:08:34:18 -0400] "GET /special/2162783003.shtml HTTP/2.0" 404 71387 "-" "Mozilla/5.0 AppleWebKit/537.36 (KHTML, like Gecko; compatible; ClaudeBot/1.0; +claudebot@anthropic.com)"
216.73.216.217 - - [06/Apr/2026:08:34:19 -0400] "GET /special/1236425923.shtml HTTP/2.0" 404 71387 "-" "Mozilla/5.0 AppleWebKit/537.36 (KHTML, like Gecko; compatible; ClaudeBot/1.0; +claudebot@anthropic.com)"
216.73.216.217 - - [06/Apr/2026:08:34:19 -0400] "GET /special/3193129888.shtml HTTP/2.0" 404 71387 "-" "Mozilla/5.0 AppleWebKit/537.36 (KHTML, like Gecko; compatible; ClaudeBot/1.0; +claudebot@anthropic.com)"
216.73.216.217 - - [06/Apr/2026:08:34:20 -0400] "GET /special/342159619.shtml HTTP/2.0" 404 71387 "-" "Mozilla/5.0 AppleWebKit/537.36 (KHTML, like Gecko; compatible; ClaudeBot/1.0; +claudebot@anthropic.com)"
216.73.216.217 - - [06/Apr/2026:08:34:21 -0400] "GET /special/1001767983.shtml HTTP/2.0" 404 71387 "-" "Mozilla/5.0 AppleWebKit/537.36 (KHTML, like Gecko; compatible; ClaudeBot/1.0; +claudebot@anthropic.com)"
216.73.216.217 - - [06/Apr/2026:08:34:22 -0400] "GET /special/155582779.shtml HTTP/2.0" 404 71387 "-" "Mozilla/5.0 AppleWebKit/537.36 (KHTML, like Gecko; compatible; ClaudeBot/1.0; +claudebot@anthropic.com)"
216.73.216.217 - - [06/Apr/2026:08:34:23 -0400] "GET /special/1734318183.shtml HTTP/2.0" 404 71387 "-" "Mozilla/5.0 AppleWebKit/537.36 (KHTML, like Gecko; compatible; ClaudeBot/1.0; +claudebot@anthropic.com)"
216.73.216.217 - - [06/Apr/2026:08:34:24 -0400] "GET /special/755395125.shtml HTTP/2.0" 404 71387 "-" "Mozilla/5.0 AppleWebKit/537.36 (KHTML, like Gecko; compatible; ClaudeBot/1.0; +claudebot@anthropic.com)"
216.73.216.217 - - [06/Apr/2026:08:34:25 -0400] "GET /special/4210289335.shtml HTTP/2.0" 404 71387 "-" "Mozilla/5.0 AppleWebKit/537.36 (KHTML, like Gecko; compatible; ClaudeBot/1.0; +claudebot@anthropic.com)"
74.91.222.204 - - [06/Apr/2026:08:34:26 -0400] "POST /wp-cron.php?doing_wp_cron=1775478866.5396881103515625000000 HTTP/1.1" 200 - "-" "WordPress/6.9.4; https://dartdocs.app"
98.98.33.7 - - [06/Apr/2026:08:34:26 -0400] "POST /xmlrpc.php HTTP/1.1" 200 180 "-" "Mozilla/5.0 (Windows NT 10.0; Win64; x64) AppleWebKit/537.36 (KHTML, like Gecko) Chrome/114.0.0.0 Safari/537.36"
216.73.216.217 - - [06/Apr/2026:08:34:26 -0400] "GET /special/1684109672.shtml HTTP/2.0" 404 71387 "-" "Mozilla/5.0 AppleWebKit/537.36 (KHTML, like Gecko; compatible; ClaudeBot/1.0; +claudebot@anthropic.com)"
216.73.216.217 - - [06/Apr/2026:08:34:27 -0400] "GET /special/1897838675.shtml HTTP/2.0" 404 71387 "-" "Mozilla/5.0 AppleWebKit/537.36 (KHTML, like Gecko; compatible; ClaudeBot/1.0; +claudebot@anthropic.com)"
216.73.216.217 - - [06/Apr/2026:08:34:28 -0400] "GET /special/2396559012.shtml HTTP/2.0" 404 71387 "-" "Mozilla/5.0 AppleWebKit/537.36 (KHTML, like Gecko; compatible; ClaudeBot/1.0; +claudebot@anthropic.com)"
216.73.216.217 - - [06/Apr/2026:08:34:29 -0400] "GET /special/3496770619.shtml HTTP/2.0" 404 71387 "-" "Mozilla/5.0 AppleWebKit/537.36 (KHTML, like Gecko; compatible; ClaudeBot/1.0; +claudebot@anthropic.com)"
216.73.216.217 - - [06/Apr/2026:08:34:30 -0400] "GET /special/2861223814.shtml HTTP/2.0" 404 71387 "-" "Mozilla/5.0 AppleWebKit/537.36 (KHTML, like Gecko; compatible; ClaudeBot/1.0; +claudebot@anthropic.com)"
216.73.216.217 - - [06/Apr/2026:08:34:31 -0400] "GET /special/2817825180.shtml HTTP/2.0" 404 71387 "-" "Mozilla/5.0 AppleWebKit/537.36 (KHTML, like Gecko; compatible; ClaudeBot/1.0; +claudebot@anthropic.com)"
216.73.216.217 - - [06/Apr/2026:08:34:32 -0400] "GET /special/1497457659.shtml HTTP/2.0" 404 71387 "-" "Mozilla/5.0 AppleWebKit/537.36 (KHTML, like Gecko; compatible; ClaudeBot/1.0; +claudebot@anthropic.com)"
216.73.216.217 - - [06/Apr/2026:08:34:32 -0400] "GET /special/257743366.shtml HTTP/2.0" 404 71387 "-" "Mozilla/5.0 AppleWebKit/537.36 (KHTML, like Gecko; compatible; ClaudeBot/1.0; +claudebot@anthropic.com)"
216.73.216.217 - - [06/Apr/2026:08:34:32 -0400] "GET /special/2483038797.shtml HTTP/2.0" 404 71387 "-" "Mozilla/5.0 AppleWebKit/537.36 (KHTML, like Gecko; compatible; ClaudeBot/1.0; +claudebot@anthropic.com)"
216.73.216.217 - - [06/Apr/2026:08:34:32 -0400] "GET /special/3256985692.shtml HTTP/2.0" 404 71387 "-" "Mozilla/5.0 AppleWebKit/537.36 (KHTML, like Gecko; compatible; ClaudeBot/1.0; +claudebot@anthropic.com)"
216.73.216.217 - - [06/Apr/2026:08:34:32 -0400] "GET /special/3768188974.shtml HTTP/2.0" 404 71387 "-" "Mozilla/5.0 AppleWebKit/537.36 (KHTML, like Gecko; compatible; ClaudeBot/1.0; +claudebot@anthropic.com)"
216.73.216.217 - - [06/Apr/2026:08:34:32 -0400] "GET /special/84949742.shtml HTTP/2.0" 404 71387 "-" "Mozilla/5.0 AppleWebKit/537.36 (KHTML, like Gecko; compatible; ClaudeBot/1.0; +claudebot@anthropic.com)"
216.73.216.217 - - [06/Apr/2026:08:34:32 -0400] "GET /special/749211493.shtml HTTP/2.0" 404 71387 "-" "Mozilla/5.0 AppleWebKit/537.36 (KHTML, like Gecko; compatible; ClaudeBot/1.0; +claudebot@anthropic.com)"
98.98.33.7 - - [06/Apr/2026:08:34:33 -0400] "POST /xmlrpc.php HTTP/1.1" 200 12520 "-" "Mozilla/5.0 (Windows NT 10.0; Win64; x64) AppleWebKit/537.36 (KHTML, like Gecko) Chrome/114.0.0.0 Safari/537.36"
98.98.33.7 - - [06/Apr/2026:08:34:35 -0400] "GET /2026/04/06/le-migliori-accedi-ybets-app-casa-da-gioco-per-agire-per-patrimonio-veri/ HTTP/1.1" 200 83267 "-" "Mozilla/5.0 (Windows NT 10.0; Win64; x64) AppleWebKit/537.36 (KHTML, like Gecko) Chrome/124.0.0.0 Safari/537.36 Edg/124.0.0.0"
15.235.27.181 - - [06/Apr/2026:08:34:37 -0400] "GET /2026/03/04/pinco-azrbaycan-n-yax-onlayn-kazino-tcrubsi-2/ HTTP/2.0" 200 77928 "-" "Mozilla/5.0 (compatible; AhrefsBot/7.0; +http://ahrefs.com/robot/)"
154.22.0.130 - - [06/Apr/2026:08:34:43 -0400] "GET /2025/05/19/jocuri-pacanele-demo/ HTTP/1.1" 200 77733 "https://dartdocs.app/" "Mozilla/5.0 (Windows NT 10.0; Win64; x64) AppleWebKit/537.36 (KHTML, like Gecko) Chrome/114.0.0.0 Safari/537.36"
154.22.0.130 - - [06/Apr/2026:08:34:46 -0400] "GET /wp-content/plugins/heroic-table-of-contents/dist/blocks.style.build.css?ver=1768254467 HTTP/1.1" 200 9461 "https://dartdocs.app/2025/05/19/jocuri-pacanele-demo/" "Mozilla/5.0 (Windows NT 10.0; Win64; x64) AppleWebKit/537.36 (KHTML, like Gecko) Chrome/143.0.0.0 Safari/537.36"
154.22.0.130 - - [06/Apr/2026:08:34:46 -0400] "GET /wp-includes/css/dist/components/style.min.css?ver=6.9.4 HTTP/1.1" 200 100222 "https://dartdocs.app/2025/05/19/jocuri-pacanele-demo/" "Mozilla/5.0 (Windows NT 10.0; Win64; x64) AppleWebKit/537.36 (KHTML, like Gecko) Chrome/143.0.0.0 Safari/537.36"
154.22.0.130 - - [06/Apr/2026:08:34:48 -0400] "GET /wp-includes/css/dist/preferences/style.min.css?ver=6.9.4 HTTP/1.1" 200 1003 "https://dartdocs.app/2025/05/19/jocuri-pacanele-demo/" "Mozilla/5.0 (Windows NT 10.0; Win64; x64) AppleWebKit/537.36 (KHTML, like Gecko) Chrome/143.0.0.0 Safari/537.36"
154.22.0.130 - - [06/Apr/2026:08:34:48 -0400] "GET /wp-includes/css/dist/block-editor/style.min.css?ver=6.9.4 HTTP/1.1" 200 118932 "https://dartdocs.app/2025/05/19/jocuri-pacanele-demo/" "Mozilla/5.0 (Windows NT 10.0; Win64; x64) AppleWebKit/537.36 (KHTML, like Gecko) Chrome/143.0.0.0 Safari/537.36"
154.22.0.130 - - [06/Apr/2026:08:34:50 -0400] "GET /wp-includes/css/dist/reusable-blocks/style.min.css?ver=6.9.4 HTTP/1.1" 200 579 "https://dartdocs.app/2025/05/19/jocuri-pacanele-demo/" "Mozilla/5.0 (Windows NT 10.0; Win64; x64) AppleWebKit/537.36 (KHTML, like Gecko) Chrome/143.0.0.0 Safari/537.36"
154.22.0.130 - - [06/Apr/2026:08:34:51 -0400] "GET /wp-includes/css/dist/patterns/style.min.css?ver=6.9.4 HTTP/1.1" 200 1810 "https://dartdocs.app/2025/05/19/jocuri-pacanele-demo/" "Mozilla/5.0 (Windows NT 10.0; Win64; x64) AppleWebKit/537.36 (KHTML, like Gecko) Chrome/143.0.0.0 Safari/537.36"
154.22.0.130 - - [06/Apr/2026:08:34:51 -0400] "GET /wp-includes/css/dist/editor/style.min.css?ver=6.9.4 HTTP/1.1" 200 59559 "https://dartdocs.app/2025/05/19/jocuri-pacanele-demo/" "Mozilla/5.0 (Windows NT 10.0; Win64; x64) AppleWebKit/537.36 (KHTML, like Gecko) Chrome/143.0.0.0 Safari/537.36"
154.22.0.130 - - [06/Apr/2026:08:34:52 -0400] "GET /wp-content/plugins/ht-knowledge-base/formatting-blocks/dist/css/ht-formatting-blocks-modules-styles.css?ver=3.16.4 HTTP/1.1" 200 8026 "https://dartdocs.app/2025/05/19/jocuri-pacanele-demo/" "Mozilla/5.0 (Windows NT 10.0; Win64; x64) AppleWebKit/537.36 (KHTML, like Gecko) Chrome/143.0.0.0 Safari/537.36"
154.22.0.130 - - [06/Apr/2026:08:34:53 -0400] "GET /wp-content/themes/knowall/css/style.css?ver=2.0.7 HTTP/1.1" 200 108941 "https://dartdocs.app/2025/05/19/jocuri-pacanele-demo/" "Mozilla/5.0 (Windows NT 10.0; Win64; x64) AppleWebKit/537.36 (KHTML, like Gecko) Chrome/143.0.0.0 Safari/537.36"
154.22.0.130 - - [06/Apr/2026:08:34:55 -0400] "POST /wp-comments-post.php HTTP/1.1" 302 - "https://dartdocs.app/2025/05/19/jocuri-pacanele-demo/" "Mozilla/5.0 (Windows NT 10.0; Win64; x64) AppleWebKit/537.36 (KHTML, like Gecko) Chrome/114.0.0.0 Safari/537.36"
216.73.216.217 - - [06/Apr/2026:08:34:56 -0400] "GET /special/2581034294.shtml HTTP/2.0" 404 71387 "-" "Mozilla/5.0 AppleWebKit/537.36 (KHTML, like Gecko; compatible; ClaudeBot/1.0; +claudebot@anthropic.com)"
216.73.216.217 - - [06/Apr/2026:08:34:56 -0400] "GET /special/64601938.shtml HTTP/2.0" 404 71387 "-" "Mozilla/5.0 AppleWebKit/537.36 (KHTML, like Gecko; compatible; ClaudeBot/1.0; +claudebot@anthropic.com)"
216.73.216.217 - - [06/Apr/2026:08:34:56 -0400] "GET /2026/04/03/immortal-relationships-character-comment-while-offering-team-out-of-computer-system-science-and-you-can-you-will-technical/feed HTTP/2.0" 301 - "-" "Mozilla/5.0 AppleWebKit/537.36 (KHTML, like Gecko; compatible; ClaudeBot/1.0; +claudebot@anthropic.com)"
216.73.216.217 - - [06/Apr/2026:08:34:56 -0400] "GET /2026/04/03/resena-de-pompeii-megareels-megaways-2026-espana-rtp-96/feed HTTP/2.0" 301 - "-" "Mozilla/5.0 AppleWebKit/537.36 (KHTML, like Gecko; compatible; ClaudeBot/1.0; +claudebot@anthropic.com)"
216.73.216.217 - - [06/Apr/2026:08:34:56 -0400] "GET /2026/04/03/sloturi-jackpot-jackpot-online-netbet-cazino/feed HTTP/2.0" 301 - "-" "Mozilla/5.0 AppleWebKit/537.36 (KHTML, like Gecko; compatible; ClaudeBot/1.0; +claudebot@anthropic.com)"
154.22.0.130 - - [06/Apr/2026:08:34:56 -0400] "GET /2025/05/19/jocuri-pacanele-demo/?unapproved=3321&moderation-hash=8b39665cc7ded79f7952a99220e900c9 HTTP/1.1" 200 79962 "https://dartdocs.app/wp-comments-post.php" "Mozilla/5.0 (Windows NT 10.0; Win64; x64) AppleWebKit/537.36 (KHTML, like Gecko) Chrome/114.0.0.0 Safari/537.36"
216.73.216.217 - - [06/Apr/2026:08:34:56 -0400] "GET /2026/04/03/cazinouri-online-pe-bani-reali-din-romania-pe-2025/feed HTTP/2.0" 301 - "-" "Mozilla/5.0 AppleWebKit/537.36 (KHTML, like Gecko; compatible; ClaudeBot/1.0; +claudebot@anthropic.com)"
216.73.216.217 - - [06/Apr/2026:08:34:56 -0400] "GET /2026/04/03/gambling-games-you-to-definitely-shell-out-real-cash-on-the-internet/feed HTTP/2.0" 301 - "-" "Mozilla/5.0 AppleWebKit/537.36 (KHTML, like Gecko; compatible; ClaudeBot/1.0; +claudebot@anthropic.com)"
216.73.216.217 - - [06/Apr/2026:08:34:56 -0400] "GET /special/956057723.shtml HTTP/2.0" 404 71387 "-" "Mozilla/5.0 AppleWebKit/537.36 (KHTML, like Gecko; compatible; ClaudeBot/1.0; +claudebot@anthropic.com)"
216.73.216.217 - - [06/Apr/2026:08:34:56 -0400] "GET /special/3338467136.shtml HTTP/2.0" 404 71387 "-" "Mozilla/5.0 AppleWebKit/537.36 (KHTML, like Gecko; compatible; ClaudeBot/1.0; +claudebot@anthropic.com)"
216.73.216.217 - - [06/Apr/2026:08:34:56 -0400] "GET /special/628010545.shtml HTTP/2.0" 404 71387 "-" "Mozilla/5.0 AppleWebKit/537.36 (KHTML, like Gecko; compatible; ClaudeBot/1.0; +claudebot@anthropic.com)"
216.73.216.217 - - [06/Apr/2026:08:34:58 -0400] "GET /special/390220202.shtml HTTP/2.0" 404 71387 "-" "Mozilla/5.0 AppleWebKit/537.36 (KHTML, like Gecko; compatible; ClaudeBot/1.0; +claudebot@anthropic.com)"
216.73.216.217 - - [06/Apr/2026:08:34:58 -0400] "GET /2026/04/03/resena-de-pompeii-megareels-megaways-2026-espana-rtp-96/feed/ HTTP/2.0" 200 882 "https://dartdocs.app/2026/04/03/resena-de-pompeii-megareels-megaways-2026-espana-rtp-96/feed" "Mozilla/5.0 AppleWebKit/537.36 (KHTML, like Gecko; compatible; ClaudeBot/1.0; +claudebot@anthropic.com)"
216.73.216.217 - - [06/Apr/2026:08:34:58 -0400] "GET /special/932297879.shtml HTTP/2.0" 404 71387 "-" "Mozilla/5.0 AppleWebKit/537.36 (KHTML, like Gecko; compatible; ClaudeBot/1.0; +claudebot@anthropic.com)"
216.73.216.217 - - [06/Apr/2026:08:34:56 -0400] "GET /2026/04/03/rotiri-gratuite-insa-plata-mart-2026-tu-oferte-de-cazino/feed HTTP/2.0" 301 - "-" "Mozilla/5.0 AppleWebKit/537.36 (KHTML, like Gecko; compatible; ClaudeBot/1.0; +claudebot@anthropic.com)"
216.73.216.217 - - [06/Apr/2026:08:34:58 -0400] "GET /2026/04/03/immortal-relationships-character-comment-while-offering-team-out-of-computer-system-science-and-you-can-you-will-technical/feed/ HTTP/2.0" 200 1079 "https://dartdocs.app/2026/04/03/immortal-relationships-character-comment-while-offering-team-out-of-computer-system-science-and-you-can-you-will-technical/feed" "Mozilla/5.0 AppleWebKit/537.36 (KHTML, like Gecko; compatible; ClaudeBot/1.0; +claudebot@anthropic.com)"
216.73.216.217 - - [06/Apr/2026:08:34:59 -0400] "GET /2026/04/03/sloturi-jackpot-jackpot-online-netbet-cazino/feed/ HTTP/2.0" 200 845 "https://dartdocs.app/2026/04/03/sloturi-jackpot-jackpot-online-netbet-cazino/feed" "Mozilla/5.0 AppleWebKit/537.36 (KHTML, like Gecko; compatible; ClaudeBot/1.0; +claudebot@anthropic.com)"
216.73.216.217 - - [06/Apr/2026:08:35:00 -0400] "GET /special/4259909313.shtml HTTP/2.0" 404 71387 "-" "Mozilla/5.0 AppleWebKit/537.36 (KHTML, like Gecko; compatible; ClaudeBot/1.0; +claudebot@anthropic.com)"
216.73.216.217 - - [06/Apr/2026:08:34:59 -0400] "GET /2026/04/03/cazinouri-online-pe-bani-reali-din-romania-pe-2025/feed/ HTTP/2.0" 200 864 "https://dartdocs.app/2026/04/03/cazinouri-online-pe-bani-reali-din-romania-pe-2025/feed" "Mozilla/5.0 AppleWebKit/537.36 (KHTML, like Gecko; compatible; ClaudeBot/1.0; +claudebot@anthropic.com)"
216.73.216.217 - - [06/Apr/2026:08:35:00 -0400] "GET /special/364092909.shtml HTTP/2.0" 404 71387 "-" "Mozilla/5.0 AppleWebKit/537.36 (KHTML, like Gecko; compatible; ClaudeBot/1.0; +claudebot@anthropic.com)"
216.73.216.217 - - [06/Apr/2026:08:34:59 -0400] "GET /2026/04/03/gambling-games-you-to-definitely-shell-out-real-cash-on-the-internet/feed/ HTTP/2.0" 200 917 "https://dartdocs.app/2026/04/03/gambling-games-you-to-definitely-shell-out-real-cash-on-the-internet/feed" "Mozilla/5.0 AppleWebKit/537.36 (KHTML, like Gecko; compatible; ClaudeBot/1.0; +claudebot@anthropic.com)"
154.22.0.130 - - [06/Apr/2026:08:35:00 -0400] "GET /2025/05/19/jocuri-pacanele-demo/ HTTP/1.1" 200 392806 "-" "Mozilla/5.0 (compatible; Googlebot/2.1; +http://www.google.com/bot.html)"
216.73.216.217 - - [06/Apr/2026:08:35:00 -0400] "GET /special/3969197945.shtml HTTP/2.0" 404 71387 "-" "Mozilla/5.0 AppleWebKit/537.36 (KHTML, like Gecko; compatible; ClaudeBot/1.0; +claudebot@anthropic.com)"
216.73.216.217 - - [06/Apr/2026:08:35:01 -0400] "GET /special/951993418.shtml HTTP/2.0" 404 71387 "-" "Mozilla/5.0 AppleWebKit/537.36 (KHTML, like Gecko; compatible; ClaudeBot/1.0; +claudebot@anthropic.com)"
216.73.216.217 - - [06/Apr/2026:08:35:01 -0400] "GET /special/870135533.shtml HTTP/2.0" 404 71387 "-" "Mozilla/5.0 AppleWebKit/537.36 (KHTML, like Gecko; compatible; ClaudeBot/1.0; +claudebot@anthropic.com)"
216.73.216.217 - - [06/Apr/2026:08:35:02 -0400] "GET /special/3345306712.shtml HTTP/2.0" 404 71387 "-" "Mozilla/5.0 AppleWebKit/537.36 (KHTML, like Gecko; compatible; ClaudeBot/1.0; +claudebot@anthropic.com)"
216.73.216.217 - - [06/Apr/2026:08:35:01 -0400] "GET /2026/04/03/rotiri-gratuite-insa-plata-mart-2026-tu-oferte-de-cazino/feed/ HTTP/2.0" 200 885 "https://dartdocs.app/2026/04/03/rotiri-gratuite-insa-plata-mart-2026-tu-oferte-de-cazino/feed" "Mozilla/5.0 AppleWebKit/537.36 (KHTML, like Gecko; compatible; ClaudeBot/1.0; +claudebot@anthropic.com)"
216.73.216.217 - - [06/Apr/2026:08:35:02 -0400] "GET /special/413455969.shtml HTTP/2.0" 404 71387 "-" "Mozilla/5.0 AppleWebKit/537.36 (KHTML, like Gecko; compatible; ClaudeBot/1.0; +claudebot@anthropic.com)"
216.73.216.217 - - [06/Apr/2026:08:35:02 -0400] "GET /special/3315147656.shtml HTTP/2.0" 404 71387 "-" "Mozilla/5.0 AppleWebKit/537.36 (KHTML, like Gecko; compatible; ClaudeBot/1.0; +claudebot@anthropic.com)"
216.73.216.217 - - [06/Apr/2026:08:35:04 -0400] "GET /special/511885864.shtml HTTP/2.0" 404 71387 "-" "Mozilla/5.0 AppleWebKit/537.36 (KHTML, like Gecko; compatible; ClaudeBot/1.0; +claudebot@anthropic.com)"
74.91.222.204 - - [06/Apr/2026:08:35:10 -0400] "POST /wp-cron.php?doing_wp_cron=1775478910.0081779956817626953125 HTTP/1.1" 200 - "-" "WordPress/6.9.4; https://dartdocs.app"
216.73.216.217 - - [06/Apr/2026:08:35:09 -0400] "GET /2026/04/03/afla-apasator-multe-platforme-noi-cazinou-online-gameworld-europa-join-now/feed HTTP/2.0" 301 - "-" "Mozilla/5.0 AppleWebKit/537.36 (KHTML, like Gecko; compatible; ClaudeBot/1.0; +claudebot@anthropic.com)"
216.73.216.217 - - [06/Apr/2026:08:35:10 -0400] "GET /2026/04/03/afla-apasator-multe-platforme-noi-cazinou-online-gameworld-europa-join-now/feed/ HTTP/2.0" 200 938 "https://dartdocs.app/2026/04/03/afla-apasator-multe-platforme-noi-cazinou-online-gameworld-europa-join-now/feed" "Mozilla/5.0 AppleWebKit/537.36 (KHTML, like Gecko; compatible; ClaudeBot/1.0; +claudebot@anthropic.com)"
51.77.217.11 - - [06/Apr/2026:08:35:19 -0400] "GET /robots.txt HTTP/1.1" 200 77 "-" "Mozilla/5.0 (compatible; MJ12bot/v1.4.8; http://mj12bot.com/)"
216.73.216.217 - - [06/Apr/2026:08:35:21 -0400] "GET /special/2020598100.shtml HTTP/2.0" 404 71387 "-" "Mozilla/5.0 AppleWebKit/537.36 (KHTML, like Gecko; compatible; ClaudeBot/1.0; +claudebot@anthropic.com)"
216.73.216.217 - - [06/Apr/2026:08:35:24 -0400] "GET /special/437255165.shtml HTTP/2.0" 404 71387 "-" "Mozilla/5.0 AppleWebKit/537.36 (KHTML, like Gecko; compatible; ClaudeBot/1.0; +claudebot@anthropic.com)"
51.77.217.11 - - [06/Apr/2026:08:35:24 -0400] "GET /2026/02/18/chicken-road-%CF%80%CE%B1%CE%AF%CE%BE%CF%84%CE%B5-%CE%BA%CE%B1%CE%B9-%CE%BA%CE%B5%CF%81%CE%B4%CE%AF%CF%83%CF%84%CE%B5-%CF%83%CF%84%CE%B7%CE%BD-%CE%B5%CE%BB%CE%BB%CE%AC%CE%B4%CE%B1/ HTTP/1.1" 200 86206 "-" "Mozilla/5.0 (compatible; MJ12bot/v1.4.8; http://mj12bot.com/)"
216.73.216.217 - - [06/Apr/2026:08:35:26 -0400] "GET /special/1108329699.shtml HTTP/2.0" 404 71387 "-" "Mozilla/5.0 AppleWebKit/537.36 (KHTML, like Gecko; compatible; ClaudeBot/1.0; +claudebot@anthropic.com)"
216.73.216.217 - - [06/Apr/2026:08:35:28 -0400] "GET /special/532579302.shtml HTTP/2.0" 404 71387 "-" "Mozilla/5.0 AppleWebKit/537.36 (KHTML, like Gecko; compatible; ClaudeBot/1.0; +claudebot@anthropic.com)"
51.77.217.11 - - [06/Apr/2026:08:35:29 -0400] "GET /2026/02/18/chicken-road-%CF%80%CE%B1%CE%AF%CE%BE%CF%84%CE%B5-%CE%BA%CE%B1%CE%B9-%CE%BA%CE%B5%CF%81%CE%B4%CE%AF%CF%83%CF%84%CE%B5-%CF%83%CF%84%CE%B7%CE%BD-%CE%B5%CE%BB%CE%BB%CE%AC%CE%B4%CE%B1/feed/ HTTP/1.1" 200 1144 "-" "Mozilla/5.0 (compatible; MJ12bot/v1.4.8; http://mj12bot.com/)"
216.73.216.217 - - [06/Apr/2026:08:35:30 -0400] "GET /category/uncategorized/page/7 HTTP/2.0" 301 - "-" "Mozilla/5.0 AppleWebKit/537.36 (KHTML, like Gecko; compatible; ClaudeBot/1.0; +claudebot@anthropic.com)"
216.73.216.217 - - [06/Apr/2026:08:35:31 -0400] "GET /category/uncategorized/page/7/ HTTP/2.0" 200 94960 "https://dartdocs.app/category/uncategorized/page/7" "Mozilla/5.0 AppleWebKit/537.36 (KHTML, like Gecko; compatible; ClaudeBot/1.0; +claudebot@anthropic.com)"
51.77.217.11 - - [06/Apr/2026:08:35:33 -0400] "GET /2026/03/16/stu-zlotych-bez-depozytu-przy-kasynach-%EF%B8%8F-najpozytywniejsze-kasyna-od-100-zl-czy-setka-premia-kasyno-expekt-bonus-bez-depozytu-2025/ HTTP/1.1" 200 83551 "-" "Mozilla/5.0 (compatible; MJ12bot/v1.4.8; http://mj12bot.com/)"
216.73.216.217 - - [06/Apr/2026:08:35:35 -0400] "GET /special/697661706.shtml HTTP/2.0" 404 71387 "-" "Mozilla/5.0 AppleWebKit/537.36 (KHTML, like Gecko; compatible; ClaudeBot/1.0; +claudebot@anthropic.com)"
216.73.216.217 - - [06/Apr/2026:08:35:38 -0400] "GET /special/155584045.shtml HTTP/2.0" 404 71387 "-" "Mozilla/5.0 AppleWebKit/537.36 (KHTML, like Gecko; compatible; ClaudeBot/1.0; +claudebot@anthropic.com)"
142.44.220.120 - - [06/Apr/2026:08:35:38 -0400] "GET /2026/03/04/explore-the-exciting-world-of-pinco-online-casino/ HTTP/2.0" 200 77568 "-" "Mozilla/5.0 (compatible; AhrefsBot/7.0; +http://ahrefs.com/robot/)"
216.73.216.217 - - [06/Apr/2026:08:35:40 -0400] "GET /special/3972926585.shtml HTTP/2.0" 404 71387 "-" "Mozilla/5.0 AppleWebKit/537.36 (KHTML, like Gecko; compatible; ClaudeBot/1.0; +claudebot@anthropic.com)"
216.73.216.217 - - [06/Apr/2026:08:35:43 -0400] "GET /special/2344977601.shtml HTTP/2.0" 404 71387 "-" "Mozilla/5.0 AppleWebKit/537.36 (KHTML, like Gecko; compatible; ClaudeBot/1.0; +claudebot@anthropic.com)"
216.73.216.217 - - [06/Apr/2026:08:35:45 -0400] "GET /special/466024217.shtml HTTP/2.0" 404 71387 "-" "Mozilla/5.0 AppleWebKit/537.36 (KHTML, like Gecko; compatible; ClaudeBot/1.0; +claudebot@anthropic.com)"
51.77.217.11 - - [06/Apr/2026:08:35:47 -0400] "GET /2026/03/20/online-casino-%EF%B8%8F-jamfora-sveriges-ultimata-natcasinon-2026/feed/ HTTP/1.1" 200 905 "-" "Mozilla/5.0 (compatible; MJ12bot/v1.4.8; http://mj12bot.com/)"
216.73.216.217 - - [06/Apr/2026:08:35:47 -0400] "GET /special/593599645.shtml HTTP/2.0" 404 71387 "-" "Mozilla/5.0 AppleWebKit/537.36 (KHTML, like Gecko; compatible; ClaudeBot/1.0; +claudebot@anthropic.com)"
216.73.216.217 - - [06/Apr/2026:08:35:49 -0400] "GET /special/2590733107.shtml HTTP/2.0" 404 71387 "-" "Mozilla/5.0 AppleWebKit/537.36 (KHTML, like Gecko; compatible; ClaudeBot/1.0; +claudebot@anthropic.com)"
216.73.216.217 - - [06/Apr/2026:08:35:51 -0400] "GET /special/3234801062.shtml HTTP/2.0" 404 71387 "-" "Mozilla/5.0 AppleWebKit/537.36 (KHTML, like Gecko; compatible; ClaudeBot/1.0; +claudebot@anthropic.com)"
51.77.217.11 - - [06/Apr/2026:08:35:52 -0400] "GET /2026/03/20/online-casino-%EF%B8%8F-jamfora-sveriges-ultimata-natcasinon-2026/ HTTP/1.1" 200 81205 "-" "Mozilla/5.0 (compatible; MJ12bot/v1.4.8; http://mj12bot.com/)"
216.73.216.217 - - [06/Apr/2026:08:35:54 -0400] "GET /special/1272152309.shtml HTTP/2.0" 404 71387 "-" "Mozilla/5.0 AppleWebKit/537.36 (KHTML, like Gecko; compatible; ClaudeBot/1.0; +claudebot@anthropic.com)"
216.73.216.217 - - [06/Apr/2026:08:35:56 -0400] "GET /special/1126530535.shtml HTTP/2.0" 404 71387 "-" "Mozilla/5.0 AppleWebKit/537.36 (KHTML, like Gecko; compatible; ClaudeBot/1.0; +claudebot@anthropic.com)"
54.85.109.140 - - [06/Apr/2026:08:35:56 -0400] "GET /wp-json/oembed/1.0/embed?url=https://dartdocs.app/2025/06/04/mobile-pokies-australia-instant-withdrawal/ HTTP/1.1" 200 2303 "-" "Mozilla/5.0 AppleWebKit/537.36 (KHTML, like Gecko; compatible; Amazonbot/0.1; +https://developer.amazon.com/support/amazonbot) Chrome/119.0.6045.214 Safari/537.36"
216.73.216.217 - - [06/Apr/2026:08:35:58 -0400] "GET /special/3386010932.shtml HTTP/2.0" 404 71387 "-" "Mozilla/5.0 AppleWebKit/537.36 (KHTML, like Gecko; compatible; ClaudeBot/1.0; +claudebot@anthropic.com)"
216.73.216.217 - - [06/Apr/2026:08:36:00 -0400] "GET /special/1865032372.shtml HTTP/2.0" 404 71387 "-" "Mozilla/5.0 AppleWebKit/537.36 (KHTML, like Gecko; compatible; ClaudeBot/1.0; +claudebot@anthropic.com)"
216.73.216.217 - - [06/Apr/2026:08:36:02 -0400] "GET /special/3930061209.shtml HTTP/2.0" 404 71387 "-" "Mozilla/5.0 AppleWebKit/537.36 (KHTML, like Gecko; compatible; ClaudeBot/1.0; +claudebot@anthropic.com)"
216.73.216.217 - - [06/Apr/2026:08:36:04 -0400] "GET /special/1820181010.shtml HTTP/2.0" 404 71387 "-" "Mozilla/5.0 AppleWebKit/537.36 (KHTML, like Gecko; compatible; ClaudeBot/1.0; +claudebot@anthropic.com)"
74.91.222.204 - - [06/Apr/2026:08:36:07 -0400] "POST /wp-cron.php?doing_wp_cron=1775478967.7885649204254150390625 HTTP/1.1" 200 - "-" "WordPress/6.9.4; https://dartdocs.app"
216.73.216.217 - - [06/Apr/2026:08:36:07 -0400] "GET /special/2878315565.shtml HTTP/2.0" 404 71387 "-" "Mozilla/5.0 AppleWebKit/537.36 (KHTML, like Gecko; compatible; ClaudeBot/1.0; +claudebot@anthropic.com)"
51.77.217.11 - - [06/Apr/2026:08:36:07 -0400] "GET /2026/03/20/ultimat-casino-faktur-ino-sverige-%E1%90%89-casinon-med-faktur-2026/feed/ HTTP/1.1" 200 908 "-" "Mozilla/5.0 (compatible; MJ12bot/v1.4.8; http://mj12bot.com/)"
216.73.216.217 - - [06/Apr/2026:08:36:09 -0400] "GET /special/794527585.shtml HTTP/2.0" 404 71387 "-" "Mozilla/5.0 AppleWebKit/537.36 (KHTML, like Gecko; compatible; ClaudeBot/1.0; +claudebot@anthropic.com)"
216.73.216.217 - - [06/Apr/2026:08:36:11 -0400] "GET /special/786921758.shtml HTTP/2.0" 404 71387 "-" "Mozilla/5.0 AppleWebKit/537.36 (KHTML, like Gecko; compatible; ClaudeBot/1.0; +claudebot@anthropic.com)"
51.77.217.11 - - [06/Apr/2026:08:36:13 -0400] "GET /2026/03/20/ultimat-casino-faktur-ino-sverige-%E1%90%89-casinon-med-faktur-2026/ HTTP/1.1" 200 81715 "-" "Mozilla/5.0 (compatible; MJ12bot/v1.4.8; http://mj12bot.com/)"
216.73.216.217 - - [06/Apr/2026:08:36:13 -0400] "GET /special/3560903178.shtml HTTP/2.0" 404 71387 "-" "Mozilla/5.0 AppleWebKit/537.36 (KHTML, like Gecko; compatible; ClaudeBot/1.0; +claudebot@anthropic.com)"
216.73.216.217 - - [06/Apr/2026:08:36:15 -0400] "GET /special/4093198329.shtml HTTP/2.0" 404 71387 "-" "Mozilla/5.0 AppleWebKit/537.36 (KHTML, like Gecko; compatible; ClaudeBot/1.0; +claudebot@anthropic.com)"
216.73.216.217 - - [06/Apr/2026:08:36:18 -0400] "GET /special/1131574152.shtml HTTP/2.0" 404 71387 "-" "Mozilla/5.0 AppleWebKit/537.36 (KHTML, like Gecko; compatible; ClaudeBot/1.0; +claudebot@anthropic.com)"
216.73.216.217 - - [06/Apr/2026:08:36:20 -0400] "GET /special/827215552.shtml HTTP/2.0" 404 71387 "-" "Mozilla/5.0 AppleWebKit/537.36 (KHTML, like Gecko; compatible; ClaudeBot/1.0; +claudebot@anthropic.com)"
216.73.216.217 - - [06/Apr/2026:08:36:22 -0400] "GET /special/2127276207.shtml HTTP/2.0" 404 71387 "-" "Mozilla/5.0 AppleWebKit/537.36 (KHTML, like Gecko; compatible; ClaudeBot/1.0; +claudebot@anthropic.com)"
216.73.216.217 - - [06/Apr/2026:08:36:24 -0400] "GET /special/2240705037.shtml HTTP/2.0" 404 71387 "-" "Mozilla/5.0 AppleWebKit/537.36 (KHTML, like Gecko; compatible; ClaudeBot/1.0; +claudebot@anthropic.com)"
216.73.216.217 - - [06/Apr/2026:08:36:26 -0400] "GET /special/2965217083.shtml HTTP/2.0" 404 71387 "-" "Mozilla/5.0 AppleWebKit/537.36 (KHTML, like Gecko; compatible; ClaudeBot/1.0; +claudebot@anthropic.com)"
216.73.216.217 - - [06/Apr/2026:08:36:28 -0400] "GET /special/4178096018.shtml HTTP/2.0" 404 71387 "-" "Mozilla/5.0 AppleWebKit/537.36 (KHTML, like Gecko; compatible; ClaudeBot/1.0; +claudebot@anthropic.com)"
216.73.216.217 - - [06/Apr/2026:08:36:31 -0400] "GET /special/1933276229.shtml HTTP/2.0" 404 71387 "-" "Mozilla/5.0 AppleWebKit/537.36 (KHTML, like Gecko; compatible; ClaudeBot/1.0; +claudebot@anthropic.com)"
216.73.216.217 - - [06/Apr/2026:08:36:33 -0400] "GET /special/1975897337.shtml HTTP/2.0" 404 71387 "-" "Mozilla/5.0 AppleWebKit/537.36 (KHTML, like Gecko; compatible; ClaudeBot/1.0; +claudebot@anthropic.com)"
54.39.6.30 - - [06/Apr/2026:08:36:33 -0400] "GET /2026/02/25/verken-de-opwinding-van-high-stakes-casinospellen-wat-je-moet-weten/ HTTP/2.0" 200 79036 "-" "Mozilla/5.0 (compatible; AhrefsBot/7.0; +http://ahrefs.com/robot/)"
