HEX
Server: Apache
System: Linux v23848419.sin01.serveradd.com 5.14.0-611.38.1.el9_7.x86_64 #1 SMP PREEMPT_DYNAMIC Tue Mar 10 17:21:28 EDT 2026 x86_64
User: dartdocs (1005)
PHP: 8.2.30
Disabled: exec,passthru,shell_exec,system
Upload Files
File: /home/dartdocs/access-logs/dartdocs.app-ssl_log
74.91.222.204 - - [06/Apr/2026:08:10:30 -0400] "POST /wp-cron.php?doing_wp_cron=1775477430.9197850227355957031250 HTTP/1.1" 200 - "-" "WordPress/6.9.4; https://dartdocs.app"
178.217.98.153 - - [06/Apr/2026:08:10:30 -0400] "GET /2025/09/18/why-a-desktop-multi-currency-wallet-still-matters-my-take-on-exodus-and-practical-use/ HTTP/1.0" 200 87724 "https://dartdocs.app/2025/09/18/why-a-desktop-multi-currency-wallet-still-matters-my-take-on-exodus-and-practical-use/#comment-2479" "Mozilla/5.0 (Windows NT 10.0; Win64; x64) AppleWebKit/537.36 (KHTML, like Gecko) Chrome/131.0.0.0 Safari/537.36"
216.73.216.217 - - [06/Apr/2026:08:10:35 -0400] "GET /special/3470915795.shtml HTTP/2.0" 404 71387 "-" "Mozilla/5.0 AppleWebKit/537.36 (KHTML, like Gecko; compatible; ClaudeBot/1.0; +claudebot@anthropic.com)"
216.73.216.217 - - [06/Apr/2026:08:10:35 -0400] "GET /special/2877464728.shtml HTTP/2.0" 404 71387 "-" "Mozilla/5.0 AppleWebKit/537.36 (KHTML, like Gecko; compatible; ClaudeBot/1.0; +claudebot@anthropic.com)"
216.73.216.217 - - [06/Apr/2026:08:10:35 -0400] "GET /special/1844043555.shtml HTTP/2.0" 404 71387 "-" "Mozilla/5.0 AppleWebKit/537.36 (KHTML, like Gecko; compatible; ClaudeBot/1.0; +claudebot@anthropic.com)"
216.73.216.217 - - [06/Apr/2026:08:10:35 -0400] "GET /special/4057175209.shtml HTTP/2.0" 404 71387 "-" "Mozilla/5.0 AppleWebKit/537.36 (KHTML, like Gecko; compatible; ClaudeBot/1.0; +claudebot@anthropic.com)"
216.73.216.217 - - [06/Apr/2026:08:10:35 -0400] "GET /special/252356341.shtml HTTP/2.0" 404 71387 "-" "Mozilla/5.0 AppleWebKit/537.36 (KHTML, like Gecko; compatible; ClaudeBot/1.0; +claudebot@anthropic.com)"
216.73.216.217 - - [06/Apr/2026:08:10:35 -0400] "GET /special/2656821864.shtml HTTP/2.0" 404 71387 "-" "Mozilla/5.0 AppleWebKit/537.36 (KHTML, like Gecko; compatible; ClaudeBot/1.0; +claudebot@anthropic.com)"
216.73.216.217 - - [06/Apr/2026:08:10:35 -0400] "GET /special/3397073930.shtml HTTP/2.0" 404 71387 "-" "Mozilla/5.0 AppleWebKit/537.36 (KHTML, like Gecko; compatible; ClaudeBot/1.0; +claudebot@anthropic.com)"
15.235.96.4 - - [06/Apr/2026:08:10:53 -0400] "GET /2026/03/15/coins-game/ HTTP/2.0" 200 78040 "-" "Mozilla/5.0 (compatible; AhrefsBot/7.0; +http://ahrefs.com/robot/)"
216.73.216.217 - - [06/Apr/2026:08:10:58 -0400] "GET /special/1313770324.shtml HTTP/2.0" 404 71387 "-" "Mozilla/5.0 AppleWebKit/537.36 (KHTML, like Gecko; compatible; ClaudeBot/1.0; +claudebot@anthropic.com)"
216.73.216.217 - - [06/Apr/2026:08:10:58 -0400] "GET /special/1300051583.shtml HTTP/2.0" 404 71387 "-" "Mozilla/5.0 AppleWebKit/537.36 (KHTML, like Gecko; compatible; ClaudeBot/1.0; +claudebot@anthropic.com)"
216.73.216.217 - - [06/Apr/2026:08:10:58 -0400] "GET /special/3538416996.shtml HTTP/2.0" 404 71387 "-" "Mozilla/5.0 AppleWebKit/537.36 (KHTML, like Gecko; compatible; ClaudeBot/1.0; +claudebot@anthropic.com)"
216.73.216.217 - - [06/Apr/2026:08:10:58 -0400] "GET /special/3346051597.shtml HTTP/2.0" 404 71387 "-" "Mozilla/5.0 AppleWebKit/537.36 (KHTML, like Gecko; compatible; ClaudeBot/1.0; +claudebot@anthropic.com)"
216.73.216.217 - - [06/Apr/2026:08:10:58 -0400] "GET /special/1108584663.shtml HTTP/2.0" 404 71387 "-" "Mozilla/5.0 AppleWebKit/537.36 (KHTML, like Gecko; compatible; ClaudeBot/1.0; +claudebot@anthropic.com)"
216.73.216.217 - - [06/Apr/2026:08:10:59 -0400] "GET /special/1385845699.shtml HTTP/2.0" 404 71387 "-" "Mozilla/5.0 AppleWebKit/537.36 (KHTML, like Gecko; compatible; ClaudeBot/1.0; +claudebot@anthropic.com)"
216.73.216.217 - - [06/Apr/2026:08:10:58 -0400] "GET /special/3044649301.shtml HTTP/2.0" 404 71387 "-" "Mozilla/5.0 AppleWebKit/537.36 (KHTML, like Gecko; compatible; ClaudeBot/1.0; +claudebot@anthropic.com)"
216.73.216.217 - - [06/Apr/2026:08:10:59 -0400] "GET /special/309365715.shtml HTTP/2.0" 404 71387 "-" "Mozilla/5.0 AppleWebKit/537.36 (KHTML, like Gecko; compatible; ClaudeBot/1.0; +claudebot@anthropic.com)"
216.73.216.217 - - [06/Apr/2026:08:10:59 -0400] "GET /special/2240502099.shtml HTTP/2.0" 404 71387 "-" "Mozilla/5.0 AppleWebKit/537.36 (KHTML, like Gecko; compatible; ClaudeBot/1.0; +claudebot@anthropic.com)"
216.73.216.217 - - [06/Apr/2026:08:10:59 -0400] "GET /special/2328720445.shtml HTTP/2.0" 404 71387 "-" "Mozilla/5.0 AppleWebKit/537.36 (KHTML, like Gecko; compatible; ClaudeBot/1.0; +claudebot@anthropic.com)"
216.73.216.217 - - [06/Apr/2026:08:10:59 -0400] "GET /special/2405746759.shtml HTTP/2.0" 404 71387 "-" "Mozilla/5.0 AppleWebKit/537.36 (KHTML, like Gecko; compatible; ClaudeBot/1.0; +claudebot@anthropic.com)"
216.73.216.217 - - [06/Apr/2026:08:10:58 -0400] "GET /special/2350228170.shtml HTTP/2.0" 404 71387 "-" "Mozilla/5.0 AppleWebKit/537.36 (KHTML, like Gecko; compatible; ClaudeBot/1.0; +claudebot@anthropic.com)"
216.73.216.217 - - [06/Apr/2026:08:10:59 -0400] "GET /special/907771675.shtml HTTP/2.0" 404 71387 "-" "Mozilla/5.0 AppleWebKit/537.36 (KHTML, like Gecko; compatible; ClaudeBot/1.0; +claudebot@anthropic.com)"
216.73.216.217 - - [06/Apr/2026:08:10:59 -0400] "GET /special/3701643592.shtml HTTP/2.0" 404 71387 "-" "Mozilla/5.0 AppleWebKit/537.36 (KHTML, like Gecko; compatible; ClaudeBot/1.0; +claudebot@anthropic.com)"
74.91.222.204 - - [06/Apr/2026:08:11:23 -0400] "POST /wp-cron.php?doing_wp_cron=1775477483.5382380485534667968750 HTTP/1.1" 200 - "-" "WordPress/6.9.4; https://dartdocs.app"
178.217.98.153 - - [06/Apr/2026:08:11:22 -0400] "GET / HTTP/1.0" 200 80851 "https://dartdocs.app/" "Mozilla/5.0 (Windows NT 10.0; Win64; x64) AppleWebKit/537.36 (KHTML, like Gecko) Chrome/131.0.0.0 Safari/537.36"
216.73.216.217 - - [06/Apr/2026:08:11:34 -0400] "GET /special/3878318370.shtml HTTP/2.0" 404 71387 "-" "Mozilla/5.0 AppleWebKit/537.36 (KHTML, like Gecko; compatible; ClaudeBot/1.0; +claudebot@anthropic.com)"
216.73.216.217 - - [06/Apr/2026:08:11:34 -0400] "GET /special/2337811265.shtml HTTP/2.0" 404 71387 "-" "Mozilla/5.0 AppleWebKit/537.36 (KHTML, like Gecko; compatible; ClaudeBot/1.0; +claudebot@anthropic.com)"
216.73.216.217 - - [06/Apr/2026:08:11:34 -0400] "GET /special/2076380270.shtml HTTP/2.0" 404 71387 "-" "Mozilla/5.0 AppleWebKit/537.36 (KHTML, like Gecko; compatible; ClaudeBot/1.0; +claudebot@anthropic.com)"
216.73.216.217 - - [06/Apr/2026:08:11:34 -0400] "GET /special/2792094122.shtml HTTP/2.0" 404 71387 "-" "Mozilla/5.0 AppleWebKit/537.36 (KHTML, like Gecko; compatible; ClaudeBot/1.0; +claudebot@anthropic.com)"
216.73.216.217 - - [06/Apr/2026:08:11:34 -0400] "GET /special/1824687829.shtml HTTP/2.0" 404 71387 "-" "Mozilla/5.0 AppleWebKit/537.36 (KHTML, like Gecko; compatible; ClaudeBot/1.0; +claudebot@anthropic.com)"
216.73.216.217 - - [06/Apr/2026:08:11:34 -0400] "GET /special/2496117325.shtml HTTP/2.0" 404 71387 "-" "Mozilla/5.0 AppleWebKit/537.36 (KHTML, like Gecko; compatible; ClaudeBot/1.0; +claudebot@anthropic.com)"
216.73.216.217 - - [06/Apr/2026:08:11:34 -0400] "GET /special/2845438821.shtml HTTP/2.0" 404 71387 "-" "Mozilla/5.0 AppleWebKit/537.36 (KHTML, like Gecko; compatible; ClaudeBot/1.0; +claudebot@anthropic.com)"
142.44.233.38 - - [06/Apr/2026:08:12:01 -0400] "GET /2026/03/03/kumar-oyunlarnda-sorumlu-oynama-stratejileri/ HTTP/2.0" 200 78727 "-" "Mozilla/5.0 (compatible; AhrefsBot/7.0; +http://ahrefs.com/robot/)"
216.73.216.217 - - [06/Apr/2026:08:12:10 -0400] "GET /special/3333114283.shtml HTTP/2.0" 404 71387 "-" "Mozilla/5.0 AppleWebKit/537.36 (KHTML, like Gecko; compatible; ClaudeBot/1.0; +claudebot@anthropic.com)"
216.73.216.217 - - [06/Apr/2026:08:12:10 -0400] "GET /special/4064180686.shtml HTTP/2.0" 404 71387 "-" "Mozilla/5.0 AppleWebKit/537.36 (KHTML, like Gecko; compatible; ClaudeBot/1.0; +claudebot@anthropic.com)"
74.91.222.204 - - [06/Apr/2026:08:12:11 -0400] "POST /wp-cron.php?doing_wp_cron=1775477531.2477838993072509765625 HTTP/1.1" 200 - "-" "WordPress/6.9.4; https://dartdocs.app"
216.73.216.217 - - [06/Apr/2026:08:12:10 -0400] "GET /special/3738523980.shtml HTTP/2.0" 404 71387 "-" "Mozilla/5.0 AppleWebKit/537.36 (KHTML, like Gecko; compatible; ClaudeBot/1.0; +claudebot@anthropic.com)"
216.73.216.217 - - [06/Apr/2026:08:12:10 -0400] "GET /special/3596570185.shtml HTTP/2.0" 404 71387 "-" "Mozilla/5.0 AppleWebKit/537.36 (KHTML, like Gecko; compatible; ClaudeBot/1.0; +claudebot@anthropic.com)"
216.73.216.217 - - [06/Apr/2026:08:12:10 -0400] "GET /special/233086992.shtml HTTP/2.0" 404 71387 "-" "Mozilla/5.0 AppleWebKit/537.36 (KHTML, like Gecko; compatible; ClaudeBot/1.0; +claudebot@anthropic.com)"
216.73.216.217 - - [06/Apr/2026:08:12:10 -0400] "GET /special/587998245.shtml HTTP/2.0" 404 71387 "-" "Mozilla/5.0 AppleWebKit/537.36 (KHTML, like Gecko; compatible; ClaudeBot/1.0; +claudebot@anthropic.com)"
216.73.216.217 - - [06/Apr/2026:08:12:10 -0400] "GET /special/315340912.shtml HTTP/2.0" 404 71387 "-" "Mozilla/5.0 AppleWebKit/537.36 (KHTML, like Gecko; compatible; ClaudeBot/1.0; +claudebot@anthropic.com)"
216.73.216.217 - - [06/Apr/2026:08:12:10 -0400] "GET /special/1106083303.shtml HTTP/2.0" 404 71387 "-" "Mozilla/5.0 AppleWebKit/537.36 (KHTML, like Gecko; compatible; ClaudeBot/1.0; +claudebot@anthropic.com)"
216.73.216.217 - - [06/Apr/2026:08:12:11 -0400] "GET /special/1758061361.shtml HTTP/2.0" 404 71387 "-" "Mozilla/5.0 AppleWebKit/537.36 (KHTML, like Gecko; compatible; ClaudeBot/1.0; +claudebot@anthropic.com)"
2.56.109.150 - - [06/Apr/2026:08:12:20 -0400] "GET /2025/05/19/jocuri-pacanele-demo/ HTTP/1.1" 200 77733 "-" "Mozilla/5.0 (X11; Fedora; Linux x86_64; rv:114.0) Gecko/20100101 Firefox/114.0"
142.44.205.42 - - [06/Apr/2026:08:12:56 -0400] "GET /2025/05/19/jocuri-pacanele-demo/ HTTP/1.1" 200 77733 "-" "Mozilla/5.0 (X11; Fedora; Linux x86_64; rv:114.0) Gecko/20100101 Firefox/114.0"
216.73.216.217 - - [06/Apr/2026:08:13:00 -0400] "GET /special/373319807.shtml HTTP/2.0" 404 71387 "-" "Mozilla/5.0 AppleWebKit/537.36 (KHTML, like Gecko; compatible; ClaudeBot/1.0; +claudebot@anthropic.com)"
216.73.216.217 - - [06/Apr/2026:08:13:00 -0400] "GET /special/436134172.shtml HTTP/2.0" 404 71387 "-" "Mozilla/5.0 AppleWebKit/537.36 (KHTML, like Gecko; compatible; ClaudeBot/1.0; +claudebot@anthropic.com)"
216.73.216.217 - - [06/Apr/2026:08:13:00 -0400] "GET /special/3783206191.shtml HTTP/2.0" 404 71387 "-" "Mozilla/5.0 AppleWebKit/537.36 (KHTML, like Gecko; compatible; ClaudeBot/1.0; +claudebot@anthropic.com)"
216.73.216.217 - - [06/Apr/2026:08:13:00 -0400] "GET /special/1179025552.shtml HTTP/2.0" 404 71387 "-" "Mozilla/5.0 AppleWebKit/537.36 (KHTML, like Gecko; compatible; ClaudeBot/1.0; +claudebot@anthropic.com)"
216.73.216.217 - - [06/Apr/2026:08:13:00 -0400] "GET /special/63519250.shtml HTTP/2.0" 404 71387 "-" "Mozilla/5.0 AppleWebKit/537.36 (KHTML, like Gecko; compatible; ClaudeBot/1.0; +claudebot@anthropic.com)"
216.73.216.217 - - [06/Apr/2026:08:13:00 -0400] "GET /special/3910705206.shtml HTTP/2.0" 404 71387 "-" "Mozilla/5.0 AppleWebKit/537.36 (KHTML, like Gecko; compatible; ClaudeBot/1.0; +claudebot@anthropic.com)"
216.73.216.217 - - [06/Apr/2026:08:13:00 -0400] "GET /special/309274756.shtml HTTP/2.0" 404 71387 "-" "Mozilla/5.0 AppleWebKit/537.36 (KHTML, like Gecko; compatible; ClaudeBot/1.0; +claudebot@anthropic.com)"
216.73.216.217 - - [06/Apr/2026:08:13:00 -0400] "GET /special/4180125550.shtml HTTP/2.0" 404 71387 "-" "Mozilla/5.0 AppleWebKit/537.36 (KHTML, like Gecko; compatible; ClaudeBot/1.0; +claudebot@anthropic.com)"
216.73.216.217 - - [06/Apr/2026:08:13:01 -0400] "GET /special/2234599482.shtml HTTP/2.0" 404 71387 "-" "Mozilla/5.0 AppleWebKit/537.36 (KHTML, like Gecko; compatible; ClaudeBot/1.0; +claudebot@anthropic.com)"
74.91.222.204 - - [06/Apr/2026:08:13:09 -0400] "POST /wp-cron.php?doing_wp_cron=1775477589.1841928958892822265625 HTTP/1.1" 200 - "-" "WordPress/6.9.4; https://dartdocs.app"
216.73.216.217 - - [06/Apr/2026:08:13:07 -0400] "GET /special/601008139.shtml HTTP/2.0" 404 71387 "-" "Mozilla/5.0 AppleWebKit/537.36 (KHTML, like Gecko; compatible; ClaudeBot/1.0; +claudebot@anthropic.com)"
216.73.216.217 - - [06/Apr/2026:08:13:07 -0400] "GET /special/728474688.shtml HTTP/2.0" 404 71387 "-" "Mozilla/5.0 AppleWebKit/537.36 (KHTML, like Gecko; compatible; ClaudeBot/1.0; +claudebot@anthropic.com)"
216.73.216.217 - - [06/Apr/2026:08:13:07 -0400] "GET /special/1180237635.shtml HTTP/2.0" 404 71387 "-" "Mozilla/5.0 AppleWebKit/537.36 (KHTML, like Gecko; compatible; ClaudeBot/1.0; +claudebot@anthropic.com)"
216.73.216.217 - - [06/Apr/2026:08:13:08 -0400] "GET /special/461883463.shtml HTTP/2.0" 404 71387 "-" "Mozilla/5.0 AppleWebKit/537.36 (KHTML, like Gecko; compatible; ClaudeBot/1.0; +claudebot@anthropic.com)"
216.73.216.217 - - [06/Apr/2026:08:13:07 -0400] "GET /special/222268541.shtml HTTP/2.0" 404 71387 "-" "Mozilla/5.0 AppleWebKit/537.36 (KHTML, like Gecko; compatible; ClaudeBot/1.0; +claudebot@anthropic.com)"
216.73.216.217 - - [06/Apr/2026:08:13:07 -0400] "GET /special/485887982.shtml HTTP/2.0" 404 71387 "-" "Mozilla/5.0 AppleWebKit/537.36 (KHTML, like Gecko; compatible; ClaudeBot/1.0; +claudebot@anthropic.com)"
216.73.216.217 - - [06/Apr/2026:08:13:08 -0400] "GET /special/3661367321.shtml HTTP/2.0" 404 71387 "-" "Mozilla/5.0 AppleWebKit/537.36 (KHTML, like Gecko; compatible; ClaudeBot/1.0; +claudebot@anthropic.com)"
216.73.216.217 - - [06/Apr/2026:08:13:08 -0400] "GET /special/2812944708.shtml HTTP/2.0" 404 71387 "-" "Mozilla/5.0 AppleWebKit/537.36 (KHTML, like Gecko; compatible; ClaudeBot/1.0; +claudebot@anthropic.com)"
15.235.96.133 - - [06/Apr/2026:08:13:11 -0400] "GET /2026/03/08/experience-the-thrills-of-spinando-casino-a-world/ HTTP/2.0" 200 79484 "-" "Mozilla/5.0 (compatible; AhrefsBot/7.0; +http://ahrefs.com/robot/)"
216.73.216.217 - - [06/Apr/2026:08:13:19 -0400] "GET /special/742677337.shtml HTTP/2.0" 404 71387 "-" "Mozilla/5.0 AppleWebKit/537.36 (KHTML, like Gecko; compatible; ClaudeBot/1.0; +claudebot@anthropic.com)"
216.73.216.217 - - [06/Apr/2026:08:13:19 -0400] "GET /special/4136041323.shtml HTTP/2.0" 404 71387 "-" "Mozilla/5.0 AppleWebKit/537.36 (KHTML, like Gecko; compatible; ClaudeBot/1.0; +claudebot@anthropic.com)"
216.73.216.217 - - [06/Apr/2026:08:13:19 -0400] "GET /special/3626413617.shtml HTTP/2.0" 404 71387 "-" "Mozilla/5.0 AppleWebKit/537.36 (KHTML, like Gecko; compatible; ClaudeBot/1.0; +claudebot@anthropic.com)"
216.73.216.217 - - [06/Apr/2026:08:13:19 -0400] "GET /special/3798300554.shtml HTTP/2.0" 404 71387 "-" "Mozilla/5.0 AppleWebKit/537.36 (KHTML, like Gecko; compatible; ClaudeBot/1.0; +claudebot@anthropic.com)"
216.73.216.217 - - [06/Apr/2026:08:13:19 -0400] "GET /special/246631455.shtml HTTP/2.0" 404 71387 "-" "Mozilla/5.0 AppleWebKit/537.36 (KHTML, like Gecko; compatible; ClaudeBot/1.0; +claudebot@anthropic.com)"
216.73.216.217 - - [06/Apr/2026:08:13:19 -0400] "GET /special/580848151.shtml HTTP/2.0" 404 71387 "-" "Mozilla/5.0 AppleWebKit/537.36 (KHTML, like Gecko; compatible; ClaudeBot/1.0; +claudebot@anthropic.com)"
216.73.216.217 - - [06/Apr/2026:08:13:19 -0400] "GET /special/636879653.shtml HTTP/2.0" 404 71387 "-" "Mozilla/5.0 AppleWebKit/537.36 (KHTML, like Gecko; compatible; ClaudeBot/1.0; +claudebot@anthropic.com)"
216.73.216.217 - - [06/Apr/2026:08:13:19 -0400] "GET /special/3673397887.shtml HTTP/2.0" 404 71387 "-" "Mozilla/5.0 AppleWebKit/537.36 (KHTML, like Gecko; compatible; ClaudeBot/1.0; +claudebot@anthropic.com)"
155.94.150.97 - - [06/Apr/2026:08:14:04 -0400] "GET /2025/05/19/jocuri-pacanele-demo/ HTTP/1.1" 200 392806 "-" "Mozilla/5.0 (compatible; Googlebot/2.1; +http://www.google.com/bot.html)"
74.91.222.204 - - [06/Apr/2026:08:14:08 -0400] "POST /wp-cron.php?doing_wp_cron=1775477648.1394898891448974609375 HTTP/1.1" 200 - "-" "WordPress/6.9.4; https://dartdocs.app"
98.98.197.212 - - [06/Apr/2026:08:14:07 -0400] "POST /xmlrpc.php HTTP/1.1" 200 180 "-" "Mozilla/5.0 (Windows NT 10.0; Win64; x64) AppleWebKit/537.36 (KHTML, like Gecko) Chrome/114.0.0.0 Safari/537.36"
98.98.197.212 - - [06/Apr/2026:08:14:14 -0400] "POST /xmlrpc.php HTTP/1.1" 200 10992 "-" "Mozilla/5.0 (Windows NT 10.0; Win64; x64) AppleWebKit/537.36 (KHTML, like Gecko) Chrome/114.0.0.0 Safari/537.36"
98.98.197.212 - - [06/Apr/2026:08:14:16 -0400] "GET /2026/04/06/kasyno-wyjawszy-depozytu-top-30/ HTTP/1.1" 200 81350 "-" "Mozilla/5.0 (Windows NT 10.0; Win64; x64) AppleWebKit/537.36 (KHTML, like Gecko) Chrome/124.0.0.0 Safari/537.36"
51.161.65.211 - - [06/Apr/2026:08:14:19 -0400] "GET /2026/03/15/revolution/ HTTP/2.0" 200 81726 "-" "Mozilla/5.0 (compatible; AhrefsBot/7.0; +http://ahrefs.com/robot/)"
103.28.36.122 - - [06/Apr/2026:08:14:23 -0400] "GET /wp-login.php HTTP/2.0" 404 35683 "-" "Mozilla/5.0 (Macintosh; Intel Mac OS X 10_10_5) AppleWebKit/603.1.30 (KHTML, like Gecko) Version/10.1 Safari/603.1.30"
216.73.216.217 - - [06/Apr/2026:08:14:47 -0400] "GET /special/299976138.shtml HTTP/2.0" 404 71387 "-" "Mozilla/5.0 AppleWebKit/537.36 (KHTML, like Gecko; compatible; ClaudeBot/1.0; +claudebot@anthropic.com)"
74.91.222.204 - - [06/Apr/2026:08:14:47 -0400] "POST /wp-cron.php?doing_wp_cron=1775477687.3489739894866943359375 HTTP/1.1" 200 - "-" "WordPress/6.9.4; https://dartdocs.app"
98.98.33.7 - - [06/Apr/2026:08:14:46 -0400] "POST /xmlrpc.php HTTP/1.1" 200 180 "-" "Mozilla/5.0 (Windows NT 10.0; Win64; x64) AppleWebKit/537.36 (KHTML, like Gecko) Chrome/114.0.0.0 Safari/537.36"
216.73.216.217 - - [06/Apr/2026:08:14:47 -0400] "GET /special/85332310.shtml HTTP/2.0" 404 71387 "-" "Mozilla/5.0 AppleWebKit/537.36 (KHTML, like Gecko; compatible; ClaudeBot/1.0; +claudebot@anthropic.com)"
216.73.216.217 - - [06/Apr/2026:08:14:47 -0400] "GET /special/4159550669.shtml HTTP/2.0" 404 71387 "-" "Mozilla/5.0 AppleWebKit/537.36 (KHTML, like Gecko; compatible; ClaudeBot/1.0; +claudebot@anthropic.com)"
216.73.216.217 - - [06/Apr/2026:08:14:47 -0400] "GET /special/223148452.shtml HTTP/2.0" 404 71387 "-" "Mozilla/5.0 AppleWebKit/537.36 (KHTML, like Gecko; compatible; ClaudeBot/1.0; +claudebot@anthropic.com)"
216.73.216.217 - - [06/Apr/2026:08:14:47 -0400] "GET /special/2197301014.shtml HTTP/2.0" 404 71387 "-" "Mozilla/5.0 AppleWebKit/537.36 (KHTML, like Gecko; compatible; ClaudeBot/1.0; +claudebot@anthropic.com)"
216.73.216.217 - - [06/Apr/2026:08:14:47 -0400] "GET /special/1304458014.shtml HTTP/2.0" 404 71387 "-" "Mozilla/5.0 AppleWebKit/537.36 (KHTML, like Gecko; compatible; ClaudeBot/1.0; +claudebot@anthropic.com)"
216.73.216.217 - - [06/Apr/2026:08:14:47 -0400] "GET /special/3875009587.shtml HTTP/2.0" 404 71387 "-" "Mozilla/5.0 AppleWebKit/537.36 (KHTML, like Gecko; compatible; ClaudeBot/1.0; +claudebot@anthropic.com)"
216.73.216.217 - - [06/Apr/2026:08:14:47 -0400] "GET /special/369501153.shtml HTTP/2.0" 404 71387 "-" "Mozilla/5.0 AppleWebKit/537.36 (KHTML, like Gecko; compatible; ClaudeBot/1.0; +claudebot@anthropic.com)"
98.98.33.7 - - [06/Apr/2026:08:14:54 -0400] "POST /xmlrpc.php HTTP/1.1" 200 12278 "-" "Mozilla/5.0 (Windows NT 10.0; Win64; x64) AppleWebKit/537.36 (KHTML, like Gecko) Chrome/114.0.0.0 Safari/537.36"
216.73.216.217 - - [06/Apr/2026:08:14:54 -0400] "GET /special/734540828.shtml HTTP/2.0" 404 71387 "-" "Mozilla/5.0 AppleWebKit/537.36 (KHTML, like Gecko; compatible; ClaudeBot/1.0; +claudebot@anthropic.com)"
216.73.216.217 - - [06/Apr/2026:08:14:54 -0400] "GET /special/2434243152.shtml HTTP/2.0" 404 71387 "-" "Mozilla/5.0 AppleWebKit/537.36 (KHTML, like Gecko; compatible; ClaudeBot/1.0; +claudebot@anthropic.com)"
216.73.216.217 - - [06/Apr/2026:08:14:54 -0400] "GET /special/1121177698.shtml HTTP/2.0" 404 71387 "-" "Mozilla/5.0 AppleWebKit/537.36 (KHTML, like Gecko; compatible; ClaudeBot/1.0; +claudebot@anthropic.com)"
216.73.216.217 - - [06/Apr/2026:08:14:54 -0400] "GET /special/1081369937.shtml HTTP/2.0" 404 71387 "-" "Mozilla/5.0 AppleWebKit/537.36 (KHTML, like Gecko; compatible; ClaudeBot/1.0; +claudebot@anthropic.com)"
216.73.216.217 - - [06/Apr/2026:08:14:54 -0400] "GET /special/644928564.shtml HTTP/2.0" 404 71387 "-" "Mozilla/5.0 AppleWebKit/537.36 (KHTML, like Gecko; compatible; ClaudeBot/1.0; +claudebot@anthropic.com)"
216.73.216.217 - - [06/Apr/2026:08:14:54 -0400] "GET /special/442970968.shtml HTTP/2.0" 404 71387 "-" "Mozilla/5.0 AppleWebKit/537.36 (KHTML, like Gecko; compatible; ClaudeBot/1.0; +claudebot@anthropic.com)"
216.73.216.217 - - [06/Apr/2026:08:14:54 -0400] "GET /special/86544409.shtml HTTP/2.0" 404 71387 "-" "Mozilla/5.0 AppleWebKit/537.36 (KHTML, like Gecko; compatible; ClaudeBot/1.0; +claudebot@anthropic.com)"
216.73.216.217 - - [06/Apr/2026:08:14:54 -0400] "GET /special/696715284.shtml HTTP/2.0" 404 71387 "-" "Mozilla/5.0 AppleWebKit/537.36 (KHTML, like Gecko; compatible; ClaudeBot/1.0; +claudebot@anthropic.com)"
98.98.33.7 - - [06/Apr/2026:08:14:56 -0400] "GET /2026/04/06/slot-giri-gratis-app-inganno-premio-problema-di-accesso-a-winnita-arredo/ HTTP/1.1" 200 83047 "-" "Mozilla/5.0 (Windows NT 10.0; Win64; x64; rv:125.0) Gecko/20100101 Firefox/125.0"
74.91.222.204 - - [06/Apr/2026:08:15:24 -0400] "POST /wp-cron.php?doing_wp_cron=1775477724.2838609218597412109375 HTTP/1.1" 200 - "-" "WordPress/6.9.4; https://dartdocs.app"
167.114.139.37 - - [06/Apr/2026:08:15:23 -0400] "GET /2026/03/08/experience-the-thrill-of-rioace-casino-with-a-400/ HTTP/2.0" 200 78342 "-" "Mozilla/5.0 (compatible; AhrefsBot/7.0; +http://ahrefs.com/robot/)"
216.73.216.217 - - [06/Apr/2026:08:15:34 -0400] "GET /special/4137435763.shtml HTTP/2.0" 404 71387 "-" "Mozilla/5.0 AppleWebKit/537.36 (KHTML, like Gecko; compatible; ClaudeBot/1.0; +claudebot@anthropic.com)"
216.73.216.217 - - [06/Apr/2026:08:15:34 -0400] "GET /special/3778617403.shtml HTTP/2.0" 404 71387 "-" "Mozilla/5.0 AppleWebKit/537.36 (KHTML, like Gecko; compatible; ClaudeBot/1.0; +claudebot@anthropic.com)"
216.73.216.217 - - [06/Apr/2026:08:15:34 -0400] "GET /special/3452797158.shtml HTTP/2.0" 404 71387 "-" "Mozilla/5.0 AppleWebKit/537.36 (KHTML, like Gecko; compatible; ClaudeBot/1.0; +claudebot@anthropic.com)"
216.73.216.217 - - [06/Apr/2026:08:15:34 -0400] "GET /special/3074107485.shtml HTTP/2.0" 404 71387 "-" "Mozilla/5.0 AppleWebKit/537.36 (KHTML, like Gecko; compatible; ClaudeBot/1.0; +claudebot@anthropic.com)"
216.73.216.217 - - [06/Apr/2026:08:15:34 -0400] "GET /special/229546780.shtml HTTP/2.0" 404 71387 "-" "Mozilla/5.0 AppleWebKit/537.36 (KHTML, like Gecko; compatible; ClaudeBot/1.0; +claudebot@anthropic.com)"
216.73.216.217 - - [06/Apr/2026:08:15:34 -0400] "GET /special/593962671.shtml HTTP/2.0" 404 71387 "-" "Mozilla/5.0 AppleWebKit/537.36 (KHTML, like Gecko; compatible; ClaudeBot/1.0; +claudebot@anthropic.com)"
216.73.216.217 - - [06/Apr/2026:08:15:34 -0400] "GET /special/3696292005.shtml HTTP/2.0" 404 71387 "-" "Mozilla/5.0 AppleWebKit/537.36 (KHTML, like Gecko; compatible; ClaudeBot/1.0; +claudebot@anthropic.com)"
216.73.216.217 - - [06/Apr/2026:08:15:34 -0400] "GET /special/1784921037.shtml HTTP/2.0" 404 71387 "-" "Mozilla/5.0 AppleWebKit/537.36 (KHTML, like Gecko; compatible; ClaudeBot/1.0; +claudebot@anthropic.com)"
74.91.222.204 - - [06/Apr/2026:08:16:29 -0400] "POST /wp-cron.php?doing_wp_cron=1775477789.5911750793457031250000 HTTP/1.1" 200 - "-" "WordPress/6.9.4; https://dartdocs.app"
15.235.96.106 - - [06/Apr/2026:08:16:28 -0400] "GET /2026/03/15/loteria-luckyhaul-szansa-na-zysk-lub-strate/ HTTP/2.0" 200 82657 "-" "Mozilla/5.0 (compatible; AhrefsBot/7.0; +http://ahrefs.com/robot/)"
216.73.216.217 - - [06/Apr/2026:08:16:36 -0400] "GET /special/2654907569.shtml HTTP/2.0" 404 71387 "-" "Mozilla/5.0 AppleWebKit/537.36 (KHTML, like Gecko; compatible; ClaudeBot/1.0; +claudebot@anthropic.com)"
216.73.216.217 - - [06/Apr/2026:08:16:36 -0400] "GET /special/961865041.shtml HTTP/2.0" 404 71387 "-" "Mozilla/5.0 AppleWebKit/537.36 (KHTML, like Gecko; compatible; ClaudeBot/1.0; +claudebot@anthropic.com)"
216.73.216.217 - - [06/Apr/2026:08:16:36 -0400] "GET /special/45818838.shtml HTTP/2.0" 404 71387 "-" "Mozilla/5.0 AppleWebKit/537.36 (KHTML, like Gecko; compatible; ClaudeBot/1.0; +claudebot@anthropic.com)"
216.73.216.217 - - [06/Apr/2026:08:16:36 -0400] "GET /special/104062986.shtml HTTP/2.0" 404 71387 "-" "Mozilla/5.0 AppleWebKit/537.36 (KHTML, like Gecko; compatible; ClaudeBot/1.0; +claudebot@anthropic.com)"
216.73.216.217 - - [06/Apr/2026:08:16:36 -0400] "GET /special/767988160.shtml HTTP/2.0" 404 71387 "-" "Mozilla/5.0 AppleWebKit/537.36 (KHTML, like Gecko; compatible; ClaudeBot/1.0; +claudebot@anthropic.com)"
216.73.216.217 - - [06/Apr/2026:08:16:36 -0400] "GET /special/3547115758.shtml HTTP/2.0" 404 71387 "-" "Mozilla/5.0 AppleWebKit/537.36 (KHTML, like Gecko; compatible; ClaudeBot/1.0; +claudebot@anthropic.com)"
216.73.216.217 - - [06/Apr/2026:08:16:36 -0400] "GET /special/3987888264.shtml HTTP/2.0" 404 71387 "-" "Mozilla/5.0 AppleWebKit/537.36 (KHTML, like Gecko; compatible; ClaudeBot/1.0; +claudebot@anthropic.com)"
216.73.216.217 - - [06/Apr/2026:08:16:36 -0400] "GET /special/1609279656.shtml HTTP/2.0" 404 71387 "-" "Mozilla/5.0 AppleWebKit/537.36 (KHTML, like Gecko; compatible; ClaudeBot/1.0; +claudebot@anthropic.com)"
216.73.216.217 - - [06/Apr/2026:08:16:42 -0400] "GET /special/1005173239.shtml HTTP/2.0" 404 71387 "-" "Mozilla/5.0 AppleWebKit/537.36 (KHTML, like Gecko; compatible; ClaudeBot/1.0; +claudebot@anthropic.com)"
216.73.216.217 - - [06/Apr/2026:08:16:42 -0400] "GET /special/3672321632.shtml HTTP/2.0" 404 71387 "-" "Mozilla/5.0 AppleWebKit/537.36 (KHTML, like Gecko; compatible; ClaudeBot/1.0; +claudebot@anthropic.com)"
216.73.216.217 - - [06/Apr/2026:08:16:42 -0400] "GET /special/3768077477.shtml HTTP/2.0" 404 71387 "-" "Mozilla/5.0 AppleWebKit/537.36 (KHTML, like Gecko; compatible; ClaudeBot/1.0; +claudebot@anthropic.com)"
216.73.216.217 - - [06/Apr/2026:08:16:42 -0400] "GET /special/171399338.shtml HTTP/2.0" 404 71387 "-" "Mozilla/5.0 AppleWebKit/537.36 (KHTML, like Gecko; compatible; ClaudeBot/1.0; +claudebot@anthropic.com)"
216.73.216.217 - - [06/Apr/2026:08:16:42 -0400] "GET /special/294417047.shtml HTTP/2.0" 404 71387 "-" "Mozilla/5.0 AppleWebKit/537.36 (KHTML, like Gecko; compatible; ClaudeBot/1.0; +claudebot@anthropic.com)"
216.73.216.217 - - [06/Apr/2026:08:16:42 -0400] "GET /special/952122845.shtml HTTP/2.0" 404 71387 "-" "Mozilla/5.0 AppleWebKit/537.36 (KHTML, like Gecko; compatible; ClaudeBot/1.0; +claudebot@anthropic.com)"
216.73.216.217 - - [06/Apr/2026:08:16:42 -0400] "GET /special/960652942.shtml HTTP/2.0" 404 71387 "-" "Mozilla/5.0 AppleWebKit/537.36 (KHTML, like Gecko; compatible; ClaudeBot/1.0; +claudebot@anthropic.com)"
216.73.216.217 - - [06/Apr/2026:08:16:43 -0400] "GET /special/1925635038.shtml HTTP/2.0" 404 71387 "-" "Mozilla/5.0 AppleWebKit/537.36 (KHTML, like Gecko; compatible; ClaudeBot/1.0; +claudebot@anthropic.com)"
74.91.222.204 - - [06/Apr/2026:08:17:21 -0400] "POST /wp-cron.php?doing_wp_cron=1775477841.1862759590148925781250 HTTP/1.1" 200 - "-" "WordPress/6.9.4; https://dartdocs.app"
142.44.233.46 - - [06/Apr/2026:08:17:20 -0400] "GET /2026/03/19/jeux-de-casino-classiques-sur-spinsy-plongee-dans-lunivers-des-indemodables/ HTTP/2.0" 200 82283 "-" "Mozilla/5.0 (compatible; AhrefsBot/7.0; +http://ahrefs.com/robot/)"
216.73.216.217 - - [06/Apr/2026:08:17:54 -0400] "GET /special/3750158236.shtml HTTP/2.0" 404 71387 "-" "Mozilla/5.0 AppleWebKit/537.36 (KHTML, like Gecko; compatible; ClaudeBot/1.0; +claudebot@anthropic.com)"
216.73.216.217 - - [06/Apr/2026:08:17:54 -0400] "GET /special/740918082.shtml HTTP/2.0" 404 71387 "-" "Mozilla/5.0 AppleWebKit/537.36 (KHTML, like Gecko; compatible; ClaudeBot/1.0; +claudebot@anthropic.com)"
216.73.216.217 - - [06/Apr/2026:08:17:54 -0400] "GET /special/2397659646.shtml HTTP/2.0" 404 71387 "-" "Mozilla/5.0 AppleWebKit/537.36 (KHTML, like Gecko; compatible; ClaudeBot/1.0; +claudebot@anthropic.com)"
216.73.216.217 - - [06/Apr/2026:08:17:54 -0400] "GET /special/2730355809.shtml HTTP/2.0" 404 71387 "-" "Mozilla/5.0 AppleWebKit/537.36 (KHTML, like Gecko; compatible; ClaudeBot/1.0; +claudebot@anthropic.com)"
216.73.216.217 - - [06/Apr/2026:08:17:54 -0400] "GET /special/3687529488.shtml HTTP/2.0" 404 71387 "-" "Mozilla/5.0 AppleWebKit/537.36 (KHTML, like Gecko; compatible; ClaudeBot/1.0; +claudebot@anthropic.com)"
216.73.216.217 - - [06/Apr/2026:08:17:54 -0400] "GET /special/3379718892.shtml HTTP/2.0" 404 71387 "-" "Mozilla/5.0 AppleWebKit/537.36 (KHTML, like Gecko; compatible; ClaudeBot/1.0; +claudebot@anthropic.com)"
216.73.216.217 - - [06/Apr/2026:08:17:54 -0400] "GET /special/4225060232.shtml HTTP/2.0" 404 71387 "-" "Mozilla/5.0 AppleWebKit/537.36 (KHTML, like Gecko; compatible; ClaudeBot/1.0; +claudebot@anthropic.com)"
216.73.216.217 - - [06/Apr/2026:08:17:54 -0400] "GET /special/2183524901.shtml HTTP/2.0" 404 71387 "-" "Mozilla/5.0 AppleWebKit/537.36 (KHTML, like Gecko; compatible; ClaudeBot/1.0; +claudebot@anthropic.com)"
216.73.216.217 - - [06/Apr/2026:08:18:10 -0400] "GET /special/4122640767.shtml HTTP/2.0" 404 71387 "-" "Mozilla/5.0 AppleWebKit/537.36 (KHTML, like Gecko; compatible; ClaudeBot/1.0; +claudebot@anthropic.com)"
216.73.216.217 - - [06/Apr/2026:08:18:10 -0400] "GET /special/614705503.shtml HTTP/2.0" 404 71387 "-" "Mozilla/5.0 AppleWebKit/537.36 (KHTML, like Gecko; compatible; ClaudeBot/1.0; +claudebot@anthropic.com)"
216.73.216.217 - - [06/Apr/2026:08:18:10 -0400] "GET /special/3986512658.shtml HTTP/2.0" 404 71387 "-" "Mozilla/5.0 AppleWebKit/537.36 (KHTML, like Gecko; compatible; ClaudeBot/1.0; +claudebot@anthropic.com)"
216.73.216.217 - - [06/Apr/2026:08:18:10 -0400] "GET /special/1361587032.shtml HTTP/2.0" 404 71387 "-" "Mozilla/5.0 AppleWebKit/537.36 (KHTML, like Gecko; compatible; ClaudeBot/1.0; +claudebot@anthropic.com)"
216.73.216.217 - - [06/Apr/2026:08:18:10 -0400] "GET /special/2279328802.shtml HTTP/2.0" 404 71387 "-" "Mozilla/5.0 AppleWebKit/537.36 (KHTML, like Gecko; compatible; ClaudeBot/1.0; +claudebot@anthropic.com)"
216.73.216.217 - - [06/Apr/2026:08:18:10 -0400] "GET /special/488385327.shtml HTTP/2.0" 404 71387 "-" "Mozilla/5.0 AppleWebKit/537.36 (KHTML, like Gecko; compatible; ClaudeBot/1.0; +claudebot@anthropic.com)"
216.73.216.217 - - [06/Apr/2026:08:18:10 -0400] "GET /special/1786133136.shtml HTTP/2.0" 404 71387 "-" "Mozilla/5.0 AppleWebKit/537.36 (KHTML, like Gecko; compatible; ClaudeBot/1.0; +claudebot@anthropic.com)"
216.73.216.217 - - [06/Apr/2026:08:18:10 -0400] "GET /special/579636052.shtml HTTP/2.0" 404 71387 "-" "Mozilla/5.0 AppleWebKit/537.36 (KHTML, like Gecko; compatible; ClaudeBot/1.0; +claudebot@anthropic.com)"
74.91.222.204 - - [06/Apr/2026:08:18:16 -0400] "POST /wp-cron.php?doing_wp_cron=1775477896.3340320587158203125000 HTTP/1.1" 200 - "-" "WordPress/6.9.4; https://dartdocs.app"
98.98.33.7 - - [06/Apr/2026:08:18:15 -0400] "POST /xmlrpc.php HTTP/1.1" 200 180 "-" "Mozilla/5.0 (Windows NT 10.0; Win64; x64) AppleWebKit/537.36 (KHTML, like Gecko) Chrome/114.0.0.0 Safari/537.36"
98.98.33.7 - - [06/Apr/2026:08:18:22 -0400] "POST /xmlrpc.php HTTP/1.1" 200 11875 "-" "Mozilla/5.0 (Windows NT 10.0; Win64; x64) AppleWebKit/537.36 (KHTML, like Gecko) Chrome/114.0.0.0 Safari/537.36"
98.98.33.7 - - [06/Apr/2026:08:18:24 -0400] "GET /2026/04/06/tabella-mastercard-casino-dei-migliori-siti-di-bisca-online/ HTTP/1.1" 200 82494 "-" "Mozilla/5.0 (Windows NT 10.0; Win64; x64) AppleWebKit/537.36 (KHTML, like Gecko) Chrome/122.0.0.0 Safari/537.36"
216.73.216.217 - - [06/Apr/2026:08:18:31 -0400] "GET /special/279073347.shtml HTTP/2.0" 404 71387 "-" "Mozilla/5.0 AppleWebKit/537.36 (KHTML, like Gecko; compatible; ClaudeBot/1.0; +claudebot@anthropic.com)"
216.73.216.217 - - [06/Apr/2026:08:18:31 -0400] "GET /special/170145368.shtml HTTP/2.0" 404 71387 "-" "Mozilla/5.0 AppleWebKit/537.36 (KHTML, like Gecko; compatible; ClaudeBot/1.0; +claudebot@anthropic.com)"
216.73.216.217 - - [06/Apr/2026:08:18:31 -0400] "GET /special/3208057017.shtml HTTP/2.0" 404 71387 "-" "Mozilla/5.0 AppleWebKit/537.36 (KHTML, like Gecko; compatible; ClaudeBot/1.0; +claudebot@anthropic.com)"
216.73.216.217 - - [06/Apr/2026:08:18:31 -0400] "GET /special/425588251.shtml HTTP/2.0" 404 71387 "-" "Mozilla/5.0 AppleWebKit/537.36 (KHTML, like Gecko; compatible; ClaudeBot/1.0; +claudebot@anthropic.com)"
216.73.216.217 - - [06/Apr/2026:08:18:31 -0400] "GET /special/655836844.shtml HTTP/2.0" 404 71387 "-" "Mozilla/5.0 AppleWebKit/537.36 (KHTML, like Gecko; compatible; ClaudeBot/1.0; +claudebot@anthropic.com)"
216.73.216.217 - - [06/Apr/2026:08:18:31 -0400] "GET /special/2454062147.shtml HTTP/2.0" 404 71387 "-" "Mozilla/5.0 AppleWebKit/537.36 (KHTML, like Gecko; compatible; ClaudeBot/1.0; +claudebot@anthropic.com)"
216.73.216.217 - - [06/Apr/2026:08:18:31 -0400] "GET /special/1612907688.shtml HTTP/2.0" 404 71387 "-" "Mozilla/5.0 AppleWebKit/537.36 (KHTML, like Gecko; compatible; ClaudeBot/1.0; +claudebot@anthropic.com)"
216.73.216.217 - - [06/Apr/2026:08:18:32 -0400] "GET /special/3939014571.shtml HTTP/2.0" 404 71387 "-" "Mozilla/5.0 AppleWebKit/537.36 (KHTML, like Gecko; compatible; ClaudeBot/1.0; +claudebot@anthropic.com)"
51.161.65.10 - - [06/Apr/2026:08:18:44 -0400] "GET /2026/02/18/bonus-ovlama-strategiyalarnda-uur-qazanman-yollar/ HTTP/2.0" 200 80905 "-" "Mozilla/5.0 (compatible; AhrefsBot/7.0; +http://ahrefs.com/robot/)"
216.73.216.217 - - [06/Apr/2026:08:18:57 -0400] "GET /special/1967690184.shtml HTTP/2.0" 404 71387 "-" "Mozilla/5.0 AppleWebKit/537.36 (KHTML, like Gecko; compatible; ClaudeBot/1.0; +claudebot@anthropic.com)"
216.73.216.217 - - [06/Apr/2026:08:18:57 -0400] "GET /special/379153160.shtml HTTP/2.0" 404 71387 "-" "Mozilla/5.0 AppleWebKit/537.36 (KHTML, like Gecko; compatible; ClaudeBot/1.0; +claudebot@anthropic.com)"
216.73.216.217 - - [06/Apr/2026:08:18:57 -0400] "GET /special/3020081646.shtml HTTP/2.0" 404 71387 "-" "Mozilla/5.0 AppleWebKit/537.36 (KHTML, like Gecko; compatible; ClaudeBot/1.0; +claudebot@anthropic.com)"
216.73.216.217 - - [06/Apr/2026:08:18:57 -0400] "GET /special/3015147516.shtml HTTP/2.0" 404 71387 "-" "Mozilla/5.0 AppleWebKit/537.36 (KHTML, like Gecko; compatible; ClaudeBot/1.0; +claudebot@anthropic.com)"
216.73.216.217 - - [06/Apr/2026:08:18:57 -0400] "GET /special/3524566950.shtml HTTP/2.0" 404 71387 "-" "Mozilla/5.0 AppleWebKit/537.36 (KHTML, like Gecko; compatible; ClaudeBot/1.0; +claudebot@anthropic.com)"
216.73.216.217 - - [06/Apr/2026:08:18:57 -0400] "GET /special/1892736885.shtml HTTP/2.0" 404 71387 "-" "Mozilla/5.0 AppleWebKit/537.36 (KHTML, like Gecko; compatible; ClaudeBot/1.0; +claudebot@anthropic.com)"
216.73.216.217 - - [06/Apr/2026:08:18:57 -0400] "GET /special/1211293166.shtml HTTP/2.0" 404 71387 "-" "Mozilla/5.0 AppleWebKit/537.36 (KHTML, like Gecko; compatible; ClaudeBot/1.0; +claudebot@anthropic.com)"
216.73.216.217 - - [06/Apr/2026:08:18:57 -0400] "GET /special/345382972.shtml HTTP/2.0" 404 71387 "-" "Mozilla/5.0 AppleWebKit/537.36 (KHTML, like Gecko; compatible; ClaudeBot/1.0; +claudebot@anthropic.com)"
66.249.64.6 - - [06/Apr/2026:08:19:19 -0400] "GET /2023/08/31/consejos-para-aprovechar-las-promociones/ HTTP/1.1" 200 393593 "-" "Mozilla/5.0 (Linux; Android 6.0.1; Nexus 5X Build/MMB29P) AppleWebKit/537.36 (KHTML, like Gecko) Chrome/146.0.7680.177 Mobile Safari/537.36 (compatible; Googlebot/2.1; +http://www.google.com/bot.html)"
216.73.216.217 - - [06/Apr/2026:08:19:34 -0400] "GET /special/3640750596.shtml HTTP/2.0" 404 71387 "-" "Mozilla/5.0 AppleWebKit/537.36 (KHTML, like Gecko; compatible; ClaudeBot/1.0; +claudebot@anthropic.com)"
216.73.216.217 - - [06/Apr/2026:08:19:34 -0400] "GET /special/1884615162.shtml HTTP/2.0" 404 71387 "-" "Mozilla/5.0 AppleWebKit/537.36 (KHTML, like Gecko; compatible; ClaudeBot/1.0; +claudebot@anthropic.com)"
216.73.216.217 - - [06/Apr/2026:08:19:34 -0400] "GET /special/496542910.shtml HTTP/2.0" 404 71387 "-" "Mozilla/5.0 AppleWebKit/537.36 (KHTML, like Gecko; compatible; ClaudeBot/1.0; +claudebot@anthropic.com)"
216.73.216.217 - - [06/Apr/2026:08:19:34 -0400] "GET /special/386402832.shtml HTTP/2.0" 404 71387 "-" "Mozilla/5.0 AppleWebKit/537.36 (KHTML, like Gecko; compatible; ClaudeBot/1.0; +claudebot@anthropic.com)"
216.73.216.217 - - [06/Apr/2026:08:19:34 -0400] "GET /special/3754073074.shtml HTTP/2.0" 404 71387 "-" "Mozilla/5.0 AppleWebKit/537.36 (KHTML, like Gecko; compatible; ClaudeBot/1.0; +claudebot@anthropic.com)"
216.73.216.217 - - [06/Apr/2026:08:19:34 -0400] "GET /special/2673983571.shtml HTTP/2.0" 404 71387 "-" "Mozilla/5.0 AppleWebKit/537.36 (KHTML, like Gecko; compatible; ClaudeBot/1.0; +claudebot@anthropic.com)"
216.73.216.217 - - [06/Apr/2026:08:19:34 -0400] "GET /special/1421853089.shtml HTTP/2.0" 404 71387 "-" "Mozilla/5.0 AppleWebKit/537.36 (KHTML, like Gecko; compatible; ClaudeBot/1.0; +claudebot@anthropic.com)"
216.73.216.217 - - [06/Apr/2026:08:19:34 -0400] "GET /special/2789558459.shtml HTTP/2.0" 404 71387 "-" "Mozilla/5.0 AppleWebKit/537.36 (KHTML, like Gecko; compatible; ClaudeBot/1.0; +claudebot@anthropic.com)"
66.249.64.6 - - [06/Apr/2026:08:20:00 -0400] "GET /2023/08/31/consejos-para-aprovechar-las-promociones/ HTTP/1.1" 200 393593 "-" "Mozilla/5.0 (Linux; Android 6.0.1; Nexus 5X Build/MMB29P) AppleWebKit/537.36 (KHTML, like Gecko) Chrome/146.0.7680.177 Mobile Safari/537.36 (compatible; Googlebot/2.1; +http://www.google.com/bot.html)"
15.235.27.64 - - [06/Apr/2026:08:20:08 -0400] "GET /2026/03/08/big-bass-bonanza-slot-das-abenteuer-die-spannung-b/ HTTP/2.0" 200 78727 "-" "Mozilla/5.0 (compatible; AhrefsBot/7.0; +http://ahrefs.com/robot/)"
20.151.229.110 - - [06/Apr/2026:08:20:21 -0400] "GET /wp-login.php?action=register HTTP/1.1" 404 35683 "-" "-"
216.73.216.217 - - [06/Apr/2026:08:20:21 -0400] "GET /special/200987587.shtml HTTP/2.0" 404 71387 "-" "Mozilla/5.0 AppleWebKit/537.36 (KHTML, like Gecko; compatible; ClaudeBot/1.0; +claudebot@anthropic.com)"
216.73.216.217 - - [06/Apr/2026:08:20:21 -0400] "GET /special/3089870779.shtml HTTP/2.0" 404 71387 "-" "Mozilla/5.0 AppleWebKit/537.36 (KHTML, like Gecko; compatible; ClaudeBot/1.0; +claudebot@anthropic.com)"
216.73.216.217 - - [06/Apr/2026:08:20:21 -0400] "GET /special/828032969.shtml HTTP/2.0" 404 71387 "-" "Mozilla/5.0 AppleWebKit/537.36 (KHTML, like Gecko; compatible; ClaudeBot/1.0; +claudebot@anthropic.com)"
216.73.216.217 - - [06/Apr/2026:08:20:21 -0400] "GET /special/2802398787.shtml HTTP/2.0" 404 71387 "-" "Mozilla/5.0 AppleWebKit/537.36 (KHTML, like Gecko; compatible; ClaudeBot/1.0; +claudebot@anthropic.com)"
216.73.216.217 - - [06/Apr/2026:08:20:21 -0400] "GET /special/4193204660.shtml HTTP/2.0" 404 71387 "-" "Mozilla/5.0 AppleWebKit/537.36 (KHTML, like Gecko; compatible; ClaudeBot/1.0; +claudebot@anthropic.com)"
216.73.216.217 - - [06/Apr/2026:08:20:21 -0400] "GET /special/1297763229.shtml HTTP/2.0" 404 71387 "-" "Mozilla/5.0 AppleWebKit/537.36 (KHTML, like Gecko; compatible; ClaudeBot/1.0; +claudebot@anthropic.com)"
216.73.216.217 - - [06/Apr/2026:08:20:21 -0400] "GET /special/2842624601.shtml HTTP/2.0" 404 71387 "-" "Mozilla/5.0 AppleWebKit/537.36 (KHTML, like Gecko; compatible; ClaudeBot/1.0; +claudebot@anthropic.com)"
216.73.216.217 - - [06/Apr/2026:08:20:21 -0400] "GET /special/3604827752.shtml HTTP/2.0" 404 71387 "-" "Mozilla/5.0 AppleWebKit/537.36 (KHTML, like Gecko; compatible; ClaudeBot/1.0; +claudebot@anthropic.com)"
216.73.216.217 - - [06/Apr/2026:08:20:26 -0400] "GET /special/674608457.shtml HTTP/2.0" 404 71387 "-" "Mozilla/5.0 AppleWebKit/537.36 (KHTML, like Gecko; compatible; ClaudeBot/1.0; +claudebot@anthropic.com)"
216.73.216.217 - - [06/Apr/2026:08:20:26 -0400] "GET /special/1762813656.shtml HTTP/2.0" 404 71387 "-" "Mozilla/5.0 AppleWebKit/537.36 (KHTML, like Gecko; compatible; ClaudeBot/1.0; +claudebot@anthropic.com)"
216.73.216.217 - - [06/Apr/2026:08:20:26 -0400] "GET /special/257487498.shtml HTTP/2.0" 404 71387 "-" "Mozilla/5.0 AppleWebKit/537.36 (KHTML, like Gecko; compatible; ClaudeBot/1.0; +claudebot@anthropic.com)"
216.73.216.217 - - [06/Apr/2026:08:20:26 -0400] "GET /special/3929435882.shtml HTTP/2.0" 404 71387 "-" "Mozilla/5.0 AppleWebKit/537.36 (KHTML, like Gecko; compatible; ClaudeBot/1.0; +claudebot@anthropic.com)"
216.73.216.217 - - [06/Apr/2026:08:20:26 -0400] "GET /special/4097628018.shtml HTTP/2.0" 404 71387 "-" "Mozilla/5.0 AppleWebKit/537.36 (KHTML, like Gecko; compatible; ClaudeBot/1.0; +claudebot@anthropic.com)"
216.73.216.217 - - [06/Apr/2026:08:20:26 -0400] "GET /special/2287700569.shtml HTTP/2.0" 404 71387 "-" "Mozilla/5.0 AppleWebKit/537.36 (KHTML, like Gecko; compatible; ClaudeBot/1.0; +claudebot@anthropic.com)"
216.73.216.217 - - [06/Apr/2026:08:20:26 -0400] "GET /special/157244178.shtml HTTP/2.0" 404 71387 "-" "Mozilla/5.0 AppleWebKit/537.36 (KHTML, like Gecko; compatible; ClaudeBot/1.0; +claudebot@anthropic.com)"
216.73.216.217 - - [06/Apr/2026:08:20:26 -0400] "GET /special/350000327.shtml HTTP/2.0" 404 71387 "-" "Mozilla/5.0 AppleWebKit/537.36 (KHTML, like Gecko; compatible; ClaudeBot/1.0; +claudebot@anthropic.com)"
216.73.216.217 - - [06/Apr/2026:08:20:28 -0400] "GET /special/57849404.shtml HTTP/2.0" 404 71387 "-" "Mozilla/5.0 AppleWebKit/537.36 (KHTML, like Gecko; compatible; ClaudeBot/1.0; +claudebot@anthropic.com)"
74.91.222.204 - - [06/Apr/2026:08:21:02 -0400] "POST /wp-cron.php?doing_wp_cron=1775478062.8717811107635498046875 HTTP/1.1" 200 - "-" "WordPress/6.9.4; https://dartdocs.app"
98.98.33.7 - - [06/Apr/2026:08:21:02 -0400] "POST /xmlrpc.php HTTP/1.1" 200 180 "-" "Mozilla/5.0 (Windows NT 10.0; Win64; x64) AppleWebKit/537.36 (KHTML, like Gecko) Chrome/114.0.0.0 Safari/537.36"
216.73.216.217 - - [06/Apr/2026:08:21:08 -0400] "GET /special/3175648015.shtml HTTP/2.0" 404 71387 "-" "Mozilla/5.0 AppleWebKit/537.36 (KHTML, like Gecko; compatible; ClaudeBot/1.0; +claudebot@anthropic.com)"
216.73.216.217 - - [06/Apr/2026:08:21:08 -0400] "GET /special/720516472.shtml HTTP/2.0" 404 71387 "-" "Mozilla/5.0 AppleWebKit/537.36 (KHTML, like Gecko; compatible; ClaudeBot/1.0; +claudebot@anthropic.com)"
216.73.216.217 - - [06/Apr/2026:08:21:08 -0400] "GET /special/772392217.shtml HTTP/2.0" 404 71387 "-" "Mozilla/5.0 AppleWebKit/537.36 (KHTML, like Gecko; compatible; ClaudeBot/1.0; +claudebot@anthropic.com)"
216.73.216.217 - - [06/Apr/2026:08:21:08 -0400] "GET /special/4253755253.shtml HTTP/2.0" 404 71387 "-" "Mozilla/5.0 AppleWebKit/537.36 (KHTML, like Gecko; compatible; ClaudeBot/1.0; +claudebot@anthropic.com)"
74.91.222.204 - - [06/Apr/2026:08:21:10 -0400] "POST /wp-cron.php?doing_wp_cron=1775478069.9608869552612304687500 HTTP/1.1" 200 - "-" "WordPress/6.9.4; https://dartdocs.app"
216.73.216.217 - - [06/Apr/2026:08:21:08 -0400] "GET /special/84719503.shtml HTTP/2.0" 404 71387 "-" "Mozilla/5.0 AppleWebKit/537.36 (KHTML, like Gecko; compatible; ClaudeBot/1.0; +claudebot@anthropic.com)"
216.73.216.217 - - [06/Apr/2026:08:21:08 -0400] "GET /special/22426810.shtml HTTP/2.0" 404 71387 "-" "Mozilla/5.0 AppleWebKit/537.36 (KHTML, like Gecko; compatible; ClaudeBot/1.0; +claudebot@anthropic.com)"
216.73.216.217 - - [06/Apr/2026:08:21:08 -0400] "GET /special/3540986905.shtml HTTP/2.0" 404 71387 "-" "Mozilla/5.0 AppleWebKit/537.36 (KHTML, like Gecko; compatible; ClaudeBot/1.0; +claudebot@anthropic.com)"
98.98.33.7 - - [06/Apr/2026:08:21:09 -0400] "POST /xmlrpc.php HTTP/1.1" 200 12346 "-" "Mozilla/5.0 (Windows NT 10.0; Win64; x64) AppleWebKit/537.36 (KHTML, like Gecko) Chrome/114.0.0.0 Safari/537.36"
216.73.216.217 - - [06/Apr/2026:08:21:08 -0400] "GET /special/437006574.shtml HTTP/2.0" 404 71387 "-" "Mozilla/5.0 AppleWebKit/537.36 (KHTML, like Gecko; compatible; ClaudeBot/1.0; +claudebot@anthropic.com)"
98.98.33.7 - - [06/Apr/2026:08:21:12 -0400] "GET /2026/04/06/migliori-premio-scompiglio-di-febbraio-20-offerte-di-commiato-attive-bonus-immerion-casino-oggi/ HTTP/1.1" 200 83216 "-" "Mozilla/5.0 (Windows NT 10.0; Win64; x64; rv:124.0) Gecko/20100101 Firefox/124.0"
216.73.216.217 - - [06/Apr/2026:08:21:13 -0400] "GET /special/2694077243.shtml HTTP/2.0" 404 71387 "-" "Mozilla/5.0 AppleWebKit/537.36 (KHTML, like Gecko; compatible; ClaudeBot/1.0; +claudebot@anthropic.com)"
216.73.216.217 - - [06/Apr/2026:08:21:13 -0400] "GET /special/413841248.shtml HTTP/2.0" 404 71387 "-" "Mozilla/5.0 AppleWebKit/537.36 (KHTML, like Gecko; compatible; ClaudeBot/1.0; +claudebot@anthropic.com)"
216.73.216.217 - - [06/Apr/2026:08:21:13 -0400] "GET /special/41485934.shtml HTTP/2.0" 404 71387 "-" "Mozilla/5.0 AppleWebKit/537.36 (KHTML, like Gecko; compatible; ClaudeBot/1.0; +claudebot@anthropic.com)"
216.73.216.217 - - [06/Apr/2026:08:21:13 -0400] "GET /special/64987217.shtml HTTP/2.0" 404 71387 "-" "Mozilla/5.0 AppleWebKit/537.36 (KHTML, like Gecko; compatible; ClaudeBot/1.0; +claudebot@anthropic.com)"
216.73.216.217 - - [06/Apr/2026:08:21:13 -0400] "GET /special/1867901664.shtml HTTP/2.0" 404 71387 "-" "Mozilla/5.0 AppleWebKit/537.36 (KHTML, like Gecko; compatible; ClaudeBot/1.0; +claudebot@anthropic.com)"
216.73.216.217 - - [06/Apr/2026:08:21:13 -0400] "GET /special/3338696109.shtml HTTP/2.0" 404 71387 "-" "Mozilla/5.0 AppleWebKit/537.36 (KHTML, like Gecko; compatible; ClaudeBot/1.0; +claudebot@anthropic.com)"
216.73.216.217 - - [06/Apr/2026:08:21:13 -0400] "GET /special/2962285472.shtml HTTP/2.0" 404 71387 "-" "Mozilla/5.0 AppleWebKit/537.36 (KHTML, like Gecko; compatible; ClaudeBot/1.0; +claudebot@anthropic.com)"
216.73.216.217 - - [06/Apr/2026:08:21:13 -0400] "GET /special/16446960.shtml HTTP/2.0" 404 71387 "-" "Mozilla/5.0 AppleWebKit/537.36 (KHTML, like Gecko; compatible; ClaudeBot/1.0; +claudebot@anthropic.com)"
216.73.216.217 - - [06/Apr/2026:08:21:15 -0400] "GET /special/133146111.shtml HTTP/2.0" 404 71387 "-" "Mozilla/5.0 AppleWebKit/537.36 (KHTML, like Gecko; compatible; ClaudeBot/1.0; +claudebot@anthropic.com)"
216.73.216.217 - - [06/Apr/2026:08:21:15 -0400] "GET /special/293387669.shtml HTTP/2.0" 404 71387 "-" "Mozilla/5.0 AppleWebKit/537.36 (KHTML, like Gecko; compatible; ClaudeBot/1.0; +claudebot@anthropic.com)"
54.39.89.96 - - [06/Apr/2026:08:21:15 -0400] "GET /2026/03/15/bonusblitz-jackpot-slots-and-games-collection-for-rewards/ HTTP/2.0" 200 80034 "-" "Mozilla/5.0 (compatible; AhrefsBot/7.0; +http://ahrefs.com/robot/)"
216.73.216.217 - - [06/Apr/2026:08:21:16 -0400] "GET /special/334407529.shtml HTTP/2.0" 404 71387 "-" "Mozilla/5.0 AppleWebKit/537.36 (KHTML, like Gecko; compatible; ClaudeBot/1.0; +claudebot@anthropic.com)"
216.73.216.217 - - [06/Apr/2026:08:21:17 -0400] "GET /special/926239016.shtml HTTP/2.0" 404 71387 "-" "Mozilla/5.0 AppleWebKit/537.36 (KHTML, like Gecko; compatible; ClaudeBot/1.0; +claudebot@anthropic.com)"
216.73.216.217 - - [06/Apr/2026:08:21:18 -0400] "GET /special/375428859.shtml HTTP/2.0" 404 71387 "-" "Mozilla/5.0 AppleWebKit/537.36 (KHTML, like Gecko; compatible; ClaudeBot/1.0; +claudebot@anthropic.com)"
216.73.216.217 - - [06/Apr/2026:08:21:19 -0400] "GET /special/1120795098.shtml HTTP/2.0" 404 71387 "-" "Mozilla/5.0 AppleWebKit/537.36 (KHTML, like Gecko; compatible; ClaudeBot/1.0; +claudebot@anthropic.com)"
216.73.216.217 - - [06/Apr/2026:08:21:19 -0400] "GET /special/3562851677.shtml HTTP/2.0" 404 71387 "-" "Mozilla/5.0 AppleWebKit/537.36 (KHTML, like Gecko; compatible; ClaudeBot/1.0; +claudebot@anthropic.com)"
216.73.216.217 - - [06/Apr/2026:08:21:20 -0400] "GET /special/2019247203.shtml HTTP/2.0" 404 71387 "-" "Mozilla/5.0 AppleWebKit/537.36 (KHTML, like Gecko; compatible; ClaudeBot/1.0; +claudebot@anthropic.com)"
216.73.216.217 - - [06/Apr/2026:08:21:21 -0400] "GET /special/449060221.shtml HTTP/2.0" 404 71387 "-" "Mozilla/5.0 AppleWebKit/537.36 (KHTML, like Gecko; compatible; ClaudeBot/1.0; +claudebot@anthropic.com)"
216.73.216.217 - - [06/Apr/2026:08:21:22 -0400] "GET /special/3296971545.shtml HTTP/2.0" 404 71387 "-" "Mozilla/5.0 AppleWebKit/537.36 (KHTML, like Gecko; compatible; ClaudeBot/1.0; +claudebot@anthropic.com)"
216.73.216.217 - - [06/Apr/2026:08:21:23 -0400] "GET /special/58678903.shtml HTTP/2.0" 404 71387 "-" "Mozilla/5.0 AppleWebKit/537.36 (KHTML, like Gecko; compatible; ClaudeBot/1.0; +claudebot@anthropic.com)"
216.73.216.217 - - [06/Apr/2026:08:21:24 -0400] "GET /special/3486958170.shtml HTTP/2.0" 404 71387 "-" "Mozilla/5.0 AppleWebKit/537.36 (KHTML, like Gecko; compatible; ClaudeBot/1.0; +claudebot@anthropic.com)"
216.73.216.217 - - [06/Apr/2026:08:21:25 -0400] "GET /special/113528928.shtml HTTP/2.0" 404 71387 "-" "Mozilla/5.0 AppleWebKit/537.36 (KHTML, like Gecko; compatible; ClaudeBot/1.0; +claudebot@anthropic.com)"
216.73.216.217 - - [06/Apr/2026:08:21:26 -0400] "GET /special/2439824978.shtml HTTP/2.0" 404 71387 "-" "Mozilla/5.0 AppleWebKit/537.36 (KHTML, like Gecko; compatible; ClaudeBot/1.0; +claudebot@anthropic.com)"
216.73.216.217 - - [06/Apr/2026:08:21:27 -0400] "GET /special/680697710.shtml HTTP/2.0" 404 71387 "-" "Mozilla/5.0 AppleWebKit/537.36 (KHTML, like Gecko; compatible; ClaudeBot/1.0; +claudebot@anthropic.com)"
216.73.216.217 - - [06/Apr/2026:08:21:28 -0400] "GET /special/2679565397.shtml HTTP/2.0" 404 71387 "-" "Mozilla/5.0 AppleWebKit/537.36 (KHTML, like Gecko; compatible; ClaudeBot/1.0; +claudebot@anthropic.com)"
216.73.216.217 - - [06/Apr/2026:08:21:29 -0400] "GET /special/676554002.shtml HTTP/2.0" 404 71387 "-" "Mozilla/5.0 AppleWebKit/537.36 (KHTML, like Gecko; compatible; ClaudeBot/1.0; +claudebot@anthropic.com)"
216.73.216.217 - - [06/Apr/2026:08:21:30 -0400] "GET /special/3473473363.shtml HTTP/2.0" 404 71387 "-" "Mozilla/5.0 AppleWebKit/537.36 (KHTML, like Gecko; compatible; ClaudeBot/1.0; +claudebot@anthropic.com)"
216.73.216.217 - - [06/Apr/2026:08:21:31 -0400] "GET /special/279902878.shtml HTTP/2.0" 404 71387 "-" "Mozilla/5.0 AppleWebKit/537.36 (KHTML, like Gecko; compatible; ClaudeBot/1.0; +claudebot@anthropic.com)"
216.73.216.217 - - [06/Apr/2026:08:21:32 -0400] "GET /special/2954601552.shtml HTTP/2.0" 404 71387 "-" "Mozilla/5.0 AppleWebKit/537.36 (KHTML, like Gecko; compatible; ClaudeBot/1.0; +claudebot@anthropic.com)"
