50.3.167.20 - - [06/Apr/2026:09:06:29 -0400] "GET /wp-includes/css/dist/block-editor/style.min.css?ver=6.9.4 HTTP/1.1" 200 118932 "https://dartdocs.app/2026/02/17/casino-non-aams-sicuri/" "Mozilla/5.0 (Windows NT 10.0; Win64; x64) AppleWebKit/537.36 (KHTML, like Gecko) Chrome/143.0.0.0 Safari/537.36"
50.3.167.20 - - [06/Apr/2026:09:06:31 -0400] "GET /wp-includes/css/dist/reusable-blocks/style.min.css?ver=6.9.4 HTTP/1.1" 200 579 "https://dartdocs.app/2026/02/17/casino-non-aams-sicuri/" "Mozilla/5.0 (Windows NT 10.0; Win64; x64) AppleWebKit/537.36 (KHTML, like Gecko) Chrome/143.0.0.0 Safari/537.36"
216.73.216.217 - - [06/Apr/2026:09:06:30 -0400] "GET /special/1627775950.shtml HTTP/2.0" 404 71387 "-" "Mozilla/5.0 AppleWebKit/537.36 (KHTML, like Gecko; compatible; ClaudeBot/1.0; +claudebot@anthropic.com)"
50.3.167.20 - - [06/Apr/2026:09:06:32 -0400] "GET /wp-includes/css/dist/patterns/style.min.css?ver=6.9.4 HTTP/1.1" 200 1810 "https://dartdocs.app/2026/02/17/casino-non-aams-sicuri/" "Mozilla/5.0 (Windows NT 10.0; Win64; x64) AppleWebKit/537.36 (KHTML, like Gecko) Chrome/143.0.0.0 Safari/537.36"
50.3.167.20 - - [06/Apr/2026:09:06:33 -0400] "GET /wp-includes/css/dist/editor/style.min.css?ver=6.9.4 HTTP/1.1" 200 59559 "https://dartdocs.app/2026/02/17/casino-non-aams-sicuri/" "Mozilla/5.0 (Windows NT 10.0; Win64; x64) AppleWebKit/537.36 (KHTML, like Gecko) Chrome/143.0.0.0 Safari/537.36"
50.3.167.20 - - [06/Apr/2026:09:06:35 -0400] "GET /wp-content/plugins/ht-knowledge-base/formatting-blocks/dist/css/ht-formatting-blocks-modules-styles.css?ver=3.16.4 HTTP/1.1" 200 8026 "https://dartdocs.app/2026/02/17/casino-non-aams-sicuri/" "Mozilla/5.0 (Windows NT 10.0; Win64; x64) AppleWebKit/537.36 (KHTML, like Gecko) Chrome/143.0.0.0 Safari/537.36"
50.3.167.20 - - [06/Apr/2026:09:06:36 -0400] "GET /wp-content/themes/knowall/css/style.css?ver=2.0.7 HTTP/1.1" 200 108941 "https://dartdocs.app/2026/02/17/casino-non-aams-sicuri/" "Mozilla/5.0 (Windows NT 10.0; Win64; x64) AppleWebKit/537.36 (KHTML, like Gecko) Chrome/143.0.0.0 Safari/537.36"
50.3.167.20 - - [06/Apr/2026:09:06:38 -0400] "POST /wp-comments-post.php HTTP/1.1" 302 - "https://dartdocs.app/2026/02/17/casino-non-aams-sicuri/" "Mozilla/5.0 (Windows NT 6.3; Win64; x64) AppleWebKit/537.36 (KHTML, like Gecko) Chrome/103.0.0.0 Safari/537.36"
50.3.167.20 - - [06/Apr/2026:09:06:42 -0400] "GET /2026/02/17/casino-non-aams-sicuri/?unapproved=3323&moderation-hash=e90567b739b946dc37d14e9e100521b7 HTTP/1.1" 200 80589 "https://dartdocs.app/wp-comments-post.php" "Mozilla/5.0 (Windows NT 6.3; Win64; x64) AppleWebKit/537.36 (KHTML, like Gecko) Chrome/103.0.0.0 Safari/537.36"
50.3.167.20 - - [06/Apr/2026:09:06:44 -0400] "GET /2026/02/17/casino-non-aams-sicuri/ HTTP/1.1" 200 388752 "-" "Mozilla/5.0 (compatible; Googlebot/2.1; +http://www.google.com/bot.html)"
216.73.216.217 - - [06/Apr/2026:09:06:46 -0400] "GET /special/2757821991.shtml HTTP/2.0" 404 71387 "-" "Mozilla/5.0 AppleWebKit/537.36 (KHTML, like Gecko; compatible; ClaudeBot/1.0; +claudebot@anthropic.com)"
216.73.216.217 - - [06/Apr/2026:09:06:46 -0400] "GET /special/475806743.shtml HTTP/2.0" 404 71387 "-" "Mozilla/5.0 AppleWebKit/537.36 (KHTML, like Gecko; compatible; ClaudeBot/1.0; +claudebot@anthropic.com)"
216.73.216.217 - - [06/Apr/2026:09:06:46 -0400] "GET /special/2663344539.shtml HTTP/2.0" 404 71387 "-" "Mozilla/5.0 AppleWebKit/537.36 (KHTML, like Gecko; compatible; ClaudeBot/1.0; +claudebot@anthropic.com)"
216.73.216.217 - - [06/Apr/2026:09:06:46 -0400] "GET /special/3033135971.shtml HTTP/2.0" 404 71387 "-" "Mozilla/5.0 AppleWebKit/537.36 (KHTML, like Gecko; compatible; ClaudeBot/1.0; +claudebot@anthropic.com)"
216.73.216.217 - - [06/Apr/2026:09:06:46 -0400] "GET /special/2666575937.shtml HTTP/2.0" 404 71387 "-" "Mozilla/5.0 AppleWebKit/537.36 (KHTML, like Gecko; compatible; ClaudeBot/1.0; +claudebot@anthropic.com)"
216.73.216.217 - - [06/Apr/2026:09:06:46 -0400] "GET /special/1151780961.shtml HTTP/2.0" 404 71387 "-" "Mozilla/5.0 AppleWebKit/537.36 (KHTML, like Gecko; compatible; ClaudeBot/1.0; +claudebot@anthropic.com)"
216.73.216.217 - - [06/Apr/2026:09:06:46 -0400] "GET /special/2363746321.shtml HTTP/2.0" 404 71387 "-" "Mozilla/5.0 AppleWebKit/537.36 (KHTML, like Gecko; compatible; ClaudeBot/1.0; +claudebot@anthropic.com)"
15.235.27.34 - - [06/Apr/2026:09:06:52 -0400] "GET /2026/03/10/dnesni-casino-bonus-ziskejte-skvely-casino-bonus-za-registraci/feed/ HTTP/2.0" 200 905 "-" "Mozilla/5.0 (compatible; AhrefsBot/7.0; +http://ahrefs.com/robot/)"
51.222.168.2 - - [06/Apr/2026:09:07:37 -0400] "GET /2026/03/26/kumarhanelerde-yapay-zeka-ve-gelecei/feed/ HTTP/2.0" 200 823 "-" "Mozilla/5.0 (compatible; AhrefsBot/7.0; +http://ahrefs.com/robot/)"
74.91.222.204 - - [06/Apr/2026:09:08:08 -0400] "POST /wp-cron.php?doing_wp_cron=1775480888.3227770328521728515625 HTTP/1.1" 200 - "-" "WordPress/6.9.4; https://dartdocs.app"
216.194.166.7 - - [06/Apr/2026:09:08:08 -0400] "GET /wp-login.php HTTP/2.0" 404 35683 "-" "Mozilla/5.0 (Windows NT 10.0; Win64; x64) AppleWebKit/537.36 (KHTML, like Gecko) Chrome/67.0.3396.87 Safari/537.36"
74.91.222.204 - - [06/Apr/2026:09:08:30 -0400] "POST /wp-cron.php?doing_wp_cron=1775480910.2760860919952392578125 HTTP/1.1" 200 - "-" "WordPress/6.9.4; https://dartdocs.app"
51.161.37.178 - - [06/Apr/2026:09:08:29 -0400] "GET /2026/03/10/kontakt/feed/ HTTP/2.0" 200 734 "-" "Mozilla/5.0 (compatible; AhrefsBot/7.0; +http://ahrefs.com/robot/)"
74.91.222.204 - - [06/Apr/2026:09:09:13 -0400] "POST /wp-cron.php?doing_wp_cron=1775480953.1986041069030761718750 HTTP/1.1" 200 - "-" "WordPress/6.9.4; https://dartdocs.app"
213.226.101.227 - - [06/Apr/2026:09:09:12 -0400] "GET /2026/03/17/noviembre-2025/ HTTP/1.1" 200 86653 "https://dartdocs.app/" "Mozilla/5.0 (X11; Linux x86_64) AppleWebKit/537.36 (KHTML, like Gecko) Chrome/114.0.0.0 Safari/537.36"
54.39.136.207 - - [06/Apr/2026:09:09:19 -0400] "GET /2026/03/02/vybor-platezhnogo-metoda-v-onlajn-kazino-v/feed/ HTTP/2.0" 200 923 "-" "Mozilla/5.0 (compatible; AhrefsBot/7.0; +http://ahrefs.com/robot/)"
46.8.110.87 - - [06/Apr/2026:09:09:46 -0400] "GET /2026/03/17/noviembre-2025/ HTTP/1.1" 200 86653 "https://dartdocs.app/" "Mozilla/5.0 (X11; Linux x86_64) AppleWebKit/537.36 (KHTML, like Gecko) Chrome/114.0.0.0 Safari/537.36"
74.91.222.204 - - [06/Apr/2026:09:10:10 -0400] "POST /wp-cron.php?doing_wp_cron=1775481010.6860520839691162109375 HTTP/1.1" 200 - "-" "WordPress/6.9.4; https://dartdocs.app"
154.195.143.188 - - [06/Apr/2026:09:10:09 -0400] "GET /2025/05/19/jocuri-pacanele-demo/ HTTP/1.1" 200 77733 "-" "Mozilla/5.0 (X11; Fedora; Linux x86_64; rv:114.0) Gecko/20100101 Firefox/114.0"
54.39.136.12 - - [06/Apr/2026:09:10:18 -0400] "GET /2026/03/26/l-impact-des-casinos-sur-l-economie-locale-55/feed/ HTTP/2.0" 200 858 "-" "Mozilla/5.0 (compatible; AhrefsBot/7.0; +http://ahrefs.com/robot/)"
124.120.35.157 - - [06/Apr/2026:09:10:20 -0400] "GET /2026/01/15/anabolisants-pour-un-developpement-optimal-des-muscles-et-des-cheveux/ HTTP/1.1" 200 77429 "-" "GuzzleHttp/7"
213.226.101.227 - - [06/Apr/2026:09:10:22 -0400] "GET /2026/03/17/noviembre-2025/ HTTP/1.1" 200 86653 "https://dartdocs.app/" "Mozilla/5.0 (X11; Linux x86_64) AppleWebKit/537.36 (KHTML, like Gecko) Chrome/114.0.0.0 Safari/537.36"
50.3.167.20 - - [06/Apr/2026:09:10:33 -0400] "GET /2026/02/17/casino-non-aams-sicuri/ HTTP/1.1" 200 388752 "-" "Mozilla/5.0 (compatible; Googlebot/2.1; +http://www.google.com/bot.html)"
74.91.222.204 - - [06/Apr/2026:09:11:29 -0400] "POST /wp-cron.php?doing_wp_cron=1775481089.1670811176300048828125 HTTP/1.1" 200 - "-" "WordPress/6.9.4; https://dartdocs.app"
15.235.27.185 - - [06/Apr/2026:09:11:28 -0400] "GET /2026/03/10/mezinarodni-online-casino-zahranicni-casina-pro-ceske-hrace/feed/ HTTP/2.0" 200 899 "-" "Mozilla/5.0 (compatible; AhrefsBot/7.0; +http://ahrefs.com/robot/)"
74.91.222.204 - - [06/Apr/2026:09:12:21 -0400] "POST /wp-cron.php?doing_wp_cron=1775481141.0658469200134277343750 HTTP/1.1" 200 - "-" "WordPress/6.9.4; https://dartdocs.app"
15.235.27.216 - - [06/Apr/2026:09:12:20 -0400] "GET /2026/03/02/the-impact-of-casino-loyalty-programs-on-player-3/ HTTP/2.0" 200 78299 "-" "Mozilla/5.0 (compatible; AhrefsBot/7.0; +http://ahrefs.com/robot/)"
74.91.222.204 - - [06/Apr/2026:09:13:08 -0400] "POST /wp-cron.php?doing_wp_cron=1775481188.1716880798339843750000 HTTP/1.1" 200 - "-" "WordPress/6.9.4; https://dartdocs.app"
142.44.225.77 - - [06/Apr/2026:09:13:07 -0400] "GET /2026/03/10/officieel-online-casino-in-nederland/feed/ HTTP/2.0" 200 821 "-" "Mozilla/5.0 (compatible; AhrefsBot/7.0; +http://ahrefs.com/robot/)"
216.73.216.217 - - [06/Apr/2026:09:13:36 -0400] "GET /special/2949113480.shtml HTTP/2.0" 404 71387 "-" "Mozilla/5.0 AppleWebKit/537.36 (KHTML, like Gecko; compatible; ClaudeBot/1.0; +claudebot@anthropic.com)"
216.73.216.217 - - [06/Apr/2026:09:13:38 -0400] "GET /special/1317153824.shtml HTTP/2.0" 404 71387 "-" "Mozilla/5.0 AppleWebKit/537.36 (KHTML, like Gecko; compatible; ClaudeBot/1.0; +claudebot@anthropic.com)"
216.73.216.217 - - [06/Apr/2026:09:13:39 -0400] "GET /special/1694879051.shtml HTTP/2.0" 404 71387 "-" "Mozilla/5.0 AppleWebKit/537.36 (KHTML, like Gecko; compatible; ClaudeBot/1.0; +claudebot@anthropic.com)"
216.73.216.217 - - [06/Apr/2026:09:13:40 -0400] "GET /special/2737900915.shtml HTTP/2.0" 404 71387 "-" "Mozilla/5.0 AppleWebKit/537.36 (KHTML, like Gecko; compatible; ClaudeBot/1.0; +claudebot@anthropic.com)"
216.73.216.217 - - [06/Apr/2026:09:13:41 -0400] "GET /special/2526431827.shtml HTTP/2.0" 404 71387 "-" "Mozilla/5.0 AppleWebKit/537.36 (KHTML, like Gecko; compatible; ClaudeBot/1.0; +claudebot@anthropic.com)"
216.73.216.217 - - [06/Apr/2026:09:13:42 -0400] "GET /special/4153174507.shtml HTTP/2.0" 404 71387 "-" "Mozilla/5.0 AppleWebKit/537.36 (KHTML, like Gecko; compatible; ClaudeBot/1.0; +claudebot@anthropic.com)"
216.73.216.217 - - [06/Apr/2026:09:13:43 -0400] "GET /special/4059542576.shtml HTTP/2.0" 404 71387 "-" "Mozilla/5.0 AppleWebKit/537.36 (KHTML, like Gecko; compatible; ClaudeBot/1.0; +claudebot@anthropic.com)"
216.73.216.217 - - [06/Apr/2026:09:13:44 -0400] "GET /special/3857225333.shtml HTTP/2.0" 404 71387 "-" "Mozilla/5.0 AppleWebKit/537.36 (KHTML, like Gecko; compatible; ClaudeBot/1.0; +claudebot@anthropic.com)"
216.73.216.217 - - [06/Apr/2026:09:13:45 -0400] "GET /special/3155704918.shtml HTTP/2.0" 404 71387 "-" "Mozilla/5.0 AppleWebKit/537.36 (KHTML, like Gecko; compatible; ClaudeBot/1.0; +claudebot@anthropic.com)"
216.73.216.217 - - [06/Apr/2026:09:13:46 -0400] "GET /special/3122101702.shtml HTTP/2.0" 404 71387 "-" "Mozilla/5.0 AppleWebKit/537.36 (KHTML, like Gecko; compatible; ClaudeBot/1.0; +claudebot@anthropic.com)"
216.73.216.217 - - [06/Apr/2026:09:13:47 -0400] "GET /special/3393627267.shtml HTTP/2.0" 404 71387 "-" "Mozilla/5.0 AppleWebKit/537.36 (KHTML, like Gecko; compatible; ClaudeBot/1.0; +claudebot@anthropic.com)"
216.73.216.217 - - [06/Apr/2026:09:13:48 -0400] "GET /special/1729549164.shtml HTTP/2.0" 404 71387 "-" "Mozilla/5.0 AppleWebKit/537.36 (KHTML, like Gecko; compatible; ClaudeBot/1.0; +claudebot@anthropic.com)"
216.73.216.217 - - [06/Apr/2026:09:13:49 -0400] "GET /special/3226019856.shtml HTTP/2.0" 404 71387 "-" "Mozilla/5.0 AppleWebKit/537.36 (KHTML, like Gecko; compatible; ClaudeBot/1.0; +claudebot@anthropic.com)"
216.73.216.217 - - [06/Apr/2026:09:13:50 -0400] "GET /special/1324795015.shtml HTTP/2.0" 404 71387 "-" "Mozilla/5.0 AppleWebKit/537.36 (KHTML, like Gecko; compatible; ClaudeBot/1.0; +claudebot@anthropic.com)"
216.73.216.217 - - [06/Apr/2026:09:13:51 -0400] "GET /special/1381459833.shtml HTTP/2.0" 404 71387 "-" "Mozilla/5.0 AppleWebKit/537.36 (KHTML, like Gecko; compatible; ClaudeBot/1.0; +claudebot@anthropic.com)"
142.44.225.213 - - [06/Apr/2026:09:13:51 -0400] "GET /2026/03/02/the-evolution-of-casino-loyalty-programs-28/ HTTP/2.0" 200 78395 "-" "Mozilla/5.0 (compatible; AhrefsBot/7.0; +http://ahrefs.com/robot/)"
216.73.216.217 - - [06/Apr/2026:09:13:52 -0400] "GET /special/3993064581.shtml HTTP/2.0" 404 71387 "-" "Mozilla/5.0 AppleWebKit/537.36 (KHTML, like Gecko; compatible; ClaudeBot/1.0; +claudebot@anthropic.com)"
216.73.216.217 - - [06/Apr/2026:09:13:53 -0400] "GET /special/3562466398.shtml HTTP/2.0" 404 71387 "-" "Mozilla/5.0 AppleWebKit/537.36 (KHTML, like Gecko; compatible; ClaudeBot/1.0; +claudebot@anthropic.com)"
216.73.216.217 - - [06/Apr/2026:09:13:54 -0400] "GET /special/2519345332.shtml HTTP/2.0" 404 71387 "-" "Mozilla/5.0 AppleWebKit/537.36 (KHTML, like Gecko; compatible; ClaudeBot/1.0; +claudebot@anthropic.com)"
216.73.216.217 - - [06/Apr/2026:09:13:55 -0400] "GET /special/45001421.shtml HTTP/2.0" 404 71387 "-" "Mozilla/5.0 AppleWebKit/537.36 (KHTML, like Gecko; compatible; ClaudeBot/1.0; +claudebot@anthropic.com)"
216.73.216.217 - - [06/Apr/2026:09:13:56 -0400] "GET /special/3091977678.shtml HTTP/2.0" 404 71387 "-" "Mozilla/5.0 AppleWebKit/537.36 (KHTML, like Gecko; compatible; ClaudeBot/1.0; +claudebot@anthropic.com)"
216.73.216.217 - - [06/Apr/2026:09:13:56 -0400] "GET /special/2026225171.shtml HTTP/2.0" 404 71387 "-" "Mozilla/5.0 AppleWebKit/537.36 (KHTML, like Gecko; compatible; ClaudeBot/1.0; +claudebot@anthropic.com)"
216.73.216.217 - - [06/Apr/2026:09:13:57 -0400] "GET /special/85932852.shtml HTTP/2.0" 404 71387 "-" "Mozilla/5.0 AppleWebKit/537.36 (KHTML, like Gecko; compatible; ClaudeBot/1.0; +claudebot@anthropic.com)"
216.73.216.217 - - [06/Apr/2026:09:13:58 -0400] "GET /special/1002704654.shtml HTTP/2.0" 404 71387 "-" "Mozilla/5.0 AppleWebKit/537.36 (KHTML, like Gecko; compatible; ClaudeBot/1.0; +claudebot@anthropic.com)"
216.73.216.217 - - [06/Apr/2026:09:13:59 -0400] "GET /special/2712820508.shtml HTTP/2.0" 404 71387 "-" "Mozilla/5.0 AppleWebKit/537.36 (KHTML, like Gecko; compatible; ClaudeBot/1.0; +claudebot@anthropic.com)"
216.73.216.217 - - [06/Apr/2026:09:14:00 -0400] "GET /special/1424645900.shtml HTTP/2.0" 404 71387 "-" "Mozilla/5.0 AppleWebKit/537.36 (KHTML, like Gecko; compatible; ClaudeBot/1.0; +claudebot@anthropic.com)"
216.73.216.217 - - [06/Apr/2026:09:14:01 -0400] "GET /special/1748797935.shtml HTTP/2.0" 404 71387 "-" "Mozilla/5.0 AppleWebKit/537.36 (KHTML, like Gecko; compatible; ClaudeBot/1.0; +claudebot@anthropic.com)"
216.73.216.217 - - [06/Apr/2026:09:14:02 -0400] "GET /special/2007450865.shtml HTTP/2.0" 404 71387 "-" "Mozilla/5.0 AppleWebKit/537.36 (KHTML, like Gecko; compatible; ClaudeBot/1.0; +claudebot@anthropic.com)"
74.91.222.204 - - [06/Apr/2026:09:14:40 -0400] "POST /wp-cron.php?doing_wp_cron=1775481280.6809918880462646484375 HTTP/1.1" 200 - "-" "WordPress/6.9.4; https://dartdocs.app"
148.113.130.170 - - [06/Apr/2026:09:14:39 -0400] "GET /2026/03/12/casino-avec-80-tours-gratuits-decouvrez-betify/ HTTP/2.0" 200 80353 "-" "Mozilla/5.0 (compatible; AhrefsBot/7.0; +http://ahrefs.com/robot/)"
51.195.41.174 - - [06/Apr/2026:09:14:41 -0400] "GET /wp-login.php HTTP/2.0" 404 35683 "-" "Mozilla/5.0 (Windows NT 10.0; WOW64; Trident/7.0; MATBJS; rv:11.0) like Gecko"
74.91.222.204 - - [06/Apr/2026:09:15:21 -0400] "POST /wp-cron.php?doing_wp_cron=1775481321.6514840126037597656250 HTTP/1.1" 200 - "-" "WordPress/6.9.4; https://dartdocs.app"
128.14.102.149 - - [06/Apr/2026:09:15:21 -0400] "POST /xmlrpc.php HTTP/1.1" 200 180 "-" "Mozilla/5.0 (Windows NT 10.0; Win64; x64) AppleWebKit/537.36 (KHTML, like Gecko) Chrome/114.0.0.0 Safari/537.36"
128.14.102.149 - - [06/Apr/2026:09:15:28 -0400] "POST /xmlrpc.php HTTP/1.1" 200 12486 "-" "Mozilla/5.0 (Windows NT 10.0; Win64; x64) AppleWebKit/537.36 (KHTML, like Gecko) Chrome/114.0.0.0 Safari/537.36"
128.14.102.149 - - [06/Apr/2026:09:15:30 -0400] "GET /2026/04/06/giochi-a-scrocco-di-bisca-casino-online-flexepin-online-20-000-free-demo-slot-ancora-prossimo/ HTTP/1.1" 200 83356 "-" "Mozilla/5.0 (Windows NT 10.0; Win64; x64) AppleWebKit/537.36 (KHTML, like Gecko) Chrome/124.0.0.0 Safari/537.36 Edg/124.0.0.0"
51.222.168.157 - - [06/Apr/2026:09:15:42 -0400] "GET /2026/03/10/online-casino-bez-overeni-identity-jak-hrat-bezpecne-a-pohodlne/feed/ HTTP/2.0" 200 910 "-" "Mozilla/5.0 (compatible; AhrefsBot/7.0; +http://ahrefs.com/robot/)"
74.91.222.204 - - [06/Apr/2026:09:16:52 -0400] "POST /wp-cron.php?doing_wp_cron=1775481412.0364170074462890625000 HTTP/1.1" 200 - "-" "WordPress/6.9.4; https://dartdocs.app"
51.222.168.7 - - [06/Apr/2026:09:16:50 -0400] "GET /2026/03/10/online-casino-bonus-bez-nutnosti-vkladu-ziskejte-casino-bonus-za-registraci/feed/ HTTP/2.0" 200 940 "-" "Mozilla/5.0 (compatible; AhrefsBot/7.0; +http://ahrefs.com/robot/)"
74.91.222.204 - - [06/Apr/2026:09:17:25 -0400] "POST /wp-cron.php?doing_wp_cron=1775481445.1912899017333984375000 HTTP/1.1" 200 - "-" "WordPress/6.9.4; https://dartdocs.app"
43.229.135.118 - - [06/Apr/2026:09:17:24 -0400] "GET /2025/06/04/mobile-pokies-australia-instant-withdrawal/ HTTP/1.1" 200 79937 "https://dartdocs.app/" "Mozilla/5.0 (X11; Linux x86_64) AppleWebKit/537.36 (KHTML, like Gecko) Chrome/114.0.0.0 Safari/537.36 OPR/89.0.4447.51"
43.229.135.118 - - [06/Apr/2026:09:17:25 -0400] "GET /wp-content/plugins/heroic-table-of-contents/dist/blocks.style.build.css?ver=1768254467 HTTP/1.1" 200 9461 "https://dartdocs.app/2025/06/04/mobile-pokies-australia-instant-withdrawal/" "Mozilla/5.0 (Windows NT 10.0; Win64; x64) AppleWebKit/537.36 (KHTML, like Gecko) Chrome/143.0.0.0 Safari/537.36"
43.229.135.118 - - [06/Apr/2026:09:17:25 -0400] "GET /wp-includes/css/dist/components/style.min.css?ver=6.9.4 HTTP/1.1" 200 100222 "https://dartdocs.app/2025/06/04/mobile-pokies-australia-instant-withdrawal/" "Mozilla/5.0 (Windows NT 10.0; Win64; x64) AppleWebKit/537.36 (KHTML, like Gecko) Chrome/143.0.0.0 Safari/537.36"
43.229.135.118 - - [06/Apr/2026:09:17:25 -0400] "GET /wp-includes/css/dist/preferences/style.min.css?ver=6.9.4 HTTP/1.1" 200 1003 "https://dartdocs.app/2025/06/04/mobile-pokies-australia-instant-withdrawal/" "Mozilla/5.0 (Windows NT 10.0; Win64; x64) AppleWebKit/537.36 (KHTML, like Gecko) Chrome/143.0.0.0 Safari/537.36"
43.229.135.118 - - [06/Apr/2026:09:17:25 -0400] "GET /wp-includes/css/dist/block-editor/style.min.css?ver=6.9.4 HTTP/1.1" 200 118932 "https://dartdocs.app/2025/06/04/mobile-pokies-australia-instant-withdrawal/" "Mozilla/5.0 (Windows NT 10.0; Win64; x64) AppleWebKit/537.36 (KHTML, like Gecko) Chrome/143.0.0.0 Safari/537.36"
43.229.135.118 - - [06/Apr/2026:09:17:25 -0400] "GET /wp-includes/css/dist/reusable-blocks/style.min.css?ver=6.9.4 HTTP/1.1" 200 579 "https://dartdocs.app/2025/06/04/mobile-pokies-australia-instant-withdrawal/" "Mozilla/5.0 (Windows NT 10.0; Win64; x64) AppleWebKit/537.36 (KHTML, like Gecko) Chrome/143.0.0.0 Safari/537.36"
43.229.135.118 - - [06/Apr/2026:09:17:26 -0400] "GET /wp-includes/css/dist/patterns/style.min.css?ver=6.9.4 HTTP/1.1" 200 1810 "https://dartdocs.app/2025/06/04/mobile-pokies-australia-instant-withdrawal/" "Mozilla/5.0 (Windows NT 10.0; Win64; x64) AppleWebKit/537.36 (KHTML, like Gecko) Chrome/143.0.0.0 Safari/537.36"
43.229.135.118 - - [06/Apr/2026:09:17:26 -0400] "GET /wp-includes/css/dist/editor/style.min.css?ver=6.9.4 HTTP/1.1" 200 59559 "https://dartdocs.app/2025/06/04/mobile-pokies-australia-instant-withdrawal/" "Mozilla/5.0 (Windows NT 10.0; Win64; x64) AppleWebKit/537.36 (KHTML, like Gecko) Chrome/143.0.0.0 Safari/537.36"
43.229.135.118 - - [06/Apr/2026:09:17:26 -0400] "GET /wp-content/plugins/ht-knowledge-base/formatting-blocks/dist/css/ht-formatting-blocks-modules-styles.css?ver=3.16.4 HTTP/1.1" 200 8026 "https://dartdocs.app/2025/06/04/mobile-pokies-australia-instant-withdrawal/" "Mozilla/5.0 (Windows NT 10.0; Win64; x64) AppleWebKit/537.36 (KHTML, like Gecko) Chrome/143.0.0.0 Safari/537.36"
43.229.135.118 - - [06/Apr/2026:09:17:26 -0400] "GET /wp-content/themes/knowall/css/style.css?ver=2.0.7 HTTP/1.1" 200 108941 "https://dartdocs.app/2025/06/04/mobile-pokies-australia-instant-withdrawal/" "Mozilla/5.0 (Windows NT 10.0; Win64; x64) AppleWebKit/537.36 (KHTML, like Gecko) Chrome/143.0.0.0 Safari/537.36"
43.229.135.118 - - [06/Apr/2026:09:17:26 -0400] "POST /wp-comments-post.php HTTP/1.1" 302 - "https://dartdocs.app/2025/06/04/mobile-pokies-australia-instant-withdrawal/" "Mozilla/5.0 (X11; Linux x86_64) AppleWebKit/537.36 (KHTML, like Gecko) Chrome/114.0.0.0 Safari/537.36 OPR/89.0.4447.51"
43.229.135.118 - - [06/Apr/2026:09:17:27 -0400] "GET /2025/06/04/mobile-pokies-australia-instant-withdrawal/?unapproved=3324&moderation-hash=d47abdabee3e35d12f038c19aef82368 HTTP/1.1" 200 82219 "https://dartdocs.app/wp-comments-post.php" "Mozilla/5.0 (X11; Linux x86_64) AppleWebKit/537.36 (KHTML, like Gecko) Chrome/114.0.0.0 Safari/537.36 OPR/89.0.4447.51"
43.229.135.118 - - [06/Apr/2026:09:17:28 -0400] "GET /2025/06/04/mobile-pokies-australia-instant-withdrawal/ HTTP/1.1" 200 392872 "-" "Mozilla/5.0 (compatible; Googlebot/2.1; +http://www.google.com/bot.html)"
167.114.139.2 - - [06/Apr/2026:09:17:38 -0400] "GET /2026/03/10/test-2/feed/ HTTP/2.0" 200 729 "-" "Mozilla/5.0 (compatible; AhrefsBot/7.0; +http://ahrefs.com/robot/)"
74.91.222.204 - - [06/Apr/2026:09:18:30 -0400] "POST /wp-cron.php?doing_wp_cron=1775481510.2846860885620117187500 HTTP/1.1" 200 - "-" "WordPress/6.9.4; https://dartdocs.app"
51.161.65.58 - - [06/Apr/2026:09:18:29 -0400] "GET /2026/03/02/kumarhanelerde-oyun-stratejileri-ve-baar-puclar-38/ HTTP/2.0" 200 78437 "-" "Mozilla/5.0 (compatible; AhrefsBot/7.0; +http://ahrefs.com/robot/)"
74.91.222.204 - - [06/Apr/2026:09:18:49 -0400] "POST /wp-cron.php?doing_wp_cron=1775481529.6357209682464599609375 HTTP/1.1" 200 - "-" "WordPress/6.9.4; https://dartdocs.app"
128.14.102.149 - - [06/Apr/2026:09:18:49 -0400] "POST /xmlrpc.php HTTP/1.1" 200 180 "-" "Mozilla/5.0 (Windows NT 10.0; Win64; x64) AppleWebKit/537.36 (KHTML, like Gecko) Chrome/114.0.0.0 Safari/537.36"
128.14.102.149 - - [06/Apr/2026:09:18:56 -0400] "POST /xmlrpc.php HTTP/1.1" 200 12207 "-" "Mozilla/5.0 (Windows NT 10.0; Win64; x64) AppleWebKit/537.36 (KHTML, like Gecko) Chrome/114.0.0.0 Safari/537.36"
128.14.102.149 - - [06/Apr/2026:09:18:58 -0400] "GET /2026/04/06/confusione-online-aams-ritiro-del-conto-bonus-royalgame-adm-stringa-dei-migliori-siti-con-arbitrio/ HTTP/1.1" 200 83251 "-" "Mozilla/5.0 (Windows NT 10.0; Win64; x64) AppleWebKit/537.36 (KHTML, like Gecko) Chrome/122.0.0.0 Safari/537.36"
142.44.205.40 - - [06/Apr/2026:09:19:05 -0400] "GET /2025/05/19/jocuri-pacanele-demo/ HTTP/1.1" 200 77733 "-" "Mozilla/5.0 (X11; Fedora; Linux x86_64; rv:114.0) Gecko/20100101 Firefox/114.0"
74.91.222.204 - - [06/Apr/2026:09:19:17 -0400] "POST /wp-cron.php?doing_wp_cron=1775481557.9171888828277587890625 HTTP/1.1" 200 - "-" "WordPress/6.9.4; https://dartdocs.app"
188.241.103.232 - - [06/Apr/2026:09:19:17 -0400] "GET /2026/01/19/optimisation-de-la-performance-avec-les-anabolisants-et-linsuline/ HTTP/1.1" 200 78763 "-" "GuzzleHttp/7"
54.39.203.129 - - [06/Apr/2026:09:19:29 -0400] "GET /2026/03/10/test/feed/ HTTP/2.0" 200 725 "-" "Mozilla/5.0 (compatible; AhrefsBot/7.0; +http://ahrefs.com/robot/)"
77.232.38.106 - - [06/Apr/2026:09:19:52 -0400] "GET /2026/01/05/vlad-casino-rotiri-gratuite-fara-depunere/ HTTP/1.1" 200 77654 "-" "Mozilla/5.0 (X11; Fedora; Linux x86_64; rv:114.0) Gecko/20100101 Firefox/114.0"
74.91.222.204 - - [06/Apr/2026:09:20:18 -0400] "POST /wp-cron.php?doing_wp_cron=1775481618.5253129005432128906250 HTTP/1.1" 200 - "-" "WordPress/6.9.4; https://dartdocs.app"
54.39.136.139 - - [06/Apr/2026:09:20:17 -0400] "GET /2026/03/25/onlayn-kazinolarda-canl-diler-oyunlarnn-glcyi/feed/ HTTP/2.0" 200 860 "-" "Mozilla/5.0 (compatible; AhrefsBot/7.0; +http://ahrefs.com/robot/)"
172.93.212.221 - - [06/Apr/2026:09:20:59 -0400] "GET /2025/05/19/jocuri-pacanele-demo/ HTTP/1.1" 200 77733 "https://dartdocs.app/" "Mozilla/5.0 (X11; Ubuntu; Linux i686; rv:114.0) Gecko/20100101 Firefox/114.0"
172.93.212.221 - - [06/Apr/2026:09:21:01 -0400] "GET /wp-content/plugins/heroic-table-of-contents/dist/blocks.style.build.css?ver=1768254467 HTTP/1.1" 200 9461 "https://dartdocs.app/2025/05/19/jocuri-pacanele-demo/" "Mozilla/5.0 (Windows NT 10.0; Win64; x64) AppleWebKit/537.36 (KHTML, like Gecko) Chrome/143.0.0.0 Safari/537.36"
172.93.212.221 - - [06/Apr/2026:09:21:02 -0400] "GET /wp-includes/css/dist/components/style.min.css?ver=6.9.4 HTTP/1.1" 200 100222 "https://dartdocs.app/2025/05/19/jocuri-pacanele-demo/" "Mozilla/5.0 (Windows NT 10.0; Win64; x64) AppleWebKit/537.36 (KHTML, like Gecko) Chrome/143.0.0.0 Safari/537.36"
172.93.212.221 - - [06/Apr/2026:09:21:03 -0400] "GET /wp-includes/css/dist/preferences/style.min.css?ver=6.9.4 HTTP/1.1" 200 1003 "https://dartdocs.app/2025/05/19/jocuri-pacanele-demo/" "Mozilla/5.0 (Windows NT 10.0; Win64; x64) AppleWebKit/537.36 (KHTML, like Gecko) Chrome/143.0.0.0 Safari/537.36"
74.91.222.204 - - [06/Apr/2026:09:21:04 -0400] "POST /wp-cron.php?doing_wp_cron=1775481664.5883910655975341796875 HTTP/1.1" 200 - "-" "WordPress/6.9.4; https://dartdocs.app"
128.14.102.149 - - [06/Apr/2026:09:21:04 -0400] "POST /xmlrpc.php HTTP/1.1" 200 180 "-" "Mozilla/5.0 (Windows NT 10.0; Win64; x64) AppleWebKit/537.36 (KHTML, like Gecko) Chrome/114.0.0.0 Safari/537.36"
172.93.212.221 - - [06/Apr/2026:09:21:04 -0400] "GET /wp-includes/css/dist/block-editor/style.min.css?ver=6.9.4 HTTP/1.1" 200 118932 "https://dartdocs.app/2025/05/19/jocuri-pacanele-demo/" "Mozilla/5.0 (Windows NT 10.0; Win64; x64) AppleWebKit/537.36 (KHTML, like Gecko) Chrome/143.0.0.0 Safari/537.36"
172.93.212.221 - - [06/Apr/2026:09:21:05 -0400] "GET /wp-includes/css/dist/reusable-blocks/style.min.css?ver=6.9.4 HTTP/1.1" 200 579 "https://dartdocs.app/2025/05/19/jocuri-pacanele-demo/" "Mozilla/5.0 (Windows NT 10.0; Win64; x64) AppleWebKit/537.36 (KHTML, like Gecko) Chrome/143.0.0.0 Safari/537.36"
172.93.212.221 - - [06/Apr/2026:09:21:06 -0400] "GET /wp-includes/css/dist/patterns/style.min.css?ver=6.9.4 HTTP/1.1" 200 1810 "https://dartdocs.app/2025/05/19/jocuri-pacanele-demo/" "Mozilla/5.0 (Windows NT 10.0; Win64; x64) AppleWebKit/537.36 (KHTML, like Gecko) Chrome/143.0.0.0 Safari/537.36"
172.93.212.221 - - [06/Apr/2026:09:21:07 -0400] "GET /wp-includes/css/dist/editor/style.min.css?ver=6.9.4 HTTP/1.1" 200 59559 "https://dartdocs.app/2025/05/19/jocuri-pacanele-demo/" "Mozilla/5.0 (Windows NT 10.0; Win64; x64) AppleWebKit/537.36 (KHTML, like Gecko) Chrome/143.0.0.0 Safari/537.36"
172.93.212.221 - - [06/Apr/2026:09:21:09 -0400] "GET /wp-content/plugins/ht-knowledge-base/formatting-blocks/dist/css/ht-formatting-blocks-modules-styles.css?ver=3.16.4 HTTP/1.1" 200 8026 "https://dartdocs.app/2025/05/19/jocuri-pacanele-demo/" "Mozilla/5.0 (Windows NT 10.0; Win64; x64) AppleWebKit/537.36 (KHTML, like Gecko) Chrome/143.0.0.0 Safari/537.36"
74.91.222.204 - - [06/Apr/2026:09:21:10 -0400] "POST /wp-cron.php?doing_wp_cron=1775481670.3840448856353759765625 HTTP/1.1" 200 - "-" "WordPress/6.9.4; https://dartdocs.app"
172.93.212.221 - - [06/Apr/2026:09:21:10 -0400] "GET /wp-content/themes/knowall/css/style.css?ver=2.0.7 HTTP/1.1" 200 108941 "https://dartdocs.app/2025/05/19/jocuri-pacanele-demo/" "Mozilla/5.0 (Windows NT 10.0; Win64; x64) AppleWebKit/537.36 (KHTML, like Gecko) Chrome/143.0.0.0 Safari/537.36"
54.39.6.107 - - [06/Apr/2026:09:21:09 -0400] "GET /2026/02/16/onlayn-kazinolarda-canl-diler-oyunlarnn-yukslmsi/ HTTP/2.0" 200 78448 "-" "Mozilla/5.0 (compatible; AhrefsBot/7.0; +http://ahrefs.com/robot/)"
128.14.102.149 - - [06/Apr/2026:09:21:10 -0400] "POST /xmlrpc.php HTTP/1.1" 200 11841 "-" "Mozilla/5.0 (Windows NT 10.0; Win64; x64) AppleWebKit/537.36 (KHTML, like Gecko) Chrome/114.0.0.0 Safari/537.36"
172.93.212.221 - - [06/Apr/2026:09:21:12 -0400] "POST /wp-comments-post.php HTTP/1.1" 302 - "https://dartdocs.app/2025/05/19/jocuri-pacanele-demo/" "Mozilla/5.0 (X11; Ubuntu; Linux i686; rv:114.0) Gecko/20100101 Firefox/114.0"
128.14.102.149 - - [06/Apr/2026:09:21:13 -0400] "GET /2026/04/06/migliori-bisca-non-aams-con-base-minuscolo-5-book-of-ra-magic-in-linea-euro/ HTTP/1.1" 200 82663 "-" "Mozilla/5.0 (Windows NT 10.0; Win64; x64) AppleWebKit/537.36 (KHTML, like Gecko) Chrome/122.0.0.0 Safari/537.36"
172.93.212.221 - - [06/Apr/2026:09:21:15 -0400] "GET /2025/05/19/jocuri-pacanele-demo/?unapproved=3325&moderation-hash=79d43c9d76061308fb37f1ec6911a8a3 HTTP/1.1" 200 80034 "https://dartdocs.app/wp-comments-post.php" "Mozilla/5.0 (X11; Ubuntu; Linux i686; rv:114.0) Gecko/20100101 Firefox/114.0"
172.93.212.221 - - [06/Apr/2026:09:21:17 -0400] "GET /2025/05/19/jocuri-pacanele-demo/ HTTP/1.1" 200 392806 "-" "Mozilla/5.0 (compatible; Googlebot/2.1; +http://www.google.com/bot.html)"
162.215.219.73 - - [06/Apr/2026:09:22:01 -0400] "GET /wp-login.php HTTP/2.0" 404 35683 "-" "Mozilla/5.0 (Macintosh; Intel Mac OS X 10_13_5) AppleWebKit/605.1.15 (KHTML, like Gecko) Version/11.1.1 Safari/605.1.15"
141.11.67.135 - - [06/Apr/2026:09:22:08 -0400] "GET /2025/05/19/jocuri-pacanele-demo/ HTTP/1.1" 200 392806 "-" "Mozilla/5.0 (compatible; Googlebot/2.1; +http://www.google.com/bot.html)"
74.91.222.204 - - [06/Apr/2026:09:22:10 -0400] "POST /wp-cron.php?doing_wp_cron=1775481730.6993680000305175781250 HTTP/1.1" 200 - "-" "WordPress/6.9.4; https://dartdocs.app"
15.235.98.42 - - [06/Apr/2026:09:22:09 -0400] "GET /2026/02/11/pochemu-ljudjam-vazhno-ispytyvat-dvizhenie-k-tseli/ HTTP/2.0" 200 94120 "-" "Mozilla/5.0 (compatible; AhrefsBot/7.0; +http://ahrefs.com/robot/)"
216.73.216.217 - - [06/Apr/2026:09:22:35 -0400] "GET /special/1819915317.shtml HTTP/2.0" 404 71387 "-" "Mozilla/5.0 AppleWebKit/537.36 (KHTML, like Gecko; compatible; ClaudeBot/1.0; +claudebot@anthropic.com)"
216.73.216.217 - - [06/Apr/2026:09:22:35 -0400] "GET /special/3900283049.shtml HTTP/2.0" 404 71387 "-" "Mozilla/5.0 AppleWebKit/537.36 (KHTML, like Gecko; compatible; ClaudeBot/1.0; +claudebot@anthropic.com)"
216.73.216.217 - - [06/Apr/2026:09:22:35 -0400] "GET /special/1046922834.shtml HTTP/2.0" 404 71387 "-" "Mozilla/5.0 AppleWebKit/537.36 (KHTML, like Gecko; compatible; ClaudeBot/1.0; +claudebot@anthropic.com)"
216.73.216.217 - - [06/Apr/2026:09:22:35 -0400] "GET /special/1329131852.shtml HTTP/2.0" 404 71387 "-" "Mozilla/5.0 AppleWebKit/537.36 (KHTML, like Gecko; compatible; ClaudeBot/1.0; +claudebot@anthropic.com)"
216.73.216.217 - - [06/Apr/2026:09:22:35 -0400] "GET /special/890547298.shtml HTTP/2.0" 404 71387 "-" "Mozilla/5.0 AppleWebKit/537.36 (KHTML, like Gecko; compatible; ClaudeBot/1.0; +claudebot@anthropic.com)"
216.73.216.217 - - [06/Apr/2026:09:22:35 -0400] "GET /special/2734095042.shtml HTTP/2.0" 404 71387 "-" "Mozilla/5.0 AppleWebKit/537.36 (KHTML, like Gecko; compatible; ClaudeBot/1.0; +claudebot@anthropic.com)"
216.73.216.217 - - [06/Apr/2026:09:22:35 -0400] "GET /special/2330067484.shtml HTTP/2.0" 404 71387 "-" "Mozilla/5.0 AppleWebKit/537.36 (KHTML, like Gecko; compatible; ClaudeBot/1.0; +claudebot@anthropic.com)"
216.73.216.217 - - [06/Apr/2026:09:22:35 -0400] "GET /special/377194868.shtml HTTP/2.0" 404 71387 "-" "Mozilla/5.0 AppleWebKit/537.36 (KHTML, like Gecko; compatible; ClaudeBot/1.0; +claudebot@anthropic.com)"
216.73.216.217 - - [06/Apr/2026:09:22:35 -0400] "GET /special/2952894787.shtml HTTP/2.0" 404 71387 "-" "Mozilla/5.0 AppleWebKit/537.36 (KHTML, like Gecko; compatible; ClaudeBot/1.0; +claudebot@anthropic.com)"
216.73.216.217 - - [06/Apr/2026:09:22:35 -0400] "GET /special/2131101714.shtml HTTP/2.0" 404 71387 "-" "Mozilla/5.0 AppleWebKit/537.36 (KHTML, like Gecko; compatible; ClaudeBot/1.0; +claudebot@anthropic.com)"
216.73.216.217 - - [06/Apr/2026:09:22:35 -0400] "GET /special/3860174727.shtml HTTP/2.0" 404 71387 "-" "Mozilla/5.0 AppleWebKit/537.36 (KHTML, like Gecko; compatible; ClaudeBot/1.0; +claudebot@anthropic.com)"
216.73.216.217 - - [06/Apr/2026:09:22:36 -0400] "GET /special/3995980372.shtml HTTP/2.0" 404 71387 "-" "Mozilla/5.0 AppleWebKit/537.36 (KHTML, like Gecko; compatible; ClaudeBot/1.0; +claudebot@anthropic.com)"
216.73.216.217 - - [06/Apr/2026:09:22:37 -0400] "GET /special/4172366355.shtml HTTP/2.0" 404 71387 "-" "Mozilla/5.0 AppleWebKit/537.36 (KHTML, like Gecko; compatible; ClaudeBot/1.0; +claudebot@anthropic.com)"
216.73.216.217 - - [06/Apr/2026:09:22:37 -0400] "GET /special/1811344890.shtml HTTP/2.0" 404 71387 "-" "Mozilla/5.0 AppleWebKit/537.36 (KHTML, like Gecko; compatible; ClaudeBot/1.0; +claudebot@anthropic.com)"
216.73.216.217 - - [06/Apr/2026:09:22:37 -0400] "GET /special/2297376533.shtml HTTP/2.0" 404 71387 "-" "Mozilla/5.0 AppleWebKit/537.36 (KHTML, like Gecko; compatible; ClaudeBot/1.0; +claudebot@anthropic.com)"
216.73.216.217 - - [06/Apr/2026:09:22:39 -0400] "GET /special/3245003575.shtml HTTP/2.0" 404 71387 "-" "Mozilla/5.0 AppleWebKit/537.36 (KHTML, like Gecko; compatible; ClaudeBot/1.0; +claudebot@anthropic.com)"
216.73.216.217 - - [06/Apr/2026:09:22:40 -0400] "GET /special/168479706.shtml HTTP/2.0" 404 71387 "-" "Mozilla/5.0 AppleWebKit/537.36 (KHTML, like Gecko; compatible; ClaudeBot/1.0; +claudebot@anthropic.com)"
216.73.216.217 - - [06/Apr/2026:09:22:41 -0400] "GET /special/3288792991.shtml HTTP/2.0" 404 71387 "-" "Mozilla/5.0 AppleWebKit/537.36 (KHTML, like Gecko; compatible; ClaudeBot/1.0; +claudebot@anthropic.com)"
216.73.216.217 - - [06/Apr/2026:09:22:42 -0400] "GET /special/593644048.shtml HTTP/2.0" 404 71387 "-" "Mozilla/5.0 AppleWebKit/537.36 (KHTML, like Gecko; compatible; ClaudeBot/1.0; +claudebot@anthropic.com)"
216.73.216.217 - - [06/Apr/2026:09:22:42 -0400] "GET /special/585985319.shtml HTTP/2.0" 404 71387 "-" "Mozilla/5.0 AppleWebKit/537.36 (KHTML, like Gecko; compatible; ClaudeBot/1.0; +claudebot@anthropic.com)"
216.73.216.217 - - [06/Apr/2026:09:22:43 -0400] "GET /special/626532769.shtml HTTP/2.0" 404 71387 "-" "Mozilla/5.0 AppleWebKit/537.36 (KHTML, like Gecko; compatible; ClaudeBot/1.0; +claudebot@anthropic.com)"
216.73.216.217 - - [06/Apr/2026:09:22:44 -0400] "GET /special/1585853646.shtml HTTP/2.0" 404 71387 "-" "Mozilla/5.0 AppleWebKit/537.36 (KHTML, like Gecko; compatible; ClaudeBot/1.0; +claudebot@anthropic.com)"
216.73.216.217 - - [06/Apr/2026:09:22:45 -0400] "GET /special/1695825473.shtml HTTP/2.0" 404 71387 "-" "Mozilla/5.0 AppleWebKit/537.36 (KHTML, like Gecko; compatible; ClaudeBot/1.0; +claudebot@anthropic.com)"
216.73.216.217 - - [06/Apr/2026:09:22:46 -0400] "GET /special/3704755886.shtml HTTP/2.0" 404 71387 "-" "Mozilla/5.0 AppleWebKit/537.36 (KHTML, like Gecko; compatible; ClaudeBot/1.0; +claudebot@anthropic.com)"
216.73.216.217 - - [06/Apr/2026:09:22:47 -0400] "GET /special/2067889494.shtml HTTP/2.0" 404 71387 "-" "Mozilla/5.0 AppleWebKit/537.36 (KHTML, like Gecko; compatible; ClaudeBot/1.0; +claudebot@anthropic.com)"
216.73.216.217 - - [06/Apr/2026:09:22:48 -0400] "GET /special/2680119339.shtml HTTP/2.0" 404 71387 "-" "Mozilla/5.0 AppleWebKit/537.36 (KHTML, like Gecko; compatible; ClaudeBot/1.0; +claudebot@anthropic.com)"
216.73.216.217 - - [06/Apr/2026:09:22:49 -0400] "GET /special/2980195906.shtml HTTP/2.0" 404 71387 "-" "Mozilla/5.0 AppleWebKit/537.36 (KHTML, like Gecko; compatible; ClaudeBot/1.0; +claudebot@anthropic.com)"
216.73.216.217 - - [06/Apr/2026:09:22:50 -0400] "GET /special/474328967.shtml HTTP/2.0" 404 71387 "-" "Mozilla/5.0 AppleWebKit/537.36 (KHTML, like Gecko; compatible; ClaudeBot/1.0; +claudebot@anthropic.com)"
216.73.216.217 - - [06/Apr/2026:09:22:51 -0400] "GET /special/1975429162.shtml HTTP/2.0" 404 71387 "-" "Mozilla/5.0 AppleWebKit/537.36 (KHTML, like Gecko; compatible; ClaudeBot/1.0; +claudebot@anthropic.com)"
216.73.216.217 - - [06/Apr/2026:09:22:52 -0400] "GET /special/1621358265.shtml HTTP/2.0" 404 71387 "-" "Mozilla/5.0 AppleWebKit/537.36 (KHTML, like Gecko; compatible; ClaudeBot/1.0; +claudebot@anthropic.com)"
43.229.135.118 - - [06/Apr/2026:09:22:52 -0400] "GET /2025/06/04/mobile-pokies-australia-instant-withdrawal/ HTTP/1.1" 200 392872 "-" "Mozilla/5.0 (compatible; Googlebot/2.1; +http://www.google.com/bot.html)"
172.93.212.221 - - [06/Apr/2026:09:22:59 -0400] "GET /2025/05/19/jocuri-pacanele-demo/ HTTP/1.1" 200 392806 "-" "Mozilla/5.0 (compatible; Googlebot/2.1; +http://www.google.com/bot.html)"
54.39.0.245 - - [06/Apr/2026:09:23:01 -0400] "GET /2026/03/03/pinko-kazino-kazahstan-shirokij-vybor-igr-i-3/ HTTP/2.0" 200 80342 "-" "Mozilla/5.0 (compatible; AhrefsBot/7.0; +http://ahrefs.com/robot/)"
74.91.222.204 - - [06/Apr/2026:09:23:41 -0400] "POST /wp-cron.php?doing_wp_cron=1775481821.0720269680023193359375 HTTP/1.1" 200 - "-" "WordPress/6.9.4; https://dartdocs.app"
128.14.102.149 - - [06/Apr/2026:09:23:40 -0400] "POST /xmlrpc.php HTTP/1.1" 200 180 "-" "Mozilla/5.0 (Windows NT 10.0; Win64; x64) AppleWebKit/537.36 (KHTML, like Gecko) Chrome/114.0.0.0 Safari/537.36"