216.73.216.217 - - [06/Apr/2026:08:36:35 -0400] "GET /special/116779930.shtml HTTP/2.0" 404 71387 "-" "Mozilla/5.0 AppleWebKit/537.36 (KHTML, like Gecko; compatible; ClaudeBot/1.0; +claudebot@anthropic.com)"
216.73.216.217 - - [06/Apr/2026:08:36:37 -0400] "GET /special/3217614281.shtml HTTP/2.0" 404 71387 "-" "Mozilla/5.0 AppleWebKit/537.36 (KHTML, like Gecko; compatible; ClaudeBot/1.0; +claudebot@anthropic.com)"
216.73.216.217 - - [06/Apr/2026:08:36:39 -0400] "GET /special/919201305.shtml HTTP/2.0" 404 71387 "-" "Mozilla/5.0 AppleWebKit/537.36 (KHTML, like Gecko; compatible; ClaudeBot/1.0; +claudebot@anthropic.com)"
216.73.216.217 - - [06/Apr/2026:08:36:42 -0400] "GET /special/281081209.shtml HTTP/2.0" 404 71387 "-" "Mozilla/5.0 AppleWebKit/537.36 (KHTML, like Gecko; compatible; ClaudeBot/1.0; +claudebot@anthropic.com)"
216.73.216.217 - - [06/Apr/2026:08:36:44 -0400] "GET /special/2582200724.shtml HTTP/2.0" 404 71387 "-" "Mozilla/5.0 AppleWebKit/537.36 (KHTML, like Gecko; compatible; ClaudeBot/1.0; +claudebot@anthropic.com)"
216.73.216.217 - - [06/Apr/2026:08:36:46 -0400] "GET /special/3385847425.shtml HTTP/2.0" 404 71387 "-" "Mozilla/5.0 AppleWebKit/537.36 (KHTML, like Gecko; compatible; ClaudeBot/1.0; +claudebot@anthropic.com)"
74.91.222.204 - - [06/Apr/2026:08:36:48 -0400] "POST /wp-cron.php?doing_wp_cron=1775479008.9329590797424316406250 HTTP/1.1" 200 - "-" "WordPress/6.9.4; https://dartdocs.app"
98.98.33.7 - - [06/Apr/2026:08:36:48 -0400] "POST /xmlrpc.php HTTP/1.1" 200 180 "-" "Mozilla/5.0 (Windows NT 10.0; Win64; x64) AppleWebKit/537.36 (KHTML, like Gecko) Chrome/114.0.0.0 Safari/537.36"
216.73.216.217 - - [06/Apr/2026:08:36:48 -0400] "GET /special/600878712.shtml HTTP/2.0" 404 71387 "-" "Mozilla/5.0 AppleWebKit/537.36 (KHTML, like Gecko; compatible; ClaudeBot/1.0; +claudebot@anthropic.com)"
216.73.216.217 - - [06/Apr/2026:08:36:50 -0400] "GET /special/3732328429.shtml HTTP/2.0" 404 71387 "-" "Mozilla/5.0 AppleWebKit/537.36 (KHTML, like Gecko; compatible; ClaudeBot/1.0; +claudebot@anthropic.com)"
216.73.216.217 - - [06/Apr/2026:08:36:52 -0400] "GET /special/1361607088.shtml HTTP/2.0" 404 71387 "-" "Mozilla/5.0 AppleWebKit/537.36 (KHTML, like Gecko; compatible; ClaudeBot/1.0; +claudebot@anthropic.com)"
216.73.216.217 - - [06/Apr/2026:08:36:55 -0400] "GET /special/4274592844.shtml HTTP/2.0" 404 71387 "-" "Mozilla/5.0 AppleWebKit/537.36 (KHTML, like Gecko; compatible; ClaudeBot/1.0; +claudebot@anthropic.com)"
98.98.33.7 - - [06/Apr/2026:08:36:55 -0400] "POST /xmlrpc.php HTTP/1.1" 200 12150 "-" "Mozilla/5.0 (Windows NT 10.0; Win64; x64) AppleWebKit/537.36 (KHTML, like Gecko) Chrome/114.0.0.0 Safari/537.36"
98.98.33.7 - - [06/Apr/2026:08:36:57 -0400] "GET /2026/04/06/regole-ancora-gratowin-casino-login-quote-della-roulette-spiegazioni-contro-scommesse-pagamenti-anche-caso/ HTTP/1.1" 200 83178 "-" "Mozilla/5.0 (Windows NT 10.0; rv:125.0) Gecko/20100101 Firefox/125.0"
216.73.216.217 - - [06/Apr/2026:08:37:00 -0400] "GET /special/108203756.shtml HTTP/2.0" 404 71387 "-" "Mozilla/5.0 AppleWebKit/537.36 (KHTML, like Gecko; compatible; ClaudeBot/1.0; +claudebot@anthropic.com)"
216.73.216.217 - - [06/Apr/2026:08:37:02 -0400] "GET /special/829303603.shtml HTTP/2.0" 404 71387 "-" "Mozilla/5.0 AppleWebKit/537.36 (KHTML, like Gecko; compatible; ClaudeBot/1.0; +claudebot@anthropic.com)"
216.73.216.217 - - [06/Apr/2026:08:37:05 -0400] "GET /special/1949374286.shtml HTTP/2.0" 404 71387 "-" "Mozilla/5.0 AppleWebKit/537.36 (KHTML, like Gecko; compatible; ClaudeBot/1.0; +claudebot@anthropic.com)"
74.91.222.204 - - [06/Apr/2026:08:37:08 -0400] "POST /wp-cron.php?doing_wp_cron=1775479028.0413949489593505859375 HTTP/1.1" 200 - "-" "WordPress/6.9.4; https://dartdocs.app"
216.73.216.217 - - [06/Apr/2026:08:37:07 -0400] "GET /special/3893472985.shtml HTTP/2.0" 404 71387 "-" "Mozilla/5.0 AppleWebKit/537.36 (KHTML, like Gecko; compatible; ClaudeBot/1.0; +claudebot@anthropic.com)"
216.73.216.217 - - [06/Apr/2026:08:37:09 -0400] "GET /special/892444465.shtml HTTP/2.0" 404 71387 "-" "Mozilla/5.0 AppleWebKit/537.36 (KHTML, like Gecko; compatible; ClaudeBot/1.0; +claudebot@anthropic.com)"
216.73.216.217 - - [06/Apr/2026:08:37:11 -0400] "GET /special/362880794.shtml HTTP/2.0" 404 71387 "-" "Mozilla/5.0 AppleWebKit/537.36 (KHTML, like Gecko; compatible; ClaudeBot/1.0; +claudebot@anthropic.com)"
216.73.216.217 - - [06/Apr/2026:08:37:13 -0400] "GET /special/606673852.shtml HTTP/2.0" 404 71387 "-" "Mozilla/5.0 AppleWebKit/537.36 (KHTML, like Gecko; compatible; ClaudeBot/1.0; +claudebot@anthropic.com)"
216.73.216.217 - - [06/Apr/2026:08:37:16 -0400] "GET /special/2991500260.shtml HTTP/2.0" 404 71387 "-" "Mozilla/5.0 AppleWebKit/537.36 (KHTML, like Gecko; compatible; ClaudeBot/1.0; +claudebot@anthropic.com)"
216.73.216.217 - - [06/Apr/2026:08:37:18 -0400] "GET /special/2315511892.shtml HTTP/2.0" 404 71387 "-" "Mozilla/5.0 AppleWebKit/537.36 (KHTML, like Gecko; compatible; ClaudeBot/1.0; +claudebot@anthropic.com)"
216.73.216.217 - - [06/Apr/2026:08:37:20 -0400] "GET /special/896218758.shtml HTTP/2.0" 404 71387 "-" "Mozilla/5.0 AppleWebKit/537.36 (KHTML, like Gecko; compatible; ClaudeBot/1.0; +claudebot@anthropic.com)"
216.73.216.217 - - [06/Apr/2026:08:37:22 -0400] "GET /special/833179946.shtml HTTP/2.0" 404 71387 "-" "Mozilla/5.0 AppleWebKit/537.36 (KHTML, like Gecko; compatible; ClaudeBot/1.0; +claudebot@anthropic.com)"
216.73.216.217 - - [06/Apr/2026:08:37:24 -0400] "GET /special/979450680.shtml HTTP/2.0" 404 71387 "-" "Mozilla/5.0 AppleWebKit/537.36 (KHTML, like Gecko; compatible; ClaudeBot/1.0; +claudebot@anthropic.com)"
216.73.216.217 - - [06/Apr/2026:08:37:26 -0400] "GET /special/2172247908.shtml HTTP/2.0" 404 71387 "-" "Mozilla/5.0 AppleWebKit/537.36 (KHTML, like Gecko; compatible; ClaudeBot/1.0; +claudebot@anthropic.com)"
216.73.216.217 - - [06/Apr/2026:08:37:29 -0400] "GET /special/3576041364.shtml HTTP/2.0" 404 71387 "-" "Mozilla/5.0 AppleWebKit/537.36 (KHTML, like Gecko; compatible; ClaudeBot/1.0; +claudebot@anthropic.com)"
216.73.216.217 - - [06/Apr/2026:08:37:31 -0400] "GET /special/169164774.shtml HTTP/2.0" 404 71387 "-" "Mozilla/5.0 AppleWebKit/537.36 (KHTML, like Gecko; compatible; ClaudeBot/1.0; +claudebot@anthropic.com)"
216.73.216.217 - - [06/Apr/2026:08:37:33 -0400] "GET /special/1486982556.shtml HTTP/2.0" 404 71387 "-" "Mozilla/5.0 AppleWebKit/537.36 (KHTML, like Gecko; compatible; ClaudeBot/1.0; +claudebot@anthropic.com)"
216.73.216.217 - - [06/Apr/2026:08:37:35 -0400] "GET /special/3320751648.shtml HTTP/2.0" 404 71387 "-" "Mozilla/5.0 AppleWebKit/537.36 (KHTML, like Gecko; compatible; ClaudeBot/1.0; +claudebot@anthropic.com)"
216.73.216.217 - - [06/Apr/2026:08:37:37 -0400] "GET /special/2922012622.shtml HTTP/2.0" 404 71387 "-" "Mozilla/5.0 AppleWebKit/537.36 (KHTML, like Gecko; compatible; ClaudeBot/1.0; +claudebot@anthropic.com)"
216.73.216.217 - - [06/Apr/2026:08:37:40 -0400] "GET /special/798411627.shtml HTTP/2.0" 404 71387 "-" "Mozilla/5.0 AppleWebKit/537.36 (KHTML, like Gecko; compatible; ClaudeBot/1.0; +claudebot@anthropic.com)"
54.39.203.161 - - [06/Apr/2026:08:37:39 -0400] "GET /2026/02/02/how-arizona-s-booming-multifamily-market-is-23/ HTTP/2.0" 200 520781 "-" "Mozilla/5.0 (compatible; AhrefsBot/7.0; +http://ahrefs.com/robot/)"
216.73.216.217 - - [06/Apr/2026:08:37:42 -0400] "GET /special/1809186385.shtml HTTP/2.0" 404 71387 "-" "Mozilla/5.0 AppleWebKit/537.36 (KHTML, like Gecko; compatible; ClaudeBot/1.0; +claudebot@anthropic.com)"
216.73.216.217 - - [06/Apr/2026:08:37:44 -0400] "GET /special/3081428017.shtml HTTP/2.0" 404 71387 "-" "Mozilla/5.0 AppleWebKit/537.36 (KHTML, like Gecko; compatible; ClaudeBot/1.0; +claudebot@anthropic.com)"
216.73.216.217 - - [06/Apr/2026:08:37:46 -0400] "GET /special/4194926979.shtml HTTP/2.0" 404 71387 "-" "Mozilla/5.0 AppleWebKit/537.36 (KHTML, like Gecko; compatible; ClaudeBot/1.0; +claudebot@anthropic.com)"
216.73.216.217 - - [06/Apr/2026:08:37:48 -0400] "GET /special/2123608196.shtml HTTP/2.0" 404 71387 "-" "Mozilla/5.0 AppleWebKit/537.36 (KHTML, like Gecko; compatible; ClaudeBot/1.0; +claudebot@anthropic.com)"
216.73.216.217 - - [06/Apr/2026:08:37:50 -0400] "GET /special/573226504.shtml HTTP/2.0" 404 71387 "-" "Mozilla/5.0 AppleWebKit/537.36 (KHTML, like Gecko; compatible; ClaudeBot/1.0; +claudebot@anthropic.com)"
216.73.216.217 - - [06/Apr/2026:08:37:53 -0400] "GET /special/1648123200.shtml HTTP/2.0" 404 71387 "-" "Mozilla/5.0 AppleWebKit/537.36 (KHTML, like Gecko; compatible; ClaudeBot/1.0; +claudebot@anthropic.com)"
216.73.216.217 - - [06/Apr/2026:08:37:55 -0400] "GET /special/997077583.shtml HTTP/2.0" 404 71387 "-" "Mozilla/5.0 AppleWebKit/537.36 (KHTML, like Gecko; compatible; ClaudeBot/1.0; +claudebot@anthropic.com)"
216.73.216.217 - - [06/Apr/2026:08:37:57 -0400] "GET /special/2708315522.shtml HTTP/2.0" 404 71387 "-" "Mozilla/5.0 AppleWebKit/537.36 (KHTML, like Gecko; compatible; ClaudeBot/1.0; +claudebot@anthropic.com)"
216.73.216.217 - - [06/Apr/2026:08:37:59 -0400] "GET /special/3377320789.shtml HTTP/2.0" 404 71387 "-" "Mozilla/5.0 AppleWebKit/537.36 (KHTML, like Gecko; compatible; ClaudeBot/1.0; +claudebot@anthropic.com)"
216.73.216.217 - - [06/Apr/2026:08:38:01 -0400] "GET /special/3592229988.shtml HTTP/2.0" 404 71387 "-" "Mozilla/5.0 AppleWebKit/537.36 (KHTML, like Gecko; compatible; ClaudeBot/1.0; +claudebot@anthropic.com)"
216.73.216.217 - - [06/Apr/2026:08:38:04 -0400] "GET /special/2157415158.shtml HTTP/2.0" 404 71387 "-" "Mozilla/5.0 AppleWebKit/537.36 (KHTML, like Gecko; compatible; ClaudeBot/1.0; +claudebot@anthropic.com)"
216.73.216.217 - - [06/Apr/2026:08:38:06 -0400] "GET /special/1387424243.shtml HTTP/2.0" 404 71387 "-" "Mozilla/5.0 AppleWebKit/537.36 (KHTML, like Gecko; compatible; ClaudeBot/1.0; +claudebot@anthropic.com)"
74.91.222.204 - - [06/Apr/2026:08:38:09 -0400] "POST /wp-cron.php?doing_wp_cron=1775479089.0745029449462890625000 HTTP/1.1" 200 - "-" "WordPress/6.9.4; https://dartdocs.app"
216.73.216.217 - - [06/Apr/2026:08:38:08 -0400] "GET /special/1991794191.shtml HTTP/2.0" 404 71387 "-" "Mozilla/5.0 AppleWebKit/537.36 (KHTML, like Gecko; compatible; ClaudeBot/1.0; +claudebot@anthropic.com)"
216.73.216.217 - - [06/Apr/2026:08:38:10 -0400] "GET /special/493369127.shtml HTTP/2.0" 404 71387 "-" "Mozilla/5.0 AppleWebKit/537.36 (KHTML, like Gecko; compatible; ClaudeBot/1.0; +claudebot@anthropic.com)"
216.73.216.217 - - [06/Apr/2026:08:38:12 -0400] "GET /special/3131598701.shtml HTTP/2.0" 404 71387 "-" "Mozilla/5.0 AppleWebKit/537.36 (KHTML, like Gecko; compatible; ClaudeBot/1.0; +claudebot@anthropic.com)"
216.73.216.217 - - [06/Apr/2026:08:38:14 -0400] "GET /special/4089260513.shtml HTTP/2.0" 404 71387 "-" "Mozilla/5.0 AppleWebKit/537.36 (KHTML, like Gecko; compatible; ClaudeBot/1.0; +claudebot@anthropic.com)"
216.73.216.217 - - [06/Apr/2026:08:38:17 -0400] "GET /special/687849478.shtml HTTP/2.0" 404 71387 "-" "Mozilla/5.0 AppleWebKit/537.36 (KHTML, like Gecko; compatible; ClaudeBot/1.0; +claudebot@anthropic.com)"
216.73.216.217 - - [06/Apr/2026:08:38:19 -0400] "GET /special/537670614.shtml HTTP/2.0" 404 71387 "-" "Mozilla/5.0 AppleWebKit/537.36 (KHTML, like Gecko; compatible; ClaudeBot/1.0; +claudebot@anthropic.com)"
216.73.216.217 - - [06/Apr/2026:08:38:21 -0400] "GET /special/3940293732.shtml HTTP/2.0" 404 71387 "-" "Mozilla/5.0 AppleWebKit/537.36 (KHTML, like Gecko; compatible; ClaudeBot/1.0; +claudebot@anthropic.com)"
216.73.216.217 - - [06/Apr/2026:08:38:23 -0400] "GET /special/1650570899.shtml HTTP/2.0" 404 71387 "-" "Mozilla/5.0 AppleWebKit/537.36 (KHTML, like Gecko; compatible; ClaudeBot/1.0; +claudebot@anthropic.com)"
216.73.216.217 - - [06/Apr/2026:08:38:25 -0400] "GET /special/1491616997.shtml HTTP/2.0" 404 71387 "-" "Mozilla/5.0 AppleWebKit/537.36 (KHTML, like Gecko; compatible; ClaudeBot/1.0; +claudebot@anthropic.com)"
216.73.216.217 - - [06/Apr/2026:08:38:28 -0400] "GET /special/2547768520.shtml HTTP/2.0" 404 71387 "-" "Mozilla/5.0 AppleWebKit/537.36 (KHTML, like Gecko; compatible; ClaudeBot/1.0; +claudebot@anthropic.com)"
216.73.216.217 - - [06/Apr/2026:08:38:30 -0400] "GET /special/1996792619.shtml HTTP/2.0" 404 71387 "-" "Mozilla/5.0 AppleWebKit/537.36 (KHTML, like Gecko; compatible; ClaudeBot/1.0; +claudebot@anthropic.com)"
216.73.216.217 - - [06/Apr/2026:08:38:32 -0400] "GET /special/3117101892.shtml HTTP/2.0" 404 71387 "-" "Mozilla/5.0 AppleWebKit/537.36 (KHTML, like Gecko; compatible; ClaudeBot/1.0; +claudebot@anthropic.com)"
216.73.216.217 - - [06/Apr/2026:08:38:34 -0400] "GET /special/325446076.shtml HTTP/2.0" 404 71387 "-" "Mozilla/5.0 AppleWebKit/537.36 (KHTML, like Gecko; compatible; ClaudeBot/1.0; +claudebot@anthropic.com)"
216.73.216.217 - - [06/Apr/2026:08:38:36 -0400] "GET /special/3744736965.shtml HTTP/2.0" 404 71387 "-" "Mozilla/5.0 AppleWebKit/537.36 (KHTML, like Gecko; compatible; ClaudeBot/1.0; +claudebot@anthropic.com)"
216.73.216.217 - - [06/Apr/2026:08:38:38 -0400] "GET /special/3365722831.shtml HTTP/2.0" 404 71387 "-" "Mozilla/5.0 AppleWebKit/537.36 (KHTML, like Gecko; compatible; ClaudeBot/1.0; +claudebot@anthropic.com)"
216.73.216.217 - - [06/Apr/2026:08:38:41 -0400] "GET /special/2106089619.shtml HTTP/2.0" 404 71387 "-" "Mozilla/5.0 AppleWebKit/537.36 (KHTML, like Gecko; compatible; ClaudeBot/1.0; +claudebot@anthropic.com)"
216.73.216.217 - - [06/Apr/2026:08:38:43 -0400] "GET /special/4230274010.shtml HTTP/2.0" 404 71387 "-" "Mozilla/5.0 AppleWebKit/537.36 (KHTML, like Gecko; compatible; ClaudeBot/1.0; +claudebot@anthropic.com)"
216.73.216.217 - - [06/Apr/2026:08:38:45 -0400] "GET /special/664089666.shtml HTTP/2.0" 404 71387 "-" "Mozilla/5.0 AppleWebKit/537.36 (KHTML, like Gecko; compatible; ClaudeBot/1.0; +claudebot@anthropic.com)"
216.73.216.217 - - [06/Apr/2026:08:38:47 -0400] "GET /special/273357528.shtml HTTP/2.0" 404 71387 "-" "Mozilla/5.0 AppleWebKit/537.36 (KHTML, like Gecko; compatible; ClaudeBot/1.0; +claudebot@anthropic.com)"
74.91.222.204 - - [06/Apr/2026:08:38:50 -0400] "POST /wp-cron.php?doing_wp_cron=1775479130.5554249286651611328125 HTTP/1.1" 200 - "-" "WordPress/6.9.4; https://dartdocs.app"
98.98.33.7 - - [06/Apr/2026:08:38:50 -0400] "POST /xmlrpc.php HTTP/1.1" 200 180 "-" "Mozilla/5.0 (Windows NT 10.0; Win64; x64) AppleWebKit/537.36 (KHTML, like Gecko) Chrome/114.0.0.0 Safari/537.36"
216.73.216.217 - - [06/Apr/2026:08:38:49 -0400] "GET /special/3352438892.shtml HTTP/2.0" 404 71387 "-" "Mozilla/5.0 AppleWebKit/537.36 (KHTML, like Gecko; compatible; ClaudeBot/1.0; +claudebot@anthropic.com)"
216.73.216.217 - - [06/Apr/2026:08:38:52 -0400] "GET /special/2974145206.shtml HTTP/2.0" 404 71387 "-" "Mozilla/5.0 AppleWebKit/537.36 (KHTML, like Gecko; compatible; ClaudeBot/1.0; +claudebot@anthropic.com)"
54.39.6.152 - - [06/Apr/2026:08:38:53 -0400] "GET /2024/08/15/5-2-prepare-a-post-closing-trial-balance-business/ HTTP/2.0" 200 85482 "-" "Mozilla/5.0 (compatible; AhrefsBot/7.0; +http://ahrefs.com/robot/)"
216.73.216.217 - - [06/Apr/2026:08:38:54 -0400] "GET /special/1100485338.shtml HTTP/2.0" 404 71387 "-" "Mozilla/5.0 AppleWebKit/537.36 (KHTML, like Gecko; compatible; ClaudeBot/1.0; +claudebot@anthropic.com)"
216.73.216.217 - - [06/Apr/2026:08:38:56 -0400] "GET /special/2097608684.shtml HTTP/2.0" 404 71387 "-" "Mozilla/5.0 AppleWebKit/537.36 (KHTML, like Gecko; compatible; ClaudeBot/1.0; +claudebot@anthropic.com)"
98.98.33.7 - - [06/Apr/2026:08:38:57 -0400] "POST /xmlrpc.php HTTP/1.1" 200 12645 "-" "Mozilla/5.0 (Windows NT 10.0; Win64; x64) AppleWebKit/537.36 (KHTML, like Gecko) Chrome/114.0.0.0 Safari/537.36"
216.73.216.217 - - [06/Apr/2026:08:38:58 -0400] "GET /special/3453163603.shtml HTTP/2.0" 404 71387 "-" "Mozilla/5.0 AppleWebKit/537.36 (KHTML, like Gecko; compatible; ClaudeBot/1.0; +claudebot@anthropic.com)"
98.98.33.7 - - [06/Apr/2026:08:38:59 -0400] "GET /2026/04/06/50-spybet-promozione-da-casino-giri-gratuitamente-senza-base-bonus-nel-2026/ HTTP/1.1" 200 83297 "-" "Mozilla/5.0 (Windows NT 10.0; Win64; x64) AppleWebKit/537.36 (KHTML, like Gecko) Chrome/124.0.0.0 Safari/537.36"
216.73.216.217 - - [06/Apr/2026:08:39:00 -0400] "GET /special/1265758581.shtml HTTP/2.0" 404 71387 "-" "Mozilla/5.0 AppleWebKit/537.36 (KHTML, like Gecko; compatible; ClaudeBot/1.0; +claudebot@anthropic.com)"
216.73.216.217 - - [06/Apr/2026:08:39:02 -0400] "GET /special/1912814734.shtml HTTP/2.0" 404 71387 "-" "Mozilla/5.0 AppleWebKit/537.36 (KHTML, like Gecko; compatible; ClaudeBot/1.0; +claudebot@anthropic.com)"
216.73.216.217 - - [06/Apr/2026:08:39:05 -0400] "GET /special/1090974645.shtml HTTP/2.0" 404 71387 "-" "Mozilla/5.0 AppleWebKit/537.36 (KHTML, like Gecko; compatible; ClaudeBot/1.0; +claudebot@anthropic.com)"
74.91.222.204 - - [06/Apr/2026:08:39:07 -0400] "POST /wp-cron.php?doing_wp_cron=1775479147.9736280441284179687500 HTTP/1.1" 200 - "-" "WordPress/6.9.4; https://dartdocs.app"
216.73.216.217 - - [06/Apr/2026:08:39:07 -0400] "GET /special/1066955971.shtml HTTP/2.0" 404 71387 "-" "Mozilla/5.0 AppleWebKit/537.36 (KHTML, like Gecko; compatible; ClaudeBot/1.0; +claudebot@anthropic.com)"
216.73.216.217 - - [06/Apr/2026:08:39:09 -0400] "GET /special/3763345206.shtml HTTP/2.0" 404 71387 "-" "Mozilla/5.0 AppleWebKit/537.36 (KHTML, like Gecko; compatible; ClaudeBot/1.0; +claudebot@anthropic.com)"
216.73.216.217 - - [06/Apr/2026:08:39:11 -0400] "GET /special/123224072.shtml HTTP/2.0" 404 71387 "-" "Mozilla/5.0 AppleWebKit/537.36 (KHTML, like Gecko; compatible; ClaudeBot/1.0; +claudebot@anthropic.com)"
216.73.216.217 - - [06/Apr/2026:08:39:13 -0400] "GET /special/3202689188.shtml HTTP/2.0" 404 71387 "-" "Mozilla/5.0 AppleWebKit/537.36 (KHTML, like Gecko; compatible; ClaudeBot/1.0; +claudebot@anthropic.com)"
216.73.216.217 - - [06/Apr/2026:08:39:16 -0400] "GET /special/835514146.shtml HTTP/2.0" 404 71387 "-" "Mozilla/5.0 AppleWebKit/537.36 (KHTML, like Gecko; compatible; ClaudeBot/1.0; +claudebot@anthropic.com)"
216.73.216.217 - - [06/Apr/2026:08:39:18 -0400] "GET /special/799435764.shtml HTTP/2.0" 404 71387 "-" "Mozilla/5.0 AppleWebKit/537.36 (KHTML, like Gecko; compatible; ClaudeBot/1.0; +claudebot@anthropic.com)"
216.73.216.217 - - [06/Apr/2026:08:39:20 -0400] "GET /special/928757667.shtml HTTP/2.0" 404 71387 "-" "Mozilla/5.0 AppleWebKit/537.36 (KHTML, like Gecko; compatible; ClaudeBot/1.0; +claudebot@anthropic.com)"
216.73.216.217 - - [06/Apr/2026:08:39:22 -0400] "GET /special/3854545269.shtml HTTP/2.0" 404 71387 "-" "Mozilla/5.0 AppleWebKit/537.36 (KHTML, like Gecko; compatible; ClaudeBot/1.0; +claudebot@anthropic.com)"
216.73.216.217 - - [06/Apr/2026:08:39:24 -0400] "GET /special/344448047.shtml HTTP/2.0" 404 71387 "-" "Mozilla/5.0 AppleWebKit/537.36 (KHTML, like Gecko; compatible; ClaudeBot/1.0; +claudebot@anthropic.com)"
216.73.216.217 - - [06/Apr/2026:08:39:30 -0400] "GET /special/900610651.shtml HTTP/2.0" 404 71387 "-" "Mozilla/5.0 AppleWebKit/537.36 (KHTML, like Gecko; compatible; ClaudeBot/1.0; +claudebot@anthropic.com)"
216.73.216.217 - - [06/Apr/2026:08:39:33 -0400] "GET /special/460964316.shtml HTTP/2.0" 404 71387 "-" "Mozilla/5.0 AppleWebKit/537.36 (KHTML, like Gecko; compatible; ClaudeBot/1.0; +claudebot@anthropic.com)"
216.73.216.217 - - [06/Apr/2026:08:39:35 -0400] "GET /special/3267908391.shtml HTTP/2.0" 404 71387 "-" "Mozilla/5.0 AppleWebKit/537.36 (KHTML, like Gecko; compatible; ClaudeBot/1.0; +claudebot@anthropic.com)"
103.240.99.186 - - [06/Apr/2026:08:39:37 -0400] "GET /2025/03/21/casino-admiral-pomezi/ HTTP/1.1" 200 392809 "-" "Mozilla/5.0 (compatible; Googlebot/2.1; +http://www.google.com/bot.html)"
216.73.216.217 - - [06/Apr/2026:08:39:38 -0400] "GET /special/3130910663.shtml HTTP/2.0" 404 71387 "-" "Mozilla/5.0 AppleWebKit/537.36 (KHTML, like Gecko; compatible; ClaudeBot/1.0; +claudebot@anthropic.com)"
216.73.216.217 - - [06/Apr/2026:08:39:40 -0400] "GET /special/957225461.shtml HTTP/2.0" 404 71387 "-" "Mozilla/5.0 AppleWebKit/537.36 (KHTML, like Gecko; compatible; ClaudeBot/1.0; +claudebot@anthropic.com)"
216.73.216.217 - - [06/Apr/2026:08:39:42 -0400] "GET /special/1607456016.shtml HTTP/2.0" 404 71387 "-" "Mozilla/5.0 AppleWebKit/537.36 (KHTML, like Gecko; compatible; ClaudeBot/1.0; +claudebot@anthropic.com)"
216.73.216.217 - - [06/Apr/2026:08:39:44 -0400] "GET /special/3506208629.shtml HTTP/2.0" 404 71387 "-" "Mozilla/5.0 AppleWebKit/537.36 (KHTML, like Gecko; compatible; ClaudeBot/1.0; +claudebot@anthropic.com)"
216.73.216.217 - - [06/Apr/2026:08:39:46 -0400] "GET /special/1936816441.shtml HTTP/2.0" 404 71387 "-" "Mozilla/5.0 AppleWebKit/537.36 (KHTML, like Gecko; compatible; ClaudeBot/1.0; +claudebot@anthropic.com)"
142.44.220.155 - - [06/Apr/2026:08:39:48 -0400] "GET /2026/03/03/pinco-casino-le-kazanmaya-balayn/ HTTP/2.0" 200 78203 "-" "Mozilla/5.0 (compatible; AhrefsBot/7.0; +http://ahrefs.com/robot/)"
216.73.216.217 - - [06/Apr/2026:08:39:48 -0400] "GET /special/1842633701.shtml HTTP/2.0" 404 71387 "-" "Mozilla/5.0 AppleWebKit/537.36 (KHTML, like Gecko; compatible; ClaudeBot/1.0; +claudebot@anthropic.com)"
216.73.216.217 - - [06/Apr/2026:08:39:51 -0400] "GET /special/362192772.shtml HTTP/2.0" 404 71387 "-" "Mozilla/5.0 AppleWebKit/537.36 (KHTML, like Gecko; compatible; ClaudeBot/1.0; +claudebot@anthropic.com)"
216.73.216.217 - - [06/Apr/2026:08:39:53 -0400] "GET /special/3352275353.shtml HTTP/2.0" 404 71387 "-" "Mozilla/5.0 AppleWebKit/537.36 (KHTML, like Gecko; compatible; ClaudeBot/1.0; +claudebot@anthropic.com)"
216.73.216.217 - - [06/Apr/2026:08:39:55 -0400] "GET /special/316965109.shtml HTTP/2.0" 404 71387 "-" "Mozilla/5.0 AppleWebKit/537.36 (KHTML, like Gecko; compatible; ClaudeBot/1.0; +claudebot@anthropic.com)"
216.73.216.217 - - [06/Apr/2026:08:39:57 -0400] "GET /special/4082293196.shtml HTTP/2.0" 404 71387 "-" "Mozilla/5.0 AppleWebKit/537.36 (KHTML, like Gecko; compatible; ClaudeBot/1.0; +claudebot@anthropic.com)"
216.73.216.217 - - [06/Apr/2026:08:39:59 -0400] "GET /special/647693712.shtml HTTP/2.0" 404 71387 "-" "Mozilla/5.0 AppleWebKit/537.36 (KHTML, like Gecko; compatible; ClaudeBot/1.0; +claudebot@anthropic.com)"
216.73.216.217 - - [06/Apr/2026:08:40:02 -0400] "GET /special/3202001182.shtml HTTP/2.0" 404 71387 "-" "Mozilla/5.0 AppleWebKit/537.36 (KHTML, like Gecko; compatible; ClaudeBot/1.0; +claudebot@anthropic.com)"
216.73.216.217 - - [06/Apr/2026:08:40:04 -0400] "GET /special/3206753477.shtml HTTP/2.0" 404 71387 "-" "Mozilla/5.0 AppleWebKit/537.36 (KHTML, like Gecko; compatible; ClaudeBot/1.0; +claudebot@anthropic.com)"
74.91.222.204 - - [06/Apr/2026:08:40:07 -0400] "POST /wp-cron.php?doing_wp_cron=1775479207.1206130981445312500000 HTTP/1.1" 200 - "-" "WordPress/6.9.4; https://dartdocs.app"
216.73.216.217 - - [06/Apr/2026:08:40:06 -0400] "GET /special/2234994148.shtml HTTP/2.0" 404 71387 "-" "Mozilla/5.0 AppleWebKit/537.36 (KHTML, like Gecko; compatible; ClaudeBot/1.0; +claudebot@anthropic.com)"
216.73.216.217 - - [06/Apr/2026:08:40:08 -0400] "GET /special/2818091685.shtml HTTP/2.0" 404 71387 "-" "Mozilla/5.0 AppleWebKit/537.36 (KHTML, like Gecko; compatible; ClaudeBot/1.0; +claudebot@anthropic.com)"
216.73.216.217 - - [06/Apr/2026:08:40:10 -0400] "GET /special/555707927.shtml HTTP/2.0" 404 71387 "-" "Mozilla/5.0 AppleWebKit/537.36 (KHTML, like Gecko; compatible; ClaudeBot/1.0; +claudebot@anthropic.com)"
37.132.215.30 - - [06/Apr/2026:08:40:12 -0400] "GET /2026/02/03/isotretinoina-comment-lutiliser-correctement/ HTTP/1.1" 200 77635 "-" "GuzzleHttp/7"
216.73.216.217 - - [06/Apr/2026:08:40:12 -0400] "GET /special/3749677704.shtml HTTP/2.0" 404 71387 "-" "Mozilla/5.0 AppleWebKit/537.36 (KHTML, like Gecko; compatible; ClaudeBot/1.0; +claudebot@anthropic.com)"
216.73.216.217 - - [06/Apr/2026:08:40:15 -0400] "GET /special/3547064906.shtml HTTP/2.0" 404 71387 "-" "Mozilla/5.0 AppleWebKit/537.36 (KHTML, like Gecko; compatible; ClaudeBot/1.0; +claudebot@anthropic.com)"
216.73.216.217 - - [06/Apr/2026:08:40:17 -0400] "GET /special/1509018330.shtml HTTP/2.0" 404 71387 "-" "Mozilla/5.0 AppleWebKit/537.36 (KHTML, like Gecko; compatible; ClaudeBot/1.0; +claudebot@anthropic.com)"
216.73.216.217 - - [06/Apr/2026:08:40:21 -0400] "GET /special/938614256.shtml HTTP/2.0" 404 71387 "-" "Mozilla/5.0 AppleWebKit/537.36 (KHTML, like Gecko; compatible; ClaudeBot/1.0; +claudebot@anthropic.com)"
216.73.216.217 - - [06/Apr/2026:08:40:23 -0400] "GET /special/4033453556.shtml HTTP/2.0" 404 71387 "-" "Mozilla/5.0 AppleWebKit/537.36 (KHTML, like Gecko; compatible; ClaudeBot/1.0; +claudebot@anthropic.com)"
216.73.216.217 - - [06/Apr/2026:08:40:26 -0400] "GET /special/3760965353.shtml HTTP/2.0" 404 71387 "-" "Mozilla/5.0 AppleWebKit/537.36 (KHTML, like Gecko; compatible; ClaudeBot/1.0; +claudebot@anthropic.com)"
216.73.216.217 - - [06/Apr/2026:08:40:28 -0400] "GET /special/3077036140.shtml HTTP/2.0" 404 71387 "-" "Mozilla/5.0 AppleWebKit/537.36 (KHTML, like Gecko; compatible; ClaudeBot/1.0; +claudebot@anthropic.com)"
154.22.0.130 - - [06/Apr/2026:08:40:26 -0400] "GET /2025/05/19/jocuri-pacanele-demo/ HTTP/1.1" 200 392806 "-" "Mozilla/5.0 (compatible; Googlebot/2.1; +http://www.google.com/bot.html)"
216.73.216.217 - - [06/Apr/2026:08:40:30 -0400] "GET /special/2113266144.shtml HTTP/2.0" 404 71387 "-" "Mozilla/5.0 AppleWebKit/537.36 (KHTML, like Gecko; compatible; ClaudeBot/1.0; +claudebot@anthropic.com)"
216.73.216.217 - - [06/Apr/2026:08:40:32 -0400] "GET /special/3864887337.shtml HTTP/2.0" 404 71387 "-" "Mozilla/5.0 AppleWebKit/537.36 (KHTML, like Gecko; compatible; ClaudeBot/1.0; +claudebot@anthropic.com)"
216.73.216.217 - - [06/Apr/2026:08:40:34 -0400] "GET /special/3361134043.shtml HTTP/2.0" 404 71387 "-" "Mozilla/5.0 AppleWebKit/537.36 (KHTML, like Gecko; compatible; ClaudeBot/1.0; +claudebot@anthropic.com)"
216.73.216.217 - - [06/Apr/2026:08:40:36 -0400] "GET /special/1061679599.shtml HTTP/2.0" 404 71387 "-" "Mozilla/5.0 AppleWebKit/537.36 (KHTML, like Gecko; compatible; ClaudeBot/1.0; +claudebot@anthropic.com)"
216.73.216.217 - - [06/Apr/2026:08:40:39 -0400] "GET /special/840222634.shtml HTTP/2.0" 404 71387 "-" "Mozilla/5.0 AppleWebKit/537.36 (KHTML, like Gecko; compatible; ClaudeBot/1.0; +claudebot@anthropic.com)"
216.73.216.217 - - [06/Apr/2026:08:40:41 -0400] "GET /special/3967940193.shtml HTTP/2.0" 404 71387 "-" "Mozilla/5.0 AppleWebKit/537.36 (KHTML, like Gecko; compatible; ClaudeBot/1.0; +claudebot@anthropic.com)"
216.73.216.217 - - [06/Apr/2026:08:40:43 -0400] "GET /special/3584568000.shtml HTTP/2.0" 404 71387 "-" "Mozilla/5.0 AppleWebKit/537.36 (KHTML, like Gecko; compatible; ClaudeBot/1.0; +claudebot@anthropic.com)"
216.73.216.217 - - [06/Apr/2026:08:40:45 -0400] "GET /special/779311186.shtml HTTP/2.0" 404 71387 "-" "Mozilla/5.0 AppleWebKit/537.36 (KHTML, like Gecko; compatible; ClaudeBot/1.0; +claudebot@anthropic.com)"
148.113.130.88 - - [06/Apr/2026:08:40:46 -0400] "GET /2025/03/28/el-impacto-de-los-juegos-de-distribuidores-en-5/ HTTP/2.0" 200 79050 "-" "Mozilla/5.0 (compatible; AhrefsBot/7.0; +http://ahrefs.com/robot/)"
216.73.216.217 - - [06/Apr/2026:08:40:47 -0400] "GET /special/1089806907.shtml HTTP/2.0" 404 71387 "-" "Mozilla/5.0 AppleWebKit/537.36 (KHTML, like Gecko; compatible; ClaudeBot/1.0; +claudebot@anthropic.com)"
216.73.216.217 - - [06/Apr/2026:08:40:50 -0400] "GET /special/3237707422.shtml HTTP/2.0" 404 71387 "-" "Mozilla/5.0 AppleWebKit/537.36 (KHTML, like Gecko; compatible; ClaudeBot/1.0; +claudebot@anthropic.com)"
74.91.222.204 - - [06/Apr/2026:08:40:50 -0400] "POST /wp-cron.php?doing_wp_cron=1775479250.9246230125427246093750 HTTP/1.1" 200 - "-" "WordPress/6.9.4; https://dartdocs.app"
98.98.33.7 - - [06/Apr/2026:08:40:50 -0400] "POST /xmlrpc.php HTTP/1.1" 200 180 "-" "Mozilla/5.0 (Windows NT 10.0; Win64; x64) AppleWebKit/537.36 (KHTML, like Gecko) Chrome/114.0.0.0 Safari/537.36"
216.73.216.217 - - [06/Apr/2026:08:40:52 -0400] "GET /special/2557323835.shtml HTTP/2.0" 404 71387 "-" "Mozilla/5.0 AppleWebKit/537.36 (KHTML, like Gecko; compatible; ClaudeBot/1.0; +claudebot@anthropic.com)"
216.73.216.217 - - [06/Apr/2026:08:40:54 -0400] "GET /special/2592542792.shtml HTTP/2.0" 404 71387 "-" "Mozilla/5.0 AppleWebKit/537.36 (KHTML, like Gecko; compatible; ClaudeBot/1.0; +claudebot@anthropic.com)"
216.73.216.217 - - [06/Apr/2026:08:40:56 -0400] "GET /special/2340037708.shtml HTTP/2.0" 404 71387 "-" "Mozilla/5.0 AppleWebKit/537.36 (KHTML, like Gecko; compatible; ClaudeBot/1.0; +claudebot@anthropic.com)"
98.98.33.7 - - [06/Apr/2026:08:40:57 -0400] "POST /xmlrpc.php HTTP/1.1" 200 11967 "-" "Mozilla/5.0 (Windows NT 10.0; Win64; x64) AppleWebKit/537.36 (KHTML, like Gecko) Chrome/114.0.0.0 Safari/537.36"
216.73.216.217 - - [06/Apr/2026:08:40:58 -0400] "GET /special/1863976173.shtml HTTP/2.0" 404 71387 "-" "Mozilla/5.0 AppleWebKit/537.36 (KHTML, like Gecko; compatible; ClaudeBot/1.0; +claudebot@anthropic.com)"
98.98.33.7 - - [06/Apr/2026:08:40:59 -0400] "GET /2026/04/06/espressione-casino-online-book-of-ra-magic-pubblicitario-snai-2026-vocabolario-bonus-snai-fino-a-3-000/ HTTP/1.1" 200 83006 "-" "Mozilla/5.0 (Windows NT 10.0; Win64; x64) AppleWebKit/537.36 (KHTML, like Gecko) Chrome/109.0.0.0 Safari/537.36"
216.73.216.217 - - [06/Apr/2026:08:41:00 -0400] "GET /special/2946889511.shtml HTTP/2.0" 404 71387 "-" "Mozilla/5.0 AppleWebKit/537.36 (KHTML, like Gecko; compatible; ClaudeBot/1.0; +claudebot@anthropic.com)"
216.73.216.217 - - [06/Apr/2026:08:41:03 -0400] "GET /special/3453209272.shtml HTTP/2.0" 404 71387 "-" "Mozilla/5.0 AppleWebKit/537.36 (KHTML, like Gecko; compatible; ClaudeBot/1.0; +claudebot@anthropic.com)"
45.125.245.129 - - [06/Apr/2026:08:41:05 -0400] "GET /2025/05/19/casino-portimao/ HTTP/1.1" 200 77845 "-" "Mozilla/5.0 (X11; Fedora; Linux x86_64; rv:114.0) Gecko/20100101 Firefox/114.0"
74.91.222.204 - - [06/Apr/2026:08:41:08 -0400] "POST /wp-cron.php?doing_wp_cron=1775479268.3453938961029052734375 HTTP/1.1" 200 - "-" "WordPress/6.9.4; https://dartdocs.app"
216.73.216.217 - - [06/Apr/2026:08:41:07 -0400] "GET /special/4168042038.shtml HTTP/2.0" 404 71387 "-" "Mozilla/5.0 AppleWebKit/537.36 (KHTML, like Gecko; compatible; ClaudeBot/1.0; +claudebot@anthropic.com)"
216.73.216.217 - - [06/Apr/2026:08:41:11 -0400] "GET /special/1242163865.shtml HTTP/2.0" 404 71387 "-" "Mozilla/5.0 AppleWebKit/537.36 (KHTML, like Gecko; compatible; ClaudeBot/1.0; +claudebot@anthropic.com)"
195.26.250.114 - - [06/Apr/2026:08:41:13 -0400] "GET /wp-login.php HTTP/2.0" 404 35683 "-" "Mozilla/5.0 (Windows NT 6.3; WOW64; Trident/7.0; Touch; MALCJS; rv:11.0) like Gecko"
216.73.216.217 - - [06/Apr/2026:08:41:13 -0400] "GET /special/1941852419.shtml HTTP/2.0" 404 71387 "-" "Mozilla/5.0 AppleWebKit/537.36 (KHTML, like Gecko; compatible; ClaudeBot/1.0; +claudebot@anthropic.com)"
216.73.216.217 - - [06/Apr/2026:08:41:15 -0400] "GET /special/131705039.shtml HTTP/2.0" 404 71387 "-" "Mozilla/5.0 AppleWebKit/537.36 (KHTML, like Gecko; compatible; ClaudeBot/1.0; +claudebot@anthropic.com)"
216.73.216.217 - - [06/Apr/2026:08:41:18 -0400] "GET /special/2658127514.shtml HTTP/2.0" 404 71387 "-" "Mozilla/5.0 AppleWebKit/537.36 (KHTML, like Gecko; compatible; ClaudeBot/1.0; +claudebot@anthropic.com)"
216.73.216.217 - - [06/Apr/2026:08:41:20 -0400] "GET /special/1625291953.shtml HTTP/2.0" 404 71387 "-" "Mozilla/5.0 AppleWebKit/537.36 (KHTML, like Gecko; compatible; ClaudeBot/1.0; +claudebot@anthropic.com)"
216.73.216.217 - - [06/Apr/2026:08:41:22 -0400] "GET /special/2638153057.shtml HTTP/2.0" 404 71387 "-" "Mozilla/5.0 AppleWebKit/537.36 (KHTML, like Gecko; compatible; ClaudeBot/1.0; +claudebot@anthropic.com)"
216.73.216.217 - - [06/Apr/2026:08:41:24 -0400] "GET /special/1929931238.shtml HTTP/2.0" 404 71387 "-" "Mozilla/5.0 AppleWebKit/537.36 (KHTML, like Gecko; compatible; ClaudeBot/1.0; +claudebot@anthropic.com)"
216.73.216.217 - - [06/Apr/2026:08:41:26 -0400] "GET /special/1898932438.shtml HTTP/2.0" 404 71387 "-" "Mozilla/5.0 AppleWebKit/537.36 (KHTML, like Gecko; compatible; ClaudeBot/1.0; +claudebot@anthropic.com)"
216.73.216.217 - - [06/Apr/2026:08:41:29 -0400] "GET /special/3731116314.shtml HTTP/2.0" 404 71387 "-" "Mozilla/5.0 AppleWebKit/537.36 (KHTML, like Gecko; compatible; ClaudeBot/1.0; +claudebot@anthropic.com)"
216.73.216.217 - - [06/Apr/2026:08:41:31 -0400] "GET /special/2745789099.shtml HTTP/2.0" 404 71387 "-" "Mozilla/5.0 AppleWebKit/537.36 (KHTML, like Gecko; compatible; ClaudeBot/1.0; +claudebot@anthropic.com)"
216.73.216.217 - - [06/Apr/2026:08:41:33 -0400] "GET /special/1527591568.shtml HTTP/2.0" 404 71387 "-" "Mozilla/5.0 AppleWebKit/537.36 (KHTML, like Gecko; compatible; ClaudeBot/1.0; +claudebot@anthropic.com)"
216.73.216.217 - - [06/Apr/2026:08:41:35 -0400] "GET /special/3435052359.shtml HTTP/2.0" 404 71387 "-" "Mozilla/5.0 AppleWebKit/537.36 (KHTML, like Gecko; compatible; ClaudeBot/1.0; +claudebot@anthropic.com)"
216.73.216.217 - - [06/Apr/2026:08:41:37 -0400] "GET /special/3829924230.shtml HTTP/2.0" 404 71387 "-" "Mozilla/5.0 AppleWebKit/537.36 (KHTML, like Gecko; compatible; ClaudeBot/1.0; +claudebot@anthropic.com)"
216.73.216.217 - - [06/Apr/2026:08:41:40 -0400] "GET /special/2089383179.shtml HTTP/2.0" 404 71387 "-" "Mozilla/5.0 AppleWebKit/537.36 (KHTML, like Gecko; compatible; ClaudeBot/1.0; +claudebot@anthropic.com)"
216.73.216.217 - - [06/Apr/2026:08:41:42 -0400] "GET /special/1580016885.shtml HTTP/2.0" 404 71387 "-" "Mozilla/5.0 AppleWebKit/537.36 (KHTML, like Gecko; compatible; ClaudeBot/1.0; +claudebot@anthropic.com)"
216.73.216.217 - - [06/Apr/2026:08:41:44 -0400] "GET /special/1533555962.shtml HTTP/2.0" 404 71387 "-" "Mozilla/5.0 AppleWebKit/537.36 (KHTML, like Gecko; compatible; ClaudeBot/1.0; +claudebot@anthropic.com)"
216.73.216.217 - - [06/Apr/2026:08:41:46 -0400] "GET /special/1320498815.shtml HTTP/2.0" 404 71387 "-" "Mozilla/5.0 AppleWebKit/537.36 (KHTML, like Gecko; compatible; ClaudeBot/1.0; +claudebot@anthropic.com)"
216.73.216.217 - - [06/Apr/2026:08:41:48 -0400] "GET /robots.txt HTTP/2.0" 200 77 "-" "Mozilla/5.0 AppleWebKit/537.36 (KHTML, like Gecko; compatible; ClaudeBot/1.0; +claudebot@anthropic.com)"
216.73.216.217 - - [06/Apr/2026:08:41:48 -0400] "GET /special/2077685920.shtml HTTP/2.0" 404 71387 "-" "Mozilla/5.0 AppleWebKit/537.36 (KHTML, like Gecko; compatible; ClaudeBot/1.0; +claudebot@anthropic.com)"
15.235.96.81 - - [06/Apr/2026:08:41:48 -0400] "GET /2026/03/14/os-14-melhores-casinos-online-sobre-portugal-dezembro-2025/ HTTP/2.0" 200 86540 "-" "Mozilla/5.0 (compatible; AhrefsBot/7.0; +http://ahrefs.com/robot/)"
216.73.216.217 - - [06/Apr/2026:08:41:50 -0400] "GET /special/2757658468.shtml HTTP/2.0" 404 71387 "-" "Mozilla/5.0 AppleWebKit/537.36 (KHTML, like Gecko; compatible; ClaudeBot/1.0; +claudebot@anthropic.com)"
216.73.216.217 - - [06/Apr/2026:08:41:53 -0400] "GET /special/2868666860.shtml HTTP/2.0" 404 71387 "-" "Mozilla/5.0 AppleWebKit/537.36 (KHTML, like Gecko; compatible; ClaudeBot/1.0; +claudebot@anthropic.com)"
216.73.216.217 - - [06/Apr/2026:08:41:55 -0400] "GET /special/4171711239.shtml HTTP/2.0" 404 71387 "-" "Mozilla/5.0 AppleWebKit/537.36 (KHTML, like Gecko; compatible; ClaudeBot/1.0; +claudebot@anthropic.com)"
216.73.216.217 - - [06/Apr/2026:08:41:57 -0400] "GET /special/3819121307.shtml HTTP/2.0" 404 71387 "-" "Mozilla/5.0 AppleWebKit/537.36 (KHTML, like Gecko; compatible; ClaudeBot/1.0; +claudebot@anthropic.com)"
216.73.216.217 - - [06/Apr/2026:08:41:59 -0400] "GET /special/1528002416.shtml HTTP/2.0" 404 71387 "-" "Mozilla/5.0 AppleWebKit/537.36 (KHTML, like Gecko; compatible; ClaudeBot/1.0; +claudebot@anthropic.com)"
216.73.216.217 - - [06/Apr/2026:08:42:02 -0400] "GET /special/3794715939.shtml HTTP/2.0" 404 71387 "-" "Mozilla/5.0 AppleWebKit/537.36 (KHTML, like Gecko; compatible; ClaudeBot/1.0; +claudebot@anthropic.com)"
216.73.216.217 - - [06/Apr/2026:08:42:05 -0400] "GET /special/3181638038.shtml HTTP/2.0" 404 71387 "-" "Mozilla/5.0 AppleWebKit/537.36 (KHTML, like Gecko; compatible; ClaudeBot/1.0; +claudebot@anthropic.com)"
74.91.222.204 - - [06/Apr/2026:08:42:08 -0400] "POST /wp-cron.php?doing_wp_cron=1775479328.2386250495910644531250 HTTP/1.1" 200 - "-" "WordPress/6.9.4; https://dartdocs.app"
216.73.216.217 - - [06/Apr/2026:08:42:07 -0400] "GET /special/4214863991.shtml HTTP/2.0" 404 71387 "-" "Mozilla/5.0 AppleWebKit/537.36 (KHTML, like Gecko; compatible; ClaudeBot/1.0; +claudebot@anthropic.com)"
216.73.216.217 - - [06/Apr/2026:08:42:09 -0400] "GET /special/2454458939.shtml HTTP/2.0" 404 71387 "-" "Mozilla/5.0 AppleWebKit/537.36 (KHTML, like Gecko; compatible; ClaudeBot/1.0; +claudebot@anthropic.com)"
216.73.216.217 - - [06/Apr/2026:08:42:11 -0400] "GET /special/1515483649.shtml HTTP/2.0" 404 71387 "-" "Mozilla/5.0 AppleWebKit/537.36 (KHTML, like Gecko; compatible; ClaudeBot/1.0; +claudebot@anthropic.com)"
216.73.216.217 - - [06/Apr/2026:08:42:14 -0400] "GET /special/1233452939.shtml HTTP/2.0" 404 71387 "-" "Mozilla/5.0 AppleWebKit/537.36 (KHTML, like Gecko; compatible; ClaudeBot/1.0; +claudebot@anthropic.com)"
216.73.216.217 - - [06/Apr/2026:08:42:16 -0400] "GET /special/1356931588.shtml HTTP/2.0" 404 71387 "-" "Mozilla/5.0 AppleWebKit/537.36 (KHTML, like Gecko; compatible; ClaudeBot/1.0; +claudebot@anthropic.com)"
216.73.216.217 - - [06/Apr/2026:08:42:18 -0400] "GET /special/2417338503.shtml HTTP/2.0" 404 71387 "-" "Mozilla/5.0 AppleWebKit/537.36 (KHTML, like Gecko; compatible; ClaudeBot/1.0; +claudebot@anthropic.com)"
216.73.216.217 - - [06/Apr/2026:08:42:20 -0400] "GET /special/2616416386.shtml HTTP/2.0" 404 71387 "-" "Mozilla/5.0 AppleWebKit/537.36 (KHTML, like Gecko; compatible; ClaudeBot/1.0; +claudebot@anthropic.com)"
216.73.216.217 - - [06/Apr/2026:08:42:22 -0400] "GET /special/3805233773.shtml HTTP/2.0" 404 71387 "-" "Mozilla/5.0 AppleWebKit/537.36 (KHTML, like Gecko; compatible; ClaudeBot/1.0; +claudebot@anthropic.com)"
216.73.216.217 - - [06/Apr/2026:08:42:25 -0400] "GET /special/162760538.shtml HTTP/2.0" 404 71387 "-" "Mozilla/5.0 AppleWebKit/537.36 (KHTML, like Gecko; compatible; ClaudeBot/1.0; +claudebot@anthropic.com)"
216.73.216.217 - - [06/Apr/2026:08:42:27 -0400] "GET /special/2036211231.shtml HTTP/2.0" 404 71387 "-" "Mozilla/5.0 AppleWebKit/537.36 (KHTML, like Gecko; compatible; ClaudeBot/1.0; +claudebot@anthropic.com)"
216.73.216.217 - - [06/Apr/2026:08:42:29 -0400] "GET /special/552288539.shtml HTTP/2.0" 404 71387 "-" "Mozilla/5.0 AppleWebKit/537.36 (KHTML, like Gecko; compatible; ClaudeBot/1.0; +claudebot@anthropic.com)"
216.73.216.217 - - [06/Apr/2026:08:42:31 -0400] "GET /special/1538885312.shtml HTTP/2.0" 404 71387 "-" "Mozilla/5.0 AppleWebKit/537.36 (KHTML, like Gecko; compatible; ClaudeBot/1.0; +claudebot@anthropic.com)"
216.73.216.217 - - [06/Apr/2026:08:42:36 -0400] "GET /special/3868711578.shtml HTTP/2.0" 404 71387 "-" "Mozilla/5.0 AppleWebKit/537.36 (KHTML, like Gecko; compatible; ClaudeBot/1.0; +claudebot@anthropic.com)"
144.217.67.195 - - [06/Apr/2026:08:42:39 -0400] "GET /2025/06/04/mobile-pokies-australia-instant-withdrawal/ HTTP/1.1" 200 79937 "https://dartdocs.app/" "Mozilla/5.0 (Macintosh; Intel Mac OS X 12_5) AppleWebKit/537.36 (KHTML, like Gecko) Chrome/114.0.0.0 Safari/537.36 Edg/114.0.1264.71"
216.73.216.217 - - [06/Apr/2026:08:42:39 -0400] "GET /special/3009245001.shtml HTTP/2.0" 404 71387 "-" "Mozilla/5.0 AppleWebKit/537.36 (KHTML, like Gecko; compatible; ClaudeBot/1.0; +claudebot@anthropic.com)"
144.217.67.195 - - [06/Apr/2026:08:42:42 -0400] "GET /wp-content/plugins/heroic-table-of-contents/dist/blocks.style.build.css?ver=1768254467 HTTP/1.1" 200 9461 "https://dartdocs.app/2025/06/04/mobile-pokies-australia-instant-withdrawal/" "Mozilla/5.0 (Windows NT 10.0; Win64; x64) AppleWebKit/537.36 (KHTML, like Gecko) Chrome/143.0.0.0 Safari/537.36"
216.73.216.217 - - [06/Apr/2026:08:42:41 -0400] "GET /special/4043721939.shtml HTTP/2.0" 404 71387 "-" "Mozilla/5.0 AppleWebKit/537.36 (KHTML, like Gecko; compatible; ClaudeBot/1.0; +claudebot@anthropic.com)"
144.217.67.195 - - [06/Apr/2026:08:42:43 -0400] "GET /wp-includes/css/dist/components/style.min.css?ver=6.9.4 HTTP/1.1" 200 100222 "https://dartdocs.app/2025/06/04/mobile-pokies-australia-instant-withdrawal/" "Mozilla/5.0 (Windows NT 10.0; Win64; x64) AppleWebKit/537.36 (KHTML, like Gecko) Chrome/143.0.0.0 Safari/537.36"
144.217.67.195 - - [06/Apr/2026:08:42:44 -0400] "GET /wp-includes/css/dist/preferences/style.min.css?ver=6.9.4 HTTP/1.1" 200 1003 "https://dartdocs.app/2025/06/04/mobile-pokies-australia-instant-withdrawal/" "Mozilla/5.0 (Windows NT 10.0; Win64; x64) AppleWebKit/537.36 (KHTML, like Gecko) Chrome/143.0.0.0 Safari/537.36"
216.73.216.217 - - [06/Apr/2026:08:42:44 -0400] "GET /special/63913916.shtml HTTP/2.0" 404 71387 "-" "Mozilla/5.0 AppleWebKit/537.36 (KHTML, like Gecko; compatible; ClaudeBot/1.0; +claudebot@anthropic.com)"
144.217.67.195 - - [06/Apr/2026:08:42:45 -0400] "GET /wp-includes/css/dist/block-editor/style.min.css?ver=6.9.4 HTTP/1.1" 200 118932 "https://dartdocs.app/2025/06/04/mobile-pokies-australia-instant-withdrawal/" "Mozilla/5.0 (Windows NT 10.0; Win64; x64) AppleWebKit/537.36 (KHTML, like Gecko) Chrome/143.0.0.0 Safari/537.36"
144.217.67.195 - - [06/Apr/2026:08:42:46 -0400] "GET /wp-includes/css/dist/reusable-blocks/style.min.css?ver=6.9.4 HTTP/1.1" 200 579 "https://dartdocs.app/2025/06/04/mobile-pokies-australia-instant-withdrawal/" "Mozilla/5.0 (Windows NT 10.0; Win64; x64) AppleWebKit/537.36 (KHTML, like Gecko) Chrome/143.0.0.0 Safari/537.36"
216.73.216.217 - - [06/Apr/2026:08:42:46 -0400] "GET /special/1739535192.shtml HTTP/2.0" 404 71387 "-" "Mozilla/5.0 AppleWebKit/537.36 (KHTML, like Gecko; compatible; ClaudeBot/1.0; +claudebot@anthropic.com)"
144.217.67.195 - - [06/Apr/2026:08:42:47 -0400] "GET /wp-includes/css/dist/patterns/style.min.css?ver=6.9.4 HTTP/1.1" 200 1810 "https://dartdocs.app/2025/06/04/mobile-pokies-australia-instant-withdrawal/" "Mozilla/5.0 (Windows NT 10.0; Win64; x64) AppleWebKit/537.36 (KHTML, like Gecko) Chrome/143.0.0.0 Safari/537.36"
144.217.67.195 - - [06/Apr/2026:08:42:48 -0400] "GET /wp-includes/css/dist/editor/style.min.css?ver=6.9.4 HTTP/1.1" 200 59559 "https://dartdocs.app/2025/06/04/mobile-pokies-australia-instant-withdrawal/" "Mozilla/5.0 (Windows NT 10.0; Win64; x64) AppleWebKit/537.36 (KHTML, like Gecko) Chrome/143.0.0.0 Safari/537.36"
216.73.216.217 - - [06/Apr/2026:08:42:48 -0400] "GET /special/1023392751.shtml HTTP/2.0" 404 71387 "-" "Mozilla/5.0 AppleWebKit/537.36 (KHTML, like Gecko; compatible; ClaudeBot/1.0; +claudebot@anthropic.com)"
144.217.67.195 - - [06/Apr/2026:08:42:49 -0400] "GET /wp-content/plugins/ht-knowledge-base/formatting-blocks/dist/css/ht-formatting-blocks-modules-styles.css?ver=3.16.4 HTTP/1.1" 200 8026 "https://dartdocs.app/2025/06/04/mobile-pokies-australia-instant-withdrawal/" "Mozilla/5.0 (Windows NT 10.0; Win64; x64) AppleWebKit/537.36 (KHTML, like Gecko) Chrome/143.0.0.0 Safari/537.36"
144.217.67.195 - - [06/Apr/2026:08:42:50 -0400] "GET /wp-content/themes/knowall/css/style.css?ver=2.0.7 HTTP/1.1" 200 108941 "https://dartdocs.app/2025/06/04/mobile-pokies-australia-instant-withdrawal/" "Mozilla/5.0 (Windows NT 10.0; Win64; x64) AppleWebKit/537.36 (KHTML, like Gecko) Chrome/143.0.0.0 Safari/537.36"
74.91.222.204 - - [06/Apr/2026:08:42:51 -0400] "POST /wp-cron.php?doing_wp_cron=1775479371.1851921081542968750000 HTTP/1.1" 200 - "-" "WordPress/6.9.4; https://dartdocs.app"
98.98.33.7 - - [06/Apr/2026:08:42:50 -0400] "POST /xmlrpc.php HTTP/1.1" 200 180 "-" "Mozilla/5.0 (Windows NT 10.0; Win64; x64) AppleWebKit/537.36 (KHTML, like Gecko) Chrome/114.0.0.0 Safari/537.36"
216.73.216.217 - - [06/Apr/2026:08:42:50 -0400] "GET /special/2810391115.shtml HTTP/2.0" 404 71387 "-" "Mozilla/5.0 AppleWebKit/537.36 (KHTML, like Gecko; compatible; ClaudeBot/1.0; +claudebot@anthropic.com)"
144.217.67.195 - - [06/Apr/2026:08:42:51 -0400] "POST /wp-comments-post.php HTTP/1.1" 302 - "https://dartdocs.app/2025/06/04/mobile-pokies-australia-instant-withdrawal/" "Mozilla/5.0 (Macintosh; Intel Mac OS X 12_5) AppleWebKit/537.36 (KHTML, like Gecko) Chrome/114.0.0.0 Safari/537.36 Edg/114.0.1264.71"
216.73.216.217 - - [06/Apr/2026:08:42:52 -0400] "GET /special/1169078134.shtml HTTP/2.0" 404 71387 "-" "Mozilla/5.0 AppleWebKit/537.36 (KHTML, like Gecko; compatible; ClaudeBot/1.0; +claudebot@anthropic.com)"
144.217.67.195 - - [06/Apr/2026:08:42:53 -0400] "GET /2025/06/04/mobile-pokies-australia-instant-withdrawal/?unapproved=3322&moderation-hash=d404bb79853b41fbfd23c6e586950285 HTTP/1.1" 200 82224 "https://dartdocs.app/wp-comments-post.php" "Mozilla/5.0 (Macintosh; Intel Mac OS X 12_5) AppleWebKit/537.36 (KHTML, like Gecko) Chrome/114.0.0.0 Safari/537.36 Edg/114.0.1264.71"
216.73.216.217 - - [06/Apr/2026:08:42:54 -0400] "GET /special/1800659749.shtml HTTP/2.0" 404 71387 "-" "Mozilla/5.0 AppleWebKit/537.36 (KHTML, like Gecko; compatible; ClaudeBot/1.0; +claudebot@anthropic.com)"
54.39.203.188 - - [06/Apr/2026:08:42:55 -0400] "GET /2026/03/03/l-impact-des-casinos-sur-l-economie-locale-2/ HTTP/2.0" 200 78694 "-" "Mozilla/5.0 (compatible; AhrefsBot/7.0; +http://ahrefs.com/robot/)"
144.217.67.195 - - [06/Apr/2026:08:42:55 -0400] "GET /2025/06/04/mobile-pokies-australia-instant-withdrawal/ HTTP/1.1" 200 392872 "-" "Mozilla/5.0 (compatible; Googlebot/2.1; +http://www.google.com/bot.html)"
216.73.216.217 - - [06/Apr/2026:08:42:57 -0400] "GET /special/639167076.shtml HTTP/2.0" 404 71387 "-" "Mozilla/5.0 AppleWebKit/537.36 (KHTML, like Gecko; compatible; ClaudeBot/1.0; +claudebot@anthropic.com)"
98.98.33.7 - - [06/Apr/2026:08:42:57 -0400] "POST /xmlrpc.php HTTP/1.1" 200 12707 "-" "Mozilla/5.0 (Windows NT 10.0; Win64; x64) AppleWebKit/537.36 (KHTML, like Gecko) Chrome/114.0.0.0 Safari/537.36"
216.73.216.217 - - [06/Apr/2026:08:42:59 -0400] "GET /special/867231181.shtml HTTP/2.0" 404 71387 "-" "Mozilla/5.0 AppleWebKit/537.36 (KHTML, like Gecko; compatible; ClaudeBot/1.0; +claudebot@anthropic.com)"
98.98.33.7 - - [06/Apr/2026:08:43:00 -0400] "GET /2026/04/06/streakz-scompiglio-commento-onesta-come-ritirare-il-bonus-royalgame-di-scompiglio-guru/ HTTP/1.1" 200 83529 "-" "Mozilla/5.0 (Windows NT 10.0; Win64; x64) AppleWebKit/537.36 (KHTML, like Gecko) Chrome/122.0.0.0 Safari/537.36"
216.73.216.217 - - [06/Apr/2026:08:43:01 -0400] "GET /special/1970555079.shtml HTTP/2.0" 404 71387 "-" "Mozilla/5.0 AppleWebKit/537.36 (KHTML, like Gecko; compatible; ClaudeBot/1.0; +claudebot@anthropic.com)"
216.73.216.217 - - [06/Apr/2026:08:43:03 -0400] "GET /special/3167185400.shtml HTTP/2.0" 404 71387 "-" "Mozilla/5.0 AppleWebKit/537.36 (KHTML, like Gecko; compatible; ClaudeBot/1.0; +claudebot@anthropic.com)"
216.73.216.217 - - [06/Apr/2026:08:43:05 -0400] "GET /special/119632120.shtml HTTP/2.0" 404 71387 "-" "Mozilla/5.0 AppleWebKit/537.36 (KHTML, like Gecko; compatible; ClaudeBot/1.0; +claudebot@anthropic.com)"
74.91.222.204 - - [06/Apr/2026:08:43:08 -0400] "POST /wp-cron.php?doing_wp_cron=1775479388.7139790058135986328125 HTTP/1.1" 200 - "-" "WordPress/6.9.4; https://dartdocs.app"
216.73.216.217 - - [06/Apr/2026:08:43:08 -0400] "GET /special/1678578336.shtml HTTP/2.0" 404 71387 "-" "Mozilla/5.0 AppleWebKit/537.36 (KHTML, like Gecko; compatible; ClaudeBot/1.0; +claudebot@anthropic.com)"
216.73.216.217 - - [06/Apr/2026:08:43:10 -0400] "GET /special/2217203738.shtml HTTP/2.0" 404 71387 "-" "Mozilla/5.0 AppleWebKit/537.36 (KHTML, like Gecko; compatible; ClaudeBot/1.0; +claudebot@anthropic.com)"
216.73.216.217 - - [06/Apr/2026:08:43:12 -0400] "GET /special/2455671038.shtml HTTP/2.0" 404 71387 "-" "Mozilla/5.0 AppleWebKit/537.36 (KHTML, like Gecko; compatible; ClaudeBot/1.0; +claudebot@anthropic.com)"
216.73.216.217 - - [06/Apr/2026:08:43:14 -0400] "GET /special/4021122954.shtml HTTP/2.0" 404 71387 "-" "Mozilla/5.0 AppleWebKit/537.36 (KHTML, like Gecko; compatible; ClaudeBot/1.0; +claudebot@anthropic.com)"
216.73.216.217 - - [06/Apr/2026:08:43:16 -0400] "GET /special/1392342729.shtml HTTP/2.0" 404 71387 "-" "Mozilla/5.0 AppleWebKit/537.36 (KHTML, like Gecko; compatible; ClaudeBot/1.0; +claudebot@anthropic.com)"
188.26.218.179 - - [06/Apr/2026:08:43:18 -0400] "GET /2026/01/10/welke-preparaten-zijn-het-meest-geschikt-voor-beginners/ HTTP/1.1" 200 76195 "-" "GuzzleHttp/7"
216.73.216.217 - - [06/Apr/2026:08:43:18 -0400] "GET /special/3175080787.shtml HTTP/2.0" 404 71387 "-" "Mozilla/5.0 AppleWebKit/537.36 (KHTML, like Gecko; compatible; ClaudeBot/1.0; +claudebot@anthropic.com)"
216.73.216.217 - - [06/Apr/2026:08:43:21 -0400] "GET /special/3054246500.shtml HTTP/2.0" 404 71387 "-" "Mozilla/5.0 AppleWebKit/537.36 (KHTML, like Gecko; compatible; ClaudeBot/1.0; +claudebot@anthropic.com)"
216.73.216.217 - - [06/Apr/2026:08:43:23 -0400] "GET /special/3678938322.shtml HTTP/2.0" 404 71387 "-" "Mozilla/5.0 AppleWebKit/537.36 (KHTML, like Gecko; compatible; ClaudeBot/1.0; +claudebot@anthropic.com)"
216.73.216.217 - - [06/Apr/2026:08:43:25 -0400] "GET /special/2665887915.shtml HTTP/2.0" 404 71387 "-" "Mozilla/5.0 AppleWebKit/537.36 (KHTML, like Gecko; compatible; ClaudeBot/1.0; +claudebot@anthropic.com)"
216.73.216.217 - - [06/Apr/2026:08:43:27 -0400] "GET /special/2066370287.shtml HTTP/2.0" 404 71387 "-" "Mozilla/5.0 AppleWebKit/537.36 (KHTML, like Gecko; compatible; ClaudeBot/1.0; +claudebot@anthropic.com)"
216.73.216.217 - - [06/Apr/2026:08:43:29 -0400] "GET /special/1711155811.shtml HTTP/2.0" 404 71387 "-" "Mozilla/5.0 AppleWebKit/537.36 (KHTML, like Gecko; compatible; ClaudeBot/1.0; +claudebot@anthropic.com)"
216.73.216.217 - - [06/Apr/2026:08:43:32 -0400] "GET /special/913669413.shtml HTTP/2.0" 404 71387 "-" "Mozilla/5.0 AppleWebKit/537.36 (KHTML, like Gecko; compatible; ClaudeBot/1.0; +claudebot@anthropic.com)"
216.73.216.217 - - [06/Apr/2026:08:43:34 -0400] "GET /special/1510147444.shtml HTTP/2.0" 404 71387 "-" "Mozilla/5.0 AppleWebKit/537.36 (KHTML, like Gecko; compatible; ClaudeBot/1.0; +claudebot@anthropic.com)"
216.73.216.217 - - [06/Apr/2026:08:43:36 -0400] "GET /special/2346713777.shtml HTTP/2.0" 404 71387 "-" "Mozilla/5.0 AppleWebKit/537.36 (KHTML, like Gecko; compatible; ClaudeBot/1.0; +claudebot@anthropic.com)"
